{"id":1000,"date":"2012-03-14T18:25:25","date_gmt":"2012-03-14T17:25:25","guid":{"rendered":"http:\/\/csillagpor.hu\/remek\/programok\/?page_id=1000"},"modified":"2022-06-30T17:43:00","modified_gmt":"2022-06-30T15:43:00","slug":"syncback-screenshot","status":"publish","type":"page","link":"https:\/\/csillagpor.hu\/remek\/programok\/syncback-screenshot","title":{"rendered":"SyncBack k\u00e9perny\u0151k\u00e9pek"},"content":{"rendered":"<p><a target=\"_blank\" title=\"syncback\" href=\"\/\/csillagpor.hu\/remek\/programok\/syncback-letoltese\" rel=\"noopener noreferrer\">SyncBack biztons\u00e1gi ment\u0151 program.<\/a> Ind\u00edt\u00e1skor v\u00e1laszthatunk, hogy <a target=\"_blank\" title=\"backup\" href=\"\/\/csillagpor.hu\/remek\/programok\/adatmento-programok-backup-alkalmazasok\" rel=\"noopener noreferrer\">biztons\u00e1gi ment\u00e9s vagy szinkroniz\u00e1l\u00e1s<\/a> profilt hozunk l\u00e9tre.<br \/>\n<img decoding=\"async\" loading=\"lazy\" alt=\"SyncBack ind\u00edt\u00e1s\" src=\"\/\/cuccokhalomban.csillagpor.hu\/pict\/syncback-screenshot-1.jpg\" width=\"524\" height=\"215\" \/>\n<\/p>\n<p>Profil be\u00e1ll\u00edt\u00e1sa, forr\u00e1sk\u00f6nyvt\u00e1rak biztons\u00e1gi ment\u00e9se az alk\u00f6nyvt\u00e1rakkal. Kezd\u0151 n\u00e9zet.<br \/>\n<img decoding=\"async\" loading=\"lazy\" alt=\"SyncBack profil\" src=\"\/\/cuccokhalomban.csillagpor.hu\/pict\/syncback-screenshot-2.jpg\" width=\"712\" height=\"500\" \/>\n<\/p>\n<p>Forr\u00e1s \u00e9s c\u00e9lk\u00f6nyvt\u00e1rak megadva. Profi m\u00f3d.<br \/>\n<img decoding=\"async\" loading=\"lazy\" alt=\"SyncBack k\u00f6nyvt\u00e1rak\" src=\"\/\/cuccokhalomban.csillagpor.hu\/pict\/syncback-screenshot-3.jpg\" width=\"617\" height=\"500\" \/>\n<\/p>\n<p>Speci\u00e1lis fel\u00fcl\u00edr\u00e1si be\u00e1ll\u00edt\u00e1sok.<br \/>\n<img decoding=\"async\" loading=\"lazy\" alt=\"SyncBack fel\u00fcl\u00edr\u00e1s\" src=\"\/\/cuccokhalomban.csillagpor.hu\/pict\/syncback-screenshot-4.jpg\" width=\"616\" height=\"500\" \/>\n<\/p>\n<p>A f\u00e1jl \u00f6sszehasonl\u00edt\u00e1s be\u00e1ll\u00edt\u00e1sai.<br \/>\n<img decoding=\"async\" loading=\"lazy\" alt=\"SyncBack f\u00e1jl \u00f6sszehasonl\u00edt\u00e1s\" src=\"\/\/cuccokhalomban.csillagpor.hu\/pict\/syncback-screenshot-5.jpg\" width=\"618\" height=\"500\" \/>\n<\/p>\n<p>Profil futtat\u00e1sa el\u0151tt ind\u00edtand\u00f3 programok (pl. v\u00edrusirt\u00f3).<br \/>\n<img decoding=\"async\" loading=\"lazy\" alt=\"SyncBack ind\u00edtand\u00f3 programok\" src=\"\/\/cuccokhalomban.csillagpor.hu\/pict\/syncback-screenshot-6.jpg\" width=\"616\" height=\"500\" \/>\n<\/p>\n<p>\u00c9rtes\u00edthet emailben ha lefutott egy szinkroniz\u00e1l\u00e1s vagy ment\u00e9s.<br \/>\n<img decoding=\"async\" loading=\"lazy\" alt=\"SyncBack e-mail\" src=\"\/\/cuccokhalomban.csillagpor.hu\/pict\/syncback-screenshot-7.jpg\" width=\"616\" height=\"500\" \/>\n<\/p>\n<p>H\u00e1l\u00f3zatra \u00e9s h\u00e1l\u00f3zatr\u00f3l ment\u00e9s be\u00e1ll\u00edt\u00e1sai.<br \/>\n<img decoding=\"async\" loading=\"lazy\" alt=\"SyncBack h\u00e1l\u00f3zat\" src=\"\/\/cuccokhalomban.csillagpor.hu\/pict\/syncback-screenshot-8.jpg\" width=\"616\" height=\"500\" \/>\n<\/p>\n<p>FTP be\u00e1ll\u00edt\u00e1sok.<br \/>\n<img decoding=\"async\" loading=\"lazy\" alt=\"SyncBack FTP\" src=\"\/\/cuccokhalomban.csillagpor.hu\/pict\/syncback-screenshot-9.jpg\" width=\"617\" height=\"500\" \/>\n<\/p>\n<p>Be\u00e1ll\u00edt\u00e1sok, indul\u00e1s Windowszal.<br \/>\n<img decoding=\"async\" loading=\"lazy\" alt=\"SyncBack be\u00e1ll\u00edt\u00e1sok\" src=\"\/\/cuccokhalomban.csillagpor.hu\/pict\/syncback-screenshot-10.jpg\" width=\"789\" height=\"461\" \/><\/p>\n","protected":false},"excerpt":{"rendered":"<p>SyncBack biztons\u00e1gi ment\u0151 program. Ind\u00edt\u00e1skor v\u00e1laszthatunk, hogy biztons\u00e1gi ment\u00e9s vagy szinkroniz\u00e1l\u00e1s profilt hozunk l\u00e9tre. Profil be\u00e1ll\u00edt\u00e1sa, forr\u00e1sk\u00f6nyvt\u00e1rak biztons\u00e1gi ment\u00e9se az alk\u00f6nyvt\u00e1rakkal. Kezd\u0151 n\u00e9zet.&#46;&#46;&#46;<\/p>\n","protected":false},"author":1,"featured_media":0,"parent":0,"menu_order":0,"comment_status":"closed","ping_status":"closed","template":"","meta":{"footnotes":""},"_links":{"self":[{"href":"https:\/\/csillagpor.hu\/remek\/programok\/wp-json\/wp\/v2\/pages\/1000"}],"collection":[{"href":"https:\/\/csillagpor.hu\/remek\/programok\/wp-json\/wp\/v2\/pages"}],"about":[{"href":"https:\/\/csillagpor.hu\/remek\/programok\/wp-json\/wp\/v2\/types\/page"}],"author":[{"embeddable":true,"href":"https:\/\/csillagpor.hu\/remek\/programok\/wp-json\/wp\/v2\/users\/1"}],"replies":[{"embeddable":true,"href":"https:\/\/csillagpor.hu\/remek\/programok\/wp-json\/wp\/v2\/comments?post=1000"}],"version-history":[{"count":0,"href":"https:\/\/csillagpor.hu\/remek\/programok\/wp-json\/wp\/v2\/pages\/1000\/revisions"}],"wp:attachment":[{"href":"https:\/\/csillagpor.hu\/remek\/programok\/wp-json\/wp\/v2\/media?parent=1000"}],"curies":[{"name":"wp","href":"https:\/\/api.w.org\/{rel}","templated":true}]}}