{"id":1010,"date":"2012-03-19T22:01:33","date_gmt":"2012-03-19T21:01:33","guid":{"rendered":"http:\/\/csillagpor.hu\/remek\/programok\/?page_id=1010"},"modified":"2023-06-26T19:35:23","modified_gmt":"2023-06-26T17:35:23","slug":"gparted-screenshot","status":"publish","type":"page","link":"https:\/\/csillagpor.hu\/remek\/programok\/gparted-screenshot","title":{"rendered":"GParted k\u00e9perny\u0151k\u00e9pek"},"content":{"rendered":"<p><a target=\"_blank\" title=\"gparted\" href=\"\/\/csillagpor.hu\/remek\/programok\/gparted\" rel=\"noopener noreferrer\">GParted, Gnome Partition Manager<\/a> <a target=\"_blank\" title=\"lemez particion\u00e1l\u00f3\" href=\"\/\/csillagpor.hu\/remek\/programok\/lemez-particionalo-programok\" rel=\"noopener noreferrer\">lemez particion\u00e1l\u00f3<\/a> ind\u00edt\u00f3 men\u00fc. Automatikusan indul vagy ind\u00edthatjuk Enterrel, mi t\u00fcrelmetlenek.<br \/>\n<img decoding=\"async\" loading=\"lazy\" alt=\"GParted ind\u00edt\u00f3 men\u00fc\" src=\"\/\/cuccokhalomban.csillagpor.hu\/pict\/gparted-screenshot-1.jpg\" width=\"640\" height=\"480\" \/>\n<\/p>\n<p>A billenty\u0171zet kioszt\u00e1st v\u00e1laszthatjuk ki &#8230; mindj\u00e1rt.<br \/>\n<img decoding=\"async\" loading=\"lazy\" alt=\"GParted billenty\u0171zet\" src=\"\/\/cuccokhalomban.csillagpor.hu\/pict\/gparted-screenshot-2.jpg\" width=\"720\" height=\"400\" \/>\n<\/p>\n<p>Akkor itt qwertz &#8230;<br \/>\n<img decoding=\"async\" loading=\"lazy\" alt=\"GParted\" src=\"\/\/cuccokhalomban.csillagpor.hu\/pict\/gparted-screenshot-3.jpg\" width=\"720\" height=\"400\" \/>\n<\/p>\n<p>&#8230; \u00e9s Hungarian a magyar.<br \/>\n<img decoding=\"async\" loading=\"lazy\" alt=\"GParted magyar\" src=\"\/\/cuccokhalomban.csillagpor.hu\/pict\/gparted-screenshot-4.jpg\" width=\"720\" height=\"400\" \/>\n<\/p>\n<p>Szint\u00e9n Hungarian vagyis 13.<br \/>\n<img decoding=\"async\" loading=\"lazy\" alt=\"GParted, m\u00e9g mindig be\u00e1ll\u00edt\u00e1s...\" src=\"\/\/cuccokhalomban.csillagpor.hu\/pict\/gparted-screenshot-5.jpg\" width=\"721\" height=\"401\" \/>\n<\/p>\n<p>Itt nyomjunk egy Entert \u00e9s indul a grafikus fel\u00fclet.<br \/>\n<img decoding=\"async\" loading=\"lazy\" alt=\"GParted grafikus fel\u00fclet indul...\" src=\"\/\/cuccokhalomban.csillagpor.hu\/pict\/gparted-screenshot-6.jpg\" width=\"720\" height=\"400\" \/>\n<\/p>\n<p>A GParted elindult, f\u00fcgg\u0151 m\u0171veletek \u00e9s eszk\u00f6zinform\u00e1ci\u00f3k is megjelen\u00edtve: modell, m\u00e9ret, \u00fatvonal, part\u00edci\u00f3s t\u00e1bla, fejek, szektorok, s\u00e1vok, cilinderek, szektorm\u00e9ret &#8230;<br \/>\n<img decoding=\"async\" loading=\"lazy\" alt=\"GParted elindult\" src=\"\/\/cuccokhalomban.csillagpor.hu\/pict\/gparted-screenshot-7.jpg\" width=\"738\" height=\"500\" \/>\n<\/p>\n<p>A t\u00e1mogatott f\u00e1jlrendszerek \u00e9s az elv\u00e9gezhet\u0151 m\u0171veletek.<br \/>\n<img decoding=\"async\" loading=\"lazy\" alt=\"GParted f\u00e1jlrendszerek, m\u0171veletek\" src=\"\/\/cuccokhalomban.csillagpor.hu\/pict\/gparted-screenshot-8.jpg\" width=\"738\" height=\"500\" \/>\n<\/p>\n<p>Part\u00edci\u00f3 l\u00e9trehoz\u00e1sa vagy \u00e1tm\u00e9retez\u00e9se.<br \/>\n<img decoding=\"async\" loading=\"lazy\" alt=\"GParted, part\u00edci\u00f3 l\u00e9trehoz\u00e1sa, \u00e1tm\u00e9retez\u00e9se\" src=\"\/\/cuccokhalomban.csillagpor.hu\/pict\/gparted-screenshot-9.jpg\" width=\"740\" height=\"500\" \/>\n<\/p>\n<p>Bal fenti Exit a kikapcsol\u00f3 gomb.<br \/>\n<img decoding=\"async\" loading=\"lazy\" alt=\"GParted kikapcsol\u00e1s\" src=\"\/\/cuccokhalomban.csillagpor.hu\/pict\/gparted-screenshot-10.jpg\" width=\"739\" height=\"500\" \/><\/p>\n","protected":false},"excerpt":{"rendered":"<p><a target=\"_blank\" title=\"GParted k\u00e9perny\u0151k\u00e9pek\" href=\"\/\/csillagpor.hu\/remek\/programok\/gparted-screenshot\" rel=\"noopener noreferrer\"><img decoding=\"async\" loading=\"lazy\" alt=\"GParted\" src=\"\/\/cuccokhalomban.csillagpor.hu\/pict\/gparted-kicsi.jpg\" width=\"100\" height=\"68\" class=\"flr\" \/><\/a>GParted, Gnome Partition Manager merevlemez particion\u00e1l\u00f3 Linux boot lemez. &#8230; f\u00fcgg\u0151 m\u0171veletek \u00e9s eszk\u00f6zinform\u00e1ci\u00f3k is megjelen\u00edtve: modell, m\u00e9ret, \u00fatvonal, part\u00edci\u00f3s t\u00e1bla, fejek, szektorok, s\u00e1vok, cilinderek, szektorm\u00e9ret &#8230; Part\u00edci\u00f3 l\u00e9trehoz\u00e1sa vagy \u00e1tm\u00e9retez\u00e9se&#8230;.<\/p>\n","protected":false},"author":1,"featured_media":0,"parent":0,"menu_order":0,"comment_status":"closed","ping_status":"closed","template":"","meta":{"footnotes":""},"_links":{"self":[{"href":"https:\/\/csillagpor.hu\/remek\/programok\/wp-json\/wp\/v2\/pages\/1010"}],"collection":[{"href":"https:\/\/csillagpor.hu\/remek\/programok\/wp-json\/wp\/v2\/pages"}],"about":[{"href":"https:\/\/csillagpor.hu\/remek\/programok\/wp-json\/wp\/v2\/types\/page"}],"author":[{"embeddable":true,"href":"https:\/\/csillagpor.hu\/remek\/programok\/wp-json\/wp\/v2\/users\/1"}],"replies":[{"embeddable":true,"href":"https:\/\/csillagpor.hu\/remek\/programok\/wp-json\/wp\/v2\/comments?post=1010"}],"version-history":[{"count":0,"href":"https:\/\/csillagpor.hu\/remek\/programok\/wp-json\/wp\/v2\/pages\/1010\/revisions"}],"wp:attachment":[{"href":"https:\/\/csillagpor.hu\/remek\/programok\/wp-json\/wp\/v2\/media?parent=1010"}],"curies":[{"name":"wp","href":"https:\/\/api.w.org\/{rel}","templated":true}]}}