{"id":1013,"date":"2012-03-21T14:43:49","date_gmt":"2012-03-21T13:43:49","guid":{"rendered":"http:\/\/csillagpor.hu\/remek\/programok\/?page_id=1013"},"modified":"2022-06-30T18:24:57","modified_gmt":"2022-06-30T16:24:57","slug":"easeus-partition-master-home-edition-screenshot","status":"publish","type":"page","link":"https:\/\/csillagpor.hu\/remek\/programok\/easeus-partition-master-home-edition-screenshot","title":{"rendered":"EASEUS Partition Master Home Edition k\u00e9perny\u0151k\u00e9pek"},"content":{"rendered":"<p><a target=\"_blank\" title=\"easeus partition master\" href=\"\/\/csillagpor.hu\/remek\/programok\/easeus-partition-master\" rel=\"noopener noreferrer\">Az EASEUS Partition Master<\/a> 10.8-as verzi\u00f3t\u00f3l m\u00e1r Windows 10 kompatibilis. A telep\u00edt\u00e9s legelej\u00e9n megmutatja mivel kapunk t\u00f6bbet a Professional verzi\u00f3 megv\u00e1s\u00e1rl\u00e1s\u00e1val.<br \/>\n<img decoding=\"async\" loading=\"lazy\" alt=\"Partition Master Free telep\u00edt\u00e9s indul\" src=\"\/\/cuccokhalomban.csillagpor.hu\/pict\/easeus-partition-master-kepernyokep-1.jpg\" width=\"499\" height=\"387\" \/>\n<\/p>\n<p>Ez pedig itt m\u00e1r a 11-es verzi\u00f3 \u00fajdons\u00e1ga, 3 takar\u00edt\u00f3, optimaliz\u00e1l\u00f3 alkalmaz\u00e1s.<br \/>\n<img decoding=\"async\" loading=\"lazy\" alt=\"Partition Master Free takar\u00edt\u00e1s, optimaliz\u00e1l\u00e1s\" src=\"\/\/cuccokhalomban.csillagpor.hu\/pict\/easeus-partition-master-free-kepernyokep-3.jpg\" width=\"925\" height=\"692\" \/>\n<\/p>\n<p>Kis elemz\u00e9s ut\u00e1n ennyi t\u00f6r\u00f6lhet\u0151 f\u00e1jlt tal\u00e1lt a Junk File Cleanup.<br \/>\n<img decoding=\"async\" loading=\"lazy\" alt=\"Partition Master Free Junk File Cleanup\" src=\"\/\/cuccokhalomban.csillagpor.hu\/pict\/easeus-partition-master-free-kepernyokep-4.jpg\" width=\"925\" height=\"690\" \/>\n<\/p>\n<p>Ez pedig egy egyszer\u0171 kis t\u00f6redezetts\u00e9gmentes\u00edt\u0151.<br \/>\n<img decoding=\"async\" loading=\"lazy\" alt=\"Partition Master Free t\u00f6redezetts\u00e9gmentes\u00edt\u0151\" src=\"\/\/cuccokhalomban.csillagpor.hu\/pict\/easeus-partition-master-free-kepernyokep-5.jpg\" width=\"925\" height=\"690\" \/><\/a>\n<\/p>\n<p>Ha fent volt a g\u00e9pen egy el\u0151z\u0151 verzi\u00f3, akkor leszedi nek\u00fcnk ha akarjuk, vagy mi is megtehetj\u00fck ezt.<br \/>\n<img decoding=\"async\" loading=\"lazy\" alt=\"Partition Master Free el\u0151z\u0151 verzi\u00f3\" src=\"\/\/cuccokhalomban.csillagpor.hu\/pict\/easeus-partition-master-kepernyokep-2.jpg\" width=\"468\" height=\"173\" \/>\n<\/p>\n<p>A r\u00e9gebbi k\u00e9pek k\u00f6z\u00f6tt lentebb lehet l\u00e1tni ezt-azt, amit fel szeretne telep\u00edteni, ezek ebben a verzi\u00f3ban is benne vannak, ez\u00e9rt nem raktam ide m\u00e9g egyszer mindet, de ez pl. m\u00e1sk\u00e9pp n\u00e9z ki mint eddig &#8230;<br \/>\n<img decoding=\"async\" loading=\"lazy\" alt=\"Partition Master Free szoftverek\" src=\"\/\/cuccokhalomban.csillagpor.hu\/pict\/easeus-partition-master-kepernyokep-3.jpg\" width=\"499\" height=\"387\" \/>\n<\/p>\n<p>&#8230; ez pedig nem volt benne az el\u0151z\u0151 v\u00e1ltozatokban &#8230;<br \/>\n<img decoding=\"async\" loading=\"lazy\" alt=\"Partition Master Free \u00faj cucc\" src=\"\/\/cuccokhalomban.csillagpor.hu\/pict\/easeus-partition-master-kepernyokep-4.jpg\" width=\"499\" height=\"387\" \/>\n<\/p>\n<p>&#8230; \u00e9s ez sem.<br \/>\n<img decoding=\"async\" loading=\"lazy\" alt=\"Partition Master Free nem kell\" src=\"\/\/cuccokhalomban.csillagpor.hu\/pict\/easeus-partition-master-free-kepernyokep-1.jpg\" width=\"547\" height=\"435\" \/>\n<\/p>\n<p>\u00c9s m\u00e1r ind\u00edthatjuk is a Partition Master Free-t!<br \/>\n<img decoding=\"async\" loading=\"lazy\" alt=\"Partition Master Free indul\u00e1s\" src=\"\/\/cuccokhalomban.csillagpor.hu\/pict\/easeus-partition-master-kepernyokep-5.jpg\" width=\"637\" height=\"500\" \/>\n<\/p>\n<p>\u00cdgy n\u00e9z ki Windows 10-en.<br \/>\n<img decoding=\"async\" loading=\"lazy\" alt=\"Partition Master Free Windows 10-en\" src=\"\/\/cuccokhalomban.csillagpor.hu\/pict\/easeus-partition-master-kepernyokep-6.jpg\" width=\"670\" height=\"500\" \/>\n<\/p>\n<p>R\u00e9gebbi verzi\u00f3k:<\/p>\n<p>Az EASEUS Partition Master 10.1-es verzi\u00f3j\u00e1r\u00f3l p\u00e1r k\u00e9p. Telep\u00edt\u00e9skor elfogadjuk, hogy csak a csal\u00e1di PC-n haszn\u00e1ljuk.<br \/>\n<img decoding=\"async\" loading=\"lazy\" alt=\"Partition Master csal\u00e1di\" src=\"\/\/cuccokhalomban.csillagpor.hu\/pict\/partition-master-screenshot-1.jpg\" width=\"558\" height=\"500\" \/>\n<\/p>\n<p>Ha nem akarunk, ne csatlakozzunk a programhoz. Join&#8230;<br \/>\n<img decoding=\"async\" loading=\"lazy\" alt=\"Partition Master join\" src=\"\/\/cuccokhalomban.csillagpor.hu\/pict\/partition-master-screenshot-2.jpg\" width=\"503\" height=\"388\" \/>\n<\/p>\n<p>A Todo Backupot sem kell telep\u00edteni, ha nem akarjuk.<br \/>\n<img decoding=\"async\" loading=\"lazy\" alt=\"Partition Master Todo backup\" src=\"\/\/cuccokhalomban.csillagpor.hu\/pict\/partition-master-screenshot-3.jpg\" width=\"503\" height=\"388\" \/>\n<\/p>\n<p>Szerintem itt v\u00e1logassuk meg mit telep\u00edt\u00fcnk \u00e9s a TuneUpot ne&#8230;<br \/>\n<img decoding=\"async\" loading=\"lazy\" alt=\"Partition Master TuneUp\" src=\"\/\/cuccokhalomban.csillagpor.hu\/pict\/partition-master-screenshot-4.jpg\" width=\"503\" height=\"388\" \/>\n<\/p>\n<p>&#8230; \u00e9s a Radio Canyon se!<br \/>\n<img decoding=\"async\" loading=\"lazy\" alt=\"Partition Master  Radio\" src=\"\/\/cuccokhalomban.csillagpor.hu\/pict\/partition-master-screenshot-5.jpg\" width=\"503\" height=\"388\" \/>\n<\/p>\n<p>Itt feliratkozhatunk h\u00edrlev\u00e9lre, ha szeretn\u00e9nk, de ha csak sim\u00e1n tov\u00e1bbl\u00e9p\u00fcnk, akkor is minden rendben.<br \/>\n<img decoding=\"async\" loading=\"lazy\" alt=\"Partition Master h\u00edrlev\u00e9l\" src=\"\/\/cuccokhalomban.csillagpor.hu\/pict\/partition-master-screenshot-6.jpg\" width=\"503\" height=\"388\" \/>\n<\/p>\n<p>Itt csak az EaseUS Partition Master Free gombra \u00e9rdemes kattintani.<br \/>\n<img decoding=\"async\" loading=\"lazy\" alt=\"EaseUS Partition Master Free\" src=\"\/\/cuccokhalomban.csillagpor.hu\/pict\/partition-master-screenshot-7.jpg\" width=\"639\" height=\"500\" \/>\n<\/p>\n<p>A part\u00edci\u00f3k men\u00fc.<br \/>\n<img decoding=\"async\" loading=\"lazy\" alt=\"Partition Master Partitions\" src=\"\/\/cuccokhalomban.csillagpor.hu\/pict\/partition-master-screenshot-8.jpg\" width=\"674\" height=\"500\" \/>\n<\/p>\n<p>A k\u00fcl\u00f6nf\u00e9le var\u00e1zsl\u00f3k.<br \/>\n<img decoding=\"async\" loading=\"lazy\" alt=\"Partition Master Wizard\" src=\"\/\/cuccokhalomban.csillagpor.hu\/pict\/partition-master-screenshot-9.jpg\" width=\"674\" height=\"500\" \/>\n<\/p>\n<p>Egy\u00e9b cuccok, de ezek nem m\u0171k\u00f6dnek az ingyenes verzi\u00f3ban, azt hiszem.<br \/>\n<img decoding=\"async\" loading=\"lazy\" alt=\"Partition Master Home Edition\" src=\"\/\/cuccokhalomban.csillagpor.hu\/pict\/partition-master-screenshot-10.jpg\" width=\"674\" height=\"500\" \/>\n<\/p>\n<p>Migrate OS to SSD\/HDD wizard. \u00c1tpakolja az oprendszer\u00fcnket.<br \/>\n<img decoding=\"async\" loading=\"lazy\" alt=\"Partition Master Migrate OS\" src=\"\/\/cuccokhalomban.csillagpor.hu\/pict\/partition-master-screenshot-11.jpg\" width=\"600\" height=\"500\" \/>\n<\/p>\n<p>Partition Recovery Wizard. Rendbe teszi a part\u00edci\u00f3nkat.<br \/>\n<img decoding=\"async\" loading=\"lazy\" alt=\"Partition Master Partition Recovery\" src=\"\/\/cuccokhalomban.csillagpor.hu\/pict\/partition-master-screenshot-12.jpg\" width=\"600\" height=\"500\" \/>\n<\/p>\n<p>R\u00e9gebbi verzi\u00f3k&#8230;<\/p>\n<p><a target=\"_blank\" title=\"easeus partition master\" href=\"\/\/csillagpor.hu\/remek\/programok\/easeus-partition-master\" rel=\"noopener noreferrer\">EASEUS Partition Master Home Edition part\u00edci\u00f3 kezel\u0151<\/a>. A telep\u00edt\u00e9s v\u00e9g\u00e9n ide nem kell \u00edrni semmit, hacsak nem akarunk h\u00edrlevelet. Vagyis Finish!<br \/>\n<img decoding=\"async\" loading=\"lazy\" alt=\"EASEUS Partition Master Home Edition\" src=\"\/\/cuccokhalomban.csillagpor.hu\/pict\/easeus-partition-manager-screenshot-1.jpg\" width=\"504\" height=\"388\" \/>\n<\/p>\n<p>A Go to main screennel ind\u00edthatjuk a programot, \u00e9s ha bal lent kivessz\u00fck a pip\u00e1t, ezt nem is l\u00e1tjuk t\u00f6bbet.<br \/>\n<img decoding=\"async\" loading=\"lazy\" alt=\"EASEUS Partition Master\" src=\"\/\/cuccokhalomban.csillagpor.hu\/pict\/easeus-partition-manager-screenshot-2.jpg\" width=\"669\" height=\"500\" \/>\n<\/p>\n<p>Part\u00edci\u00f3 m\u00e1sol\u00f3 var\u00e1zsl\u00f3 m\u0171k\u00f6d\u00e9s k\u00f6zben.<br \/>\n<img decoding=\"async\" loading=\"lazy\" alt=\"EASEUS Partition Master part\u00edci\u00f3 m\u00e1sol\u00f3\" src=\"\/\/cuccokhalomban.csillagpor.hu\/pict\/easeus-partition-manager-screenshot-3.jpg\" width=\"675\" height=\"500\" \/>\n<\/p>\n<p>Part\u00edci\u00f3 \u00e1tm\u00e9retez\u00e9s illetve mozgat\u00e1s.<br \/>\n<img decoding=\"async\" loading=\"lazy\" alt=\"EASEUS Partition Master part\u00edci\u00f3 \u00e1tm\u00e9retez\u00e9s\" src=\"\/\/cuccokhalomban.csillagpor.hu\/pict\/easeus-partition-manager-screenshot-4.jpg\" width=\"675\" height=\"500\" \/>\n<\/p>\n<p>A part\u00edci\u00f3 fizikai adatai.<br \/>\n<img decoding=\"async\" loading=\"lazy\" alt=\"EASEUS Partition Master adatok\" src=\"\/\/cuccokhalomban.csillagpor.hu\/pict\/easeus-partition-manager-screenshot-5.jpg\" width=\"674\" height=\"500\" \/>\n<\/p>\n<p>F\u00e1jlrendszer ellen\u0151rz\u00e9s.<br \/>\n<img decoding=\"async\" loading=\"lazy\" alt=\"EASEUS Partition Master f\u00e1jlrendszer ellen\u0151rz\u00e9s\" src=\"\/\/cuccokhalomban.csillagpor.hu\/pict\/easeus-partition-manager-screenshot-6.jpg\" width=\"674\" height=\"500\" \/>\n<\/p>\n<p>Lemez fizikai fel\u00fclet\u00e9nek tesztje.<br \/>\n<img decoding=\"async\" loading=\"lazy\" alt=\"EASEUS Partition Master lemez teszt\" src=\"\/\/cuccokhalomban.csillagpor.hu\/pict\/easeus-partition-manager-screenshot-7.jpg\" width=\"674\" height=\"500\" \/>\n<\/p>\n<p>Lemez kl\u00f3noz\u00f3 \u00e9s rendszerlemez upgrade var\u00e1zsl\u00f3.<br \/>\n<img decoding=\"async\" loading=\"lazy\" alt=\"EASEUS Partition Master lemez kl\u00f3noz\u00f3\" src=\"\/\/cuccokhalomban.csillagpor.hu\/pict\/easeus-partition-manager-screenshot-8.jpg\" width=\"674\" height=\"500\" \/>\n<\/p>\n<p>Lemez kl\u00f3noz\u00e1s k\u00f6vetkez\u0151 l\u00e9p\u00e9se.<br \/>\n<img decoding=\"async\" loading=\"lazy\" alt=\"EASEUS Partition Master lemez kl\u00f3noz\u00e1s\" src=\"\/\/cuccokhalomban.csillagpor.hu\/pict\/easeus-partition-manager-screenshot-9.jpg\" width=\"674\" height=\"500\" \/>\n<\/p>\n<p>T\u00f6r\u00f6lt part\u00edci\u00f3 helyre\u00e1ll\u00edt\u00f3 var\u00e1zsl\u00f3.<br \/>\n<img decoding=\"async\" loading=\"lazy\" alt=\"EASEUS Partition Master t\u00f6r\u00f6lt part\u00edci\u00f3 helyre\u00e1ll\u00edt\u00f3\" src=\"\/\/cuccokhalomban.csillagpor.hu\/pict\/easeus-partition-manager-screenshot-10.jpg\" width=\"675\" height=\"500\" \/><\/p>\n","protected":false},"excerpt":{"rendered":"<p><a target=\"_blank\" title=\"EASEUS Partition Master k\u00e9perny\u0151k\u00e9pek\" href=\"\/\/csillagpor.hu\/remek\/programok\/easeus-partition-master-home-edition-screenshot\" rel=\"noopener noreferrer\"><img decoding=\"async\" loading=\"lazy\" alt=\"EASEUS Partition Master\" src=\"\/\/cuccokhalomban.csillagpor.hu\/pict\/easeus-partition-manager-kicsi.jpg\" width=\"100\" height=\"74\" class=\"flr\" \/><\/a>Az EASEUS Partition Master 10.8-as verzi\u00f3t\u00f3l m\u00e1r Windows 10 kompatibilis. A telep\u00edt\u00e9s legelej\u00e9n megmutatja mivel kapunk t\u00f6bbet a Professional verzi\u00f3 megv\u00e1s\u00e1rl\u00e1s\u00e1val. Ez pedig itt m\u00e1r a 11-es verzi\u00f3 \u00fajdons\u00e1ga, 3 takar\u00edt\u00f3, optimaliz\u00e1l\u00f3 alkalmaz\u00e1s. Kis elemz\u00e9s ut\u00e1n ennyi t\u00f6r\u00f6lhet\u0151 f\u00e1jlt tal\u00e1lt a Junk File Cleanup. Ez pedig egy egyszer\u0171 kis t\u00f6redezetts\u00e9gmentes\u00edt\u0151&#8230;.<\/p>\n","protected":false},"author":1,"featured_media":0,"parent":0,"menu_order":0,"comment_status":"closed","ping_status":"closed","template":"","meta":{"footnotes":""},"_links":{"self":[{"href":"https:\/\/csillagpor.hu\/remek\/programok\/wp-json\/wp\/v2\/pages\/1013"}],"collection":[{"href":"https:\/\/csillagpor.hu\/remek\/programok\/wp-json\/wp\/v2\/pages"}],"about":[{"href":"https:\/\/csillagpor.hu\/remek\/programok\/wp-json\/wp\/v2\/types\/page"}],"author":[{"embeddable":true,"href":"https:\/\/csillagpor.hu\/remek\/programok\/wp-json\/wp\/v2\/users\/1"}],"replies":[{"embeddable":true,"href":"https:\/\/csillagpor.hu\/remek\/programok\/wp-json\/wp\/v2\/comments?post=1013"}],"version-history":[{"count":0,"href":"https:\/\/csillagpor.hu\/remek\/programok\/wp-json\/wp\/v2\/pages\/1013\/revisions"}],"wp:attachment":[{"href":"https:\/\/csillagpor.hu\/remek\/programok\/wp-json\/wp\/v2\/media?parent=1013"}],"curies":[{"name":"wp","href":"https:\/\/api.w.org\/{rel}","templated":true}]}}