{"id":1020,"date":"2012-03-26T00:20:54","date_gmt":"2012-03-25T22:20:54","guid":{"rendered":"http:\/\/csillagpor.hu\/remek\/programok\/?page_id=1020"},"modified":"2022-06-30T17:43:39","modified_gmt":"2022-06-30T15:43:39","slug":"start8-screenshot","status":"publish","type":"page","link":"https:\/\/csillagpor.hu\/remek\/programok\/start8-screenshot","title":{"rendered":"Start8 k\u00e9perny\u0151k\u00e9pek"},"content":{"rendered":"<p>A <a target=\"_blank\" title=\"start8\" href=\"\/\/csillagpor.hu\/remek\/programok\/start8-letoltes\" rel=\"noopener noreferrer\">Start8 szoftverrel<\/a> telep\u00edt\u00e9s ut\u00e1n Windows 8-on visszakapjuk a Start Men\u00fc gombot.<br \/>\n<img decoding=\"async\" loading=\"lazy\" alt=\"Start8 Windows 8 Start men\u00fc\" src=\"\/\/cuccokhalomban.csillagpor.hu\/pict\/start8-screenshot-1.jpg\" width=\"681\" height=\"500\" \/>\n<\/p>\n<p>Keres\u00e9s az alkalmaz\u00e1sok k\u00f6z\u00f6tt.<br \/>\n<img decoding=\"async\" loading=\"lazy\" alt=\"Start8 keres\u00e9s\" src=\"\/\/cuccokhalomban.csillagpor.hu\/pict\/start8-screenshot-2.jpg\" width=\"681\" height=\"500\" \/>\n<\/p>\n<p>Az Asztal sarkai ugyan\u00fagy m\u0171k\u00f6dnek tov\u00e1bbra is, men\u00fc, d\u00e1tum, id\u0151, egyebek&#8230;<br \/>\n<img decoding=\"async\" loading=\"lazy\" alt=\"Start8 Asztal\" src=\"\/\/cuccokhalomban.csillagpor.hu\/pict\/start8-screenshot-3.jpg\" width=\"680\" height=\"500\" \/>\n<\/p>\n<p>A Stardock Start8 gombra kattintva lehet ki-be kapcsolni a Start8-at. Most ki van kapcsolva.<br \/>\n<img decoding=\"async\" loading=\"lazy\" alt=\"Start8 ki-be kapcsol\u00e1s\" src=\"\/\/cuccokhalomban.csillagpor.hu\/pict\/start8-screenshot-4.jpg\" width=\"681\" height=\"500\" \/>\n<\/p>\n<p>Jobb gombbal a Start gombra kattintva a Start8 be\u00e1ll\u00edt\u00f3 men\u00fcj\u00e9t kapjuk.<br \/>\n<img decoding=\"async\" loading=\"lazy\" alt=\"Start8 be\u00e1ll\u00edt\u00f3 men\u00fc\" src=\"\/\/cuccokhalomban.csillagpor.hu\/pict\/start8-screenshot-5.jpg\" width=\"681\" height=\"500\" \/>\n<\/p>\n<p>Lecser\u00e9lhetj\u00fck a Start men\u00fc gomb k\u00e9pet is.<br \/>\n<img decoding=\"async\" loading=\"lazy\" alt=\"Start8\" src=\"\/\/cuccokhalomban.csillagpor.hu\/pict\/start8-screenshot-6.jpg\" width=\"681\" height=\"500\" \/><\/p>\n","protected":false},"excerpt":{"rendered":"<p><a target=\"_blank\" title=\"start8 screenshot\" href=\"\/\/csillagpor.hu\/remek\/programok\/start8-screenshot\" rel=\"noopener noreferrer\"><img decoding=\"async\" loading=\"lazy\" alt=\"Start8\" src=\"\/\/cuccokhalomban.csillagpor.hu\/pict\/start8-kicsi.jpg\" width=\"100\" height=\"74\" class=\"flr\" \/><\/a>A Start8 szoftverrel telep\u00edt\u00e9s ut\u00e1n Windows 8-on visszakapjuk a Start Men\u00fc gombot. Keres\u00e9s az alkalmaz\u00e1sok k\u00f6z\u00f6tt. Az Asztal sarkai ugyan\u00fagy m\u0171k\u00f6dnek tov\u00e1bbra is, men\u00fc, d\u00e1tum, id\u0151, egyebek&#8230; A Stardock Start8 gombra kattintva lehet ki-be kapcsolni a Start8-at. Jobb gombbal a Start gombra kattintva a Start8 be\u00e1ll\u00edt\u00f3 men\u00fcj\u00e9t kapjuk&#8230;<\/p>\n","protected":false},"author":1,"featured_media":0,"parent":0,"menu_order":0,"comment_status":"closed","ping_status":"closed","template":"","meta":{"footnotes":""},"_links":{"self":[{"href":"https:\/\/csillagpor.hu\/remek\/programok\/wp-json\/wp\/v2\/pages\/1020"}],"collection":[{"href":"https:\/\/csillagpor.hu\/remek\/programok\/wp-json\/wp\/v2\/pages"}],"about":[{"href":"https:\/\/csillagpor.hu\/remek\/programok\/wp-json\/wp\/v2\/types\/page"}],"author":[{"embeddable":true,"href":"https:\/\/csillagpor.hu\/remek\/programok\/wp-json\/wp\/v2\/users\/1"}],"replies":[{"embeddable":true,"href":"https:\/\/csillagpor.hu\/remek\/programok\/wp-json\/wp\/v2\/comments?post=1020"}],"version-history":[{"count":0,"href":"https:\/\/csillagpor.hu\/remek\/programok\/wp-json\/wp\/v2\/pages\/1020\/revisions"}],"wp:attachment":[{"href":"https:\/\/csillagpor.hu\/remek\/programok\/wp-json\/wp\/v2\/media?parent=1020"}],"curies":[{"name":"wp","href":"https:\/\/api.w.org\/{rel}","templated":true}]}}