{"id":1047,"date":"2012-04-03T23:12:42","date_gmt":"2012-04-03T21:12:42","guid":{"rendered":"http:\/\/csillagpor.hu\/remek\/programok\/?page_id=1047"},"modified":"2022-06-30T18:09:44","modified_gmt":"2022-06-30T16:09:44","slug":"mixxx-screenshot","status":"publish","type":"page","link":"https:\/\/csillagpor.hu\/remek\/programok\/mixxx-screenshot","title":{"rendered":"Mixxx k\u00e9perny\u0151k\u00e9pek"},"content":{"rendered":"<p><a target=\"_blank\" title=\"Mixxx\" href=\"\/\/csillagpor.hu\/remek\/programok\/mixxx-dj-szoftver\" rel=\"noopener noreferrer\">Mixxx<\/a> <a target=\"_blank\" title=\"DJ szoftver\" href=\"\/\/csillagpor.hu\/remek\/programok\/zenelejatszo-katalogizalo-dj-szoftverek\" rel=\"noopener noreferrer\">DJ szoftver<\/a>, mp3, ogg, aiff, wav, flac, m4a, mp4 f\u00e1jlokat ind\u00edthatunk a lej\u00e1tsz\u00f3kban.<br \/>\n<img decoding=\"async\" loading=\"lazy\" alt=\"Mixxx 1\" src=\"\/\/cuccokhalomban.csillagpor.hu\/pict\/mixxx-screenshot-1.jpg\" width=\"967\" height=\"500\" \/>\n<\/p>\n<p>Fel\u00fclet be\u00e1ll\u00edt\u00e1sa, egy m\u00e1sik fel\u00fclet a h\u00e1tt\u00e9rben.<br \/>\n<img decoding=\"async\" loading=\"lazy\" alt=\"Mixxx 2\" src=\"\/\/cuccokhalomban.csillagpor.hu\/pict\/mixxx-screenshot-2.jpg\" width=\"967\" height=\"500\" \/>\n<\/p>\n<p>Bet\u00f6lt\u00f6tt k\u00f6nyvt\u00e1r, adjunk hozz\u00e1 k\u00e9t f\u00e1jlt.<br \/>\n<img decoding=\"async\" loading=\"lazy\" alt=\"Mixxx 3\" src=\"\/\/cuccokhalomban.csillagpor.hu\/pict\/mixxx-screenshot-3.jpg\" width=\"967\" height=\"500\" \/>\n<\/p>\n<p>K\u00e9t f\u00e1jl bet\u00f6ltve, belehallgatunk a jobboldaliba.<br \/>\n<img decoding=\"async\" loading=\"lazy\" alt=\"Mixxx 4\" src=\"\/\/cuccokhalomban.csillagpor.hu\/pict\/mixxx-screenshot-4.jpg\" width=\"967\" height=\"500\" \/>\n<\/p>\n<p>Elind\u00edtjuk a baloldalit, k\u00f6zben szinkroniz\u00e1ljuk a temp\u00f3t.<br \/>\n<img decoding=\"async\" loading=\"lazy\" alt=\"Mixxx 4\" src=\"\/\/cuccokhalomban.csillagpor.hu\/pict\/mixxx-screenshot-5.jpg\" width=\"967\" height=\"500\" \/>\n<\/p>\n<p>Fut a baloldali, belehallgatunk a jobba.<br \/>\n<img decoding=\"async\" loading=\"lazy\" alt=\"Mixxx 5\" src=\"\/\/cuccokhalomban.csillagpor.hu\/pict\/mixxx-screenshot-6.jpg\" width=\"966\" height=\"500\" \/>\n<\/p>\n<p>Jobb \u00e9s baloldali elind\u00edtva, mindkett\u0151 loop-ra \u00e1ll\u00edtva.<br \/>\n<img decoding=\"async\" loading=\"lazy\" alt=\"Mixxx 6\" src=\"\/\/cuccokhalomban.csillagpor.hu\/pict\/mixxx-screenshot-7.jpg\" width=\"966\" height=\"500\" \/>\n<\/p>\n<p>Bolond\u00edtsuk meg az equalizerekkel.<br \/>\n<img decoding=\"async\" loading=\"lazy\" alt=\"Mixxx 7\" src=\"\/\/cuccokhalomban.csillagpor.hu\/pict\/mixxx-screenshot-8.jpg\" width=\"966\" height=\"500\" \/>\n<\/p>\n<p>Jobboldali csatorna fejhallgat\u00f3ra \u00e1ll\u00edtva.<br \/>\n<img decoding=\"async\" loading=\"lazy\" alt=\"Mixxx 8\" src=\"\/\/cuccokhalomban.csillagpor.hu\/pict\/mixxx-screenshot-9.jpg\" width=\"966\" height=\"500\" \/><\/p>\n","protected":false},"excerpt":{"rendered":"<p>Mixxx DJ szoftver, mp3, ogg, aiff, wav, flac, m4a, mp4 f\u00e1jlokat ind\u00edthatunk a lej\u00e1tsz\u00f3kban. Fel\u00fclet be\u00e1ll\u00edt\u00e1sa, egy m\u00e1sik fel\u00fclet a h\u00e1tt\u00e9rben. Bet\u00f6lt\u00f6tt k\u00f6nyvt\u00e1r,&#46;&#46;&#46;<\/p>\n","protected":false},"author":1,"featured_media":0,"parent":0,"menu_order":0,"comment_status":"closed","ping_status":"closed","template":"","meta":{"footnotes":""},"_links":{"self":[{"href":"https:\/\/csillagpor.hu\/remek\/programok\/wp-json\/wp\/v2\/pages\/1047"}],"collection":[{"href":"https:\/\/csillagpor.hu\/remek\/programok\/wp-json\/wp\/v2\/pages"}],"about":[{"href":"https:\/\/csillagpor.hu\/remek\/programok\/wp-json\/wp\/v2\/types\/page"}],"author":[{"embeddable":true,"href":"https:\/\/csillagpor.hu\/remek\/programok\/wp-json\/wp\/v2\/users\/1"}],"replies":[{"embeddable":true,"href":"https:\/\/csillagpor.hu\/remek\/programok\/wp-json\/wp\/v2\/comments?post=1047"}],"version-history":[{"count":0,"href":"https:\/\/csillagpor.hu\/remek\/programok\/wp-json\/wp\/v2\/pages\/1047\/revisions"}],"wp:attachment":[{"href":"https:\/\/csillagpor.hu\/remek\/programok\/wp-json\/wp\/v2\/media?parent=1047"}],"curies":[{"name":"wp","href":"https:\/\/api.w.org\/{rel}","templated":true}]}}