{"id":1061,"date":"2012-04-15T14:22:40","date_gmt":"2012-04-15T12:22:40","guid":{"rendered":"http:\/\/csillagpor.hu\/remek\/programok\/?page_id=1061"},"modified":"2022-06-30T18:17:36","modified_gmt":"2022-06-30T16:17:36","slug":"hornil-stylepix-screenshot","status":"publish","type":"page","link":"https:\/\/csillagpor.hu\/remek\/programok\/hornil-stylepix-screenshot","title":{"rendered":"Hornil StylePix k\u00e9perny\u0151k\u00e9pek"},"content":{"rendered":"<p><a target=\"_blank\" title=\"hornil stylepix\" href=\"\/\/csillagpor.hu\/remek\/programok\/hornil-stylepix\" rel=\"noopener noreferrer\">Hornil StylePix<\/a> <a target=\"_blank\" href=\"\/\/csillagpor.hu\/remek\/programok\/kepszerkeszto-programok\" rel=\"noopener noreferrer\">k\u00e9pszerkeszt\u0151<\/a>, Options, a be\u00e1ll\u00edt\u00e1sok innen \u00e9rhet\u0151k el.<br \/>\n<img decoding=\"async\" loading=\"lazy\" alt=\"Hornil StylePix k\u00e9pszerkeszt\u0151\" src=\"\/\/cuccokhalomban.csillagpor.hu\/pict\/hornil-stylepix-screenshot-1.jpg\" width=\"925\" height=\"500\" \/>\n<\/p>\n<p>Nyelvi be\u00e1ll\u00edt\u00e1sok &#8211; Hungarian, hogy magyar legyen.<br \/>\n<img decoding=\"async\" loading=\"lazy\" alt=\"Hornil StylePix nyelvi be\u00e1ll\u00edt\u00e1sok\" src=\"\/\/cuccokhalomban.csillagpor.hu\/pict\/hornil-stylepix-screenshot-2.jpg\" width=\"925\" height=\"500\" \/>\n<\/p>\n<p>Alig-alig magyar nyelv\u0171, k\u00e9p kiv\u00e1g\u00e1s&#8230; illetve itt Lev\u00e1g\u00e1s be\u00e1ll\u00edt\u00e1sai<br \/>\n<img decoding=\"async\" loading=\"lazy\" alt=\"Hornil StylePix magyarul\" src=\"\/\/cuccokhalomban.csillagpor.hu\/pict\/hornil-stylepix-screenshot-3.jpg\" width=\"925\" height=\"500\" \/>\n<\/p>\n<p>Eszk\u00f6z\u00f6k, sz\u00f6veg beilleszt\u00e9se \u00e9s testreszab\u00e1sa.<br \/>\n<img decoding=\"async\" loading=\"lazy\" alt=\"Hornil StylePix eszk\u00f6z\u00f6k\" src=\"\/\/cuccokhalomban.csillagpor.hu\/pict\/hornil-stylepix-screenshot-4.jpg\" width=\"925\" height=\"500\" \/>\n<\/p>\n<p>Sz\u0171r\u0151k, sz\u00ednek. Auto szint, automatikus kontraszt, f\u00e9nyer\u0151, gamma korrekci\u00f3, stb.<br \/>\n<img decoding=\"async\" loading=\"lazy\" alt=\"Hornil StylePix sz\u0171r\u0151k\" src=\"\/\/cuccokhalomban.csillagpor.hu\/pict\/hornil-stylepix-screenshot-5.jpg\" width=\"925\" height=\"500\" \/>\n<\/p>\n<p>Sz\u0171r\u0151 eszk\u00f6zt\u00e1r, Mozaik effekt. Jobb gombbal is el\u00e9rhet\u0151k a sz\u0171r\u0151k.<br \/>\n<img decoding=\"async\" loading=\"lazy\" alt=\"Hornil StylePix sz\u0171r\u0151 eszk\u00f6zt\u00e1r\" src=\"\/\/cuccokhalomban.csillagpor.hu\/pict\/hornil-stylepix-screenshot-6.jpg\" width=\"925\" height=\"500\" \/>\n<\/p>\n<p>Radial Blur effekt, jobboldalt a nagy\u00edt\u00e1s % el\u0151be\u00e1ll\u00edt\u00e1sok.<br \/>\n<img decoding=\"async\" loading=\"lazy\" alt=\"Hornil StylePix Radial Blur\" src=\"\/\/cuccokhalomban.csillagpor.hu\/pict\/hornil-stylepix-screenshot-7.jpg\" width=\"925\" height=\"500\" \/>\n<\/p>\n<p>Transform &#8211; V\u00edzszintes, f\u00fcgg\u0151leges t\u00fckr\u00f6z\u00e9s.<br \/>\n<img decoding=\"async\" loading=\"lazy\" alt=\"Hornil StylePix Transform\" src=\"\/\/cuccokhalomban.csillagpor.hu\/pict\/hornil-stylepix-screenshot-8.jpg\" width=\"925\" height=\"500\" \/>\n<\/p>\n<p>V\u00edzszintesen t\u00fckr\u00f6zve a k\u00e9p, jobboldal a hisztogram.<br \/>\n<img decoding=\"async\" loading=\"lazy\" alt=\"Hornil StylePix t\u00fckr\u00f6z\u00e9s\" src=\"\/\/cuccokhalomban.csillagpor.hu\/pict\/hornil-stylepix-screenshot-9.jpg\" width=\"925\" height=\"500\" \/>\n<\/p>\n<p>Teljes k\u00e9perny\u0151s szerkeszt\u00e9s.<br \/>\n<img decoding=\"async\" loading=\"lazy\" alt=\"Hornil StylePix teljes k\u00e9perny\u0151\" src=\"\/\/cuccokhalomban.csillagpor.hu\/pict\/hornil-stylepix-screenshot-10.jpg\" width=\"965\" height=\"500\" \/><\/p>\n","protected":false},"excerpt":{"rendered":"<p><a target=\"_blank\" title=\"Hornil StylePix k\u00e9perny\u0151k\u00e9pek\" href=\"\/\/csillagpor.hu\/remek\/programok\/hornil-stylepix-screenshot\" rel=\"noopener noreferrer\"><img decoding=\"async\" loading=\"lazy\" alt=\"Hornil StylePix\" src=\"\/\/cuccokhalomban.csillagpor.hu\/pict\/hornil-stylepix-kicsi.jpg\" width=\"100\" height=\"54\" class=\"flr\" \/><\/a>Hornil StylePix, Options, a be\u00e1ll\u00edt\u00e1sok innen \u00e9rhet\u0151k el. Nyelvi be\u00e1ll\u00edt\u00e1sok &#8211; Hungarian, hogy magyar legyen. Alig-alig magyar nyelv\u0171, k\u00e9p kiv\u00e1g\u00e1s&#8230; illetve itt Lev\u00e1g\u00e1s be\u00e1ll\u00edt\u00e1sai, eszk\u00f6z\u00f6k, sz\u00f6veg beilleszt\u00e9se \u00e9s testreszab\u00e1sa. Sz\u0171r\u0151k, sz\u00ednek. Auto szint, automatikus kontraszt, f\u00e9nyer\u0151, gamma korrekci\u00f3, stb. Sz\u0171r\u0151 eszk\u00f6zt\u00e1r, Mozaik effekt. Jobb gombbal is el\u00e9rhet\u0151k a sz\u0171r\u0151k. Radial Blur effekt, jobboldalt a nagy\u00edt\u00e1s % el\u0151be\u00e1ll\u00edt\u00e1sok&#8230;<\/p>\n","protected":false},"author":1,"featured_media":0,"parent":0,"menu_order":0,"comment_status":"closed","ping_status":"closed","template":"","meta":{"footnotes":""},"_links":{"self":[{"href":"https:\/\/csillagpor.hu\/remek\/programok\/wp-json\/wp\/v2\/pages\/1061"}],"collection":[{"href":"https:\/\/csillagpor.hu\/remek\/programok\/wp-json\/wp\/v2\/pages"}],"about":[{"href":"https:\/\/csillagpor.hu\/remek\/programok\/wp-json\/wp\/v2\/types\/page"}],"author":[{"embeddable":true,"href":"https:\/\/csillagpor.hu\/remek\/programok\/wp-json\/wp\/v2\/users\/1"}],"replies":[{"embeddable":true,"href":"https:\/\/csillagpor.hu\/remek\/programok\/wp-json\/wp\/v2\/comments?post=1061"}],"version-history":[{"count":0,"href":"https:\/\/csillagpor.hu\/remek\/programok\/wp-json\/wp\/v2\/pages\/1061\/revisions"}],"wp:attachment":[{"href":"https:\/\/csillagpor.hu\/remek\/programok\/wp-json\/wp\/v2\/media?parent=1061"}],"curies":[{"name":"wp","href":"https:\/\/api.w.org\/{rel}","templated":true}]}}