{"id":1212,"date":"2012-05-16T16:24:20","date_gmt":"2012-05-16T14:24:20","guid":{"rendered":"http:\/\/csillagpor.hu\/remek\/programok\/?page_id=1212"},"modified":"2022-06-30T18:27:22","modified_gmt":"2022-06-30T16:27:22","slug":"comodo-firewall-screenshot","status":"publish","type":"page","link":"https:\/\/csillagpor.hu\/remek\/programok\/comodo-firewall-screenshot","title":{"rendered":"Comodo Firewall k\u00e9perny\u0151k\u00e9pek"},"content":{"rendered":"<p><a target=\"_blank\" title=\"comodo firewall\" href=\"\/\/csillagpor.hu\/remek\/programok\/comodo-firewall\" rel=\"noopener noreferrer\">Comodo Firewall<\/a>, a telep\u00edt\u00e9s elej\u00e9n d\u00f6nthet\u00fcnk, hogy \u00e1t\u00e1ll\u00edtjuk e a DNS kiszolg\u00e1l\u00f3 be\u00e1ll\u00edt\u00e1sunkat \u00e9s k\u00fcld\u00fcnk e programokat felh\u0151 alap\u00fa viselked\u00e9s elemz\u00e9sre.<br \/>\n<img decoding=\"async\" loading=\"lazy\" alt=\"Comodo Firewall DNS kiszolg\u00e1l\u00f3\" src=\"\/\/cuccokhalomban.csillagpor.hu\/pict\/comodo-firewall-screenshot-1.jpg\" width=\"563\" height=\"500\" \/><\/p>\n<p>A <a target=\"_blank\" href=\"\/\/csillagpor.hu\/remek\/programok\/tuzfal-programok\" rel=\"noopener noreferrer\">t\u0171zfal<\/a> telep\u00edt\u00e9s\u00e9nek finomhangol\u00e1sa, kell e nek\u00fcnk GeekBuddy&#8230;<br \/>\n<img decoding=\"async\" loading=\"lazy\" alt=\"Comodo Firewall t\u0171zfal\" src=\"\/\/cuccokhalomban.csillagpor.hu\/pict\/comodo-firewall-screenshot-2.jpg\" width=\"563\" height=\"500\" \/>\n<\/p>\n<p> &#8230;\u00e9s biztons\u00e1gos Dragon b\u00f6ng\u00e9sz\u0151?<br \/>\n<img decoding=\"async\" loading=\"lazy\" alt=\"Comodo Firewall - Dragon b\u00f6ng\u00e9sz\u0151\" src=\"\/\/cuccokhalomban.csillagpor.hu\/pict\/comodo-firewall-screenshot-3.jpg\" width=\"563\" height=\"500\" \/>\n<\/p>\n<p>Be\u00e1ll\u00edt\u00e1sok &#8211; Defense+ enged\u00e9lyez\u00e9se \u00e9s kev\u00e9s biztons\u00e1gi k\u00e9r\u00e9s mutat\u00e1sa.<br \/>\n<img decoding=\"async\" loading=\"lazy\" alt=\"Comodo Firewall be\u00e1ll\u00edt\u00e1sok\" src=\"\/\/cuccokhalomban.csillagpor.hu\/pict\/comodo-firewall-screenshot-4.jpg\" width=\"563\" height=\"500\" \/>\n<\/p>\n<p>A t\u0171zfal mindenf\u00e9le be\u00e1ll\u00edt\u00e1si \u00e9s ellen\u0151rz\u00e9si lehet\u0151s\u00e9gei.<br \/>\n<img decoding=\"async\" loading=\"lazy\" alt=\"Comodo Firewall\" src=\"\/\/cuccokhalomban.csillagpor.hu\/pict\/comodo-firewall-screenshot-5.jpg\" width=\"682\" height=\"500\" \/>\n<\/p>\n<p>T\u0171zfal viselked\u00e9s be\u00e1ll\u00edt\u00e1sai, pl. biztons\u00e1gi szint.<br \/>\n<img decoding=\"async\" loading=\"lazy\" alt=\"Comodo Firewall biztons\u00e1gi szint\" src=\"\/\/cuccokhalomban.csillagpor.hu\/pict\/comodo-firewall-screenshot-6.jpg\" width=\"666\" height=\"500\" \/>\n<\/p>\n<p>Defense+ be\u00e1ll\u00edt\u00e1sok, biztons\u00e1gi szint.<br \/>\n<img decoding=\"async\" loading=\"lazy\" alt=\"Comodo Firewall  Defense+\" src=\"\/\/cuccokhalomban.csillagpor.hu\/pict\/comodo-firewall-screenshot-7.jpg\" width=\"681\" height=\"500\" \/>\n<\/p>\n<p>V\u00e9grehajt\u00e1s vez\u00e9rl\u00e9s be\u00e1ll\u00edt\u00e1sai, v\u00e9grehajt\u00e1s-szab\u00e1lyoz\u00e1si szint.<br \/>\n<img decoding=\"async\" loading=\"lazy\" alt=\"Comodo Firewall  v\u00e9grehajt\u00e1s-szab\u00e1lyoz\u00e1s\" src=\"\/\/cuccokhalomban.csillagpor.hu\/pict\/comodo-firewall-screenshot-8.jpg\" width=\"681\" height=\"500\" \/>\n<\/p>\n<p>Sandbox biztons\u00e1gi szint &#8211; itt kikapcsolt \u00e1llapotban van.<br \/>\n<img decoding=\"async\" loading=\"lazy\" alt=\"Comodo Firewall  Sandbox\" src=\"\/\/cuccokhalomban.csillagpor.hu\/pict\/comodo-firewall-screenshot-9.jpg\" width=\"681\" height=\"500\" \/>\n<\/p>\n<p>\u00c9n le szoktam tiltani a Comodo \u00fczenetk\u00f6zpontot, vagyis nem enged\u00e9lyezem.<br \/>\n<img decoding=\"async\" loading=\"lazy\" alt=\"Comodo Firewall \u00fczenetk\u00f6zpont\" src=\"\/\/cuccokhalomban.csillagpor.hu\/pict\/comodo-firewall-screenshot-10.jpg\" width=\"679\" height=\"500\" \/><\/p>\n","protected":false},"excerpt":{"rendered":"<p>Comodo Firewall, a telep\u00edt\u00e9s elej\u00e9n d\u00f6nthet\u00fcnk, hogy \u00e1t\u00e1ll\u00edtjuk e a DNS kiszolg\u00e1l\u00f3 be\u00e1ll\u00edt\u00e1sunkat \u00e9s k\u00fcld\u00fcnk e programokat felh\u0151 alap\u00fa viselked\u00e9s elemz\u00e9sre. A t\u0171zfal&#46;&#46;&#46;<\/p>\n","protected":false},"author":1,"featured_media":0,"parent":0,"menu_order":0,"comment_status":"closed","ping_status":"closed","template":"","meta":{"footnotes":""},"_links":{"self":[{"href":"https:\/\/csillagpor.hu\/remek\/programok\/wp-json\/wp\/v2\/pages\/1212"}],"collection":[{"href":"https:\/\/csillagpor.hu\/remek\/programok\/wp-json\/wp\/v2\/pages"}],"about":[{"href":"https:\/\/csillagpor.hu\/remek\/programok\/wp-json\/wp\/v2\/types\/page"}],"author":[{"embeddable":true,"href":"https:\/\/csillagpor.hu\/remek\/programok\/wp-json\/wp\/v2\/users\/1"}],"replies":[{"embeddable":true,"href":"https:\/\/csillagpor.hu\/remek\/programok\/wp-json\/wp\/v2\/comments?post=1212"}],"version-history":[{"count":0,"href":"https:\/\/csillagpor.hu\/remek\/programok\/wp-json\/wp\/v2\/pages\/1212\/revisions"}],"wp:attachment":[{"href":"https:\/\/csillagpor.hu\/remek\/programok\/wp-json\/wp\/v2\/media?parent=1212"}],"curies":[{"name":"wp","href":"https:\/\/api.w.org\/{rel}","templated":true}]}}