{"id":1244,"date":"2012-06-26T16:41:09","date_gmt":"2012-06-26T14:41:09","guid":{"rendered":"http:\/\/csillagpor.hu\/remek\/programok\/?page_id=1244"},"modified":"2022-06-30T18:24:53","modified_gmt":"2022-06-30T16:24:53","slug":"easy-image-modifier-screenshot","status":"publish","type":"page","link":"https:\/\/csillagpor.hu\/remek\/programok\/easy-image-modifier-screenshot","title":{"rendered":"Easy Image Modifier k\u00e9perny\u0151k\u00e9pek"},"content":{"rendered":"<p>Az <a target=\"_blank\" title=\"easy image\" href=\"\/\/csillagpor.hu\/remek\/programok\/easy-image-letoltes\" rel=\"noopener noreferrer\">Easy Image Modifier<\/a> alap <a target=\"_blank\" title=\"k\u00e9pszerkeszt\u0151\" href=\"\/\/csillagpor.hu\/remek\/programok\/kepszerkeszto-programok\" rel=\"noopener noreferrer\">k\u00e9pszerkeszt\u0151, k\u00e9palak\u00edt\u00f3 m\u0171veleteket v\u00e9gz\u0151 program<\/a> ind\u00edt\u00e1sa ut\u00e1n v\u00e1lasszuk ki az \u00e1talak\u00edtand\u00f3 k\u00e9peinket!<br \/>\n<img decoding=\"async\" loading=\"lazy\" alt=\"Easy Image Modifier - k\u00e9pszerkeszt\u0151\" src=\"\/\/cuccokhalomban.csillagpor.hu\/pict\/easy-image-modifier-screenshot-2.jpg\" width=\"585\" height=\"467\" \/>\n<\/p>\n<p>A be\u00e1ll\u00edt\u00e1saiban a nyelvn\u00e9l sajnos m\u00e9g nem tal\u00e1lunk magyart, de pl. be\u00e1ll\u00edthatjuk, hogy olvassa e az Exif adatokat a bet\u00f6lt\u00f6tt k\u00e9pb\u0151l..<br \/>\n<img decoding=\"async\" loading=\"lazy\" alt=\"Easy Image Modifier - be\u00e1ll\u00edt\u00e1sok\" src=\"\/\/cuccokhalomban.csillagpor.hu\/pict\/easy-image-modifier-screenshot-3.jpg\" width=\"585\" height=\"468\" \/>\n<\/p>\n<p>K\u00e9pek bet\u00f6ltve, jobboldalt b\u00e9lyegk\u00e9p n\u00e9zet.<br \/>\n<img decoding=\"async\" loading=\"lazy\" alt=\"Easy Image Modifier - b\u00e9lyegk\u00e9p\" src=\"\/\/cuccokhalomban.csillagpor.hu\/pict\/easy-image-modifier-screenshot-4.jpg\" width=\"720\" height=\"468\" \/>\n<\/p>\n<p>Elforgat\u00e1s jobbra-balra 90 \u00e9s 180 fokban, t\u00fckr\u00f6z\u00e9s f\u00fcgg\u0151legesen \u00e9s v\u00edzszintesen.<br \/>\n<img decoding=\"async\" loading=\"lazy\" alt=\"Easy Image Modifier - forgat\u00e1s, t\u00fckr\u00f6z\u00e9s\" src=\"\/\/cuccokhalomban.csillagpor.hu\/pict\/easy-image-modifier-screenshot-5.jpg\" width=\"720\" height=\"468\" \/>\n<\/p>\n<p>\u00c1tm\u00e9retez\u00e9s pixelek megad\u00e1s\u00e1val&#8230;<br \/>\n<img decoding=\"async\" loading=\"lazy\" alt=\"Easy Image Modifier - \u00e1tm\u00e9retez\u00e9s\" src=\"\/\/cuccokhalomban.csillagpor.hu\/pict\/easy-image-modifier-screenshot-6.jpg\" width=\"719\" height=\"468\" \/>\n<\/p>\n<p>&#8230;vagy sz\u00e1zal\u00e9kosan.<br \/>\n<img decoding=\"async\" loading=\"lazy\" alt=\"Easy Image Modifier - sz\u00e1zal\u00e9k\" src=\"\/\/cuccokhalomban.csillagpor.hu\/pict\/easy-image-modifier-screenshot-7.jpg\" width=\"720\" height=\"468\" \/>\n<\/p>\n<p>Akarunk e sz\u00ednes vagy feh\u00e9r keretet k\u00e9p\u00fcnk k\u00f6r\u00e9?<br \/>\n<img decoding=\"async\" loading=\"lazy\" alt=\"Easy Image Modifier - keret\" src=\"\/\/cuccokhalomban.csillagpor.hu\/pict\/easy-image-modifier-screenshot-8.jpg\" width=\"720\" height=\"468\" \/>\n<\/p>\n<p>Sz\u00f6veges v\u00edzjel hozz\u00e1ad\u00e1sa a k\u00e9phez.<br \/>\n<img decoding=\"async\" loading=\"lazy\" alt=\"Easy Image Modifier - v\u00edzjel\" src=\"\/\/cuccokhalomban.csillagpor.hu\/pict\/easy-image-modifier-screenshot-9.jpg\" width=\"720\" height=\"468\" \/>\n<\/p>\n<p>A megadott m\u0171veletek ut\u00e1n sorba rendezi a k\u00e9peket, ha akarjuk.<br \/>\n<img decoding=\"async\" loading=\"lazy\" alt=\"Easy Image Modifier - rendez\u00e9s\" src=\"\/\/cuccokhalomban.csillagpor.hu\/pict\/easy-image-modifier-screenshot-10.jpg\" width=\"586\" height=\"468\" \/>\n<\/p>\n<p>Meta inform\u00e1ci\u00f3k elt\u00e1vol\u00edt\u00e1sa a k\u00e9pb\u0151l \u00e9s f\u00e1jl d\u00e1tum \u00e9s id\u0151 megad\u00e1sa.<br \/>\n<img decoding=\"async\" loading=\"lazy\" alt=\"Easy Image Modifier - d\u00e1tum\" src=\"\/\/cuccokhalomban.csillagpor.hu\/pict\/easy-image-modifier-screenshot-11.jpg\" width=\"585\" height=\"468\" \/>\n<\/p>\n<p>T\u00f6m\u00f6r\u00edt\u00e9s \u00e9s k\u00e9pmin\u0151s\u00e9g be\u00e1ll\u00edt\u00e1s.<br \/>\n<img decoding=\"async\" loading=\"lazy\" alt=\"Easy Image Modifier - min\u0151s\u00e9g\" src=\"\/\/cuccokhalomban.csillagpor.hu\/pict\/easy-image-modifier-screenshot-12.jpg\" width=\"585\" height=\"468\" \/>\n<\/p>\n<p>JPG \u00e9s PNG vesztes\u00e9ges t\u00f6m\u00f6r\u00edt\u00e9s \u00e9s BMP vesztes\u00e9gmentes lehets\u00e9ges.<br \/>\n<img decoding=\"async\" loading=\"lazy\" alt=\"Easy Image Modifier - jpg, bmp, png\" src=\"\/\/cuccokhalomban.csillagpor.hu\/pict\/easy-image-modifier-screenshot-13.jpg\" width=\"585\" height=\"468\" \/>\n<\/p>\n<p>\u00c1tnevez\u00e9s sablonok szerint.<br \/>\n<img decoding=\"async\" loading=\"lazy\" alt=\"Easy Image Modifier - \u00e1tnevez\u00e9s\" src=\"\/\/cuccokhalomban.csillagpor.hu\/pict\/easy-image-modifier-screenshot-14.jpg\" width=\"585\" height=\"468\" \/>\n<\/p>\n<p>A k\u00e9sz f\u00e1jlok hely\u00e9nek megad\u00e1sa.<br \/>\n<img decoding=\"async\" loading=\"lazy\" alt=\"Easy Image Modifier - \u00fatvonal\" src=\"\/\/cuccokhalomban.csillagpor.hu\/pict\/easy-image-modifier-screenshot-15.jpg\" width=\"586\" height=\"466\" \/><\/p>\n","protected":false},"excerpt":{"rendered":"<p>Az Easy Image Modifier alap k\u00e9pszerkeszt\u0151, k\u00e9palak\u00edt\u00f3 m\u0171veleteket v\u00e9gz\u0151 program ind\u00edt\u00e1sa ut\u00e1n v\u00e1lasszuk ki az \u00e1talak\u00edtand\u00f3 k\u00e9peinket! A be\u00e1ll\u00edt\u00e1saiban a nyelvn\u00e9l sajnos m\u00e9g&#46;&#46;&#46;<\/p>\n","protected":false},"author":1,"featured_media":0,"parent":0,"menu_order":0,"comment_status":"closed","ping_status":"closed","template":"","meta":{"footnotes":""},"_links":{"self":[{"href":"https:\/\/csillagpor.hu\/remek\/programok\/wp-json\/wp\/v2\/pages\/1244"}],"collection":[{"href":"https:\/\/csillagpor.hu\/remek\/programok\/wp-json\/wp\/v2\/pages"}],"about":[{"href":"https:\/\/csillagpor.hu\/remek\/programok\/wp-json\/wp\/v2\/types\/page"}],"author":[{"embeddable":true,"href":"https:\/\/csillagpor.hu\/remek\/programok\/wp-json\/wp\/v2\/users\/1"}],"replies":[{"embeddable":true,"href":"https:\/\/csillagpor.hu\/remek\/programok\/wp-json\/wp\/v2\/comments?post=1244"}],"version-history":[{"count":0,"href":"https:\/\/csillagpor.hu\/remek\/programok\/wp-json\/wp\/v2\/pages\/1244\/revisions"}],"wp:attachment":[{"href":"https:\/\/csillagpor.hu\/remek\/programok\/wp-json\/wp\/v2\/media?parent=1244"}],"curies":[{"name":"wp","href":"https:\/\/api.w.org\/{rel}","templated":true}]}}