{"id":1255,"date":"2012-07-04T11:37:40","date_gmt":"2012-07-04T09:37:40","guid":{"rendered":"http:\/\/csillagpor.hu\/remek\/programok\/?page_id=1255"},"modified":"2022-06-30T18:17:16","modified_gmt":"2022-06-30T16:17:16","slug":"hwinfo-screenshot","status":"publish","type":"page","link":"https:\/\/csillagpor.hu\/remek\/programok\/hwinfo-screenshot","title":{"rendered":"HWiNFO k\u00e9perny\u0151k\u00e9pek"},"content":{"rendered":"<p>Ez a <a target=\"_blank\" title=\"hwinfo32\" href=\"\/\/csillagpor.hu\/remek\/programok\/hwinfo32\" rel=\"noopener noreferrer\">HWiNFO32<\/a> <a target=\"_blank\" title=\"hardver\" href=\"\/\/csillagpor.hu\/remek\/programok\/hardver-figyelo-programok\" rel=\"noopener noreferrer\">rendszer elemz\u0151<\/a>, de a HWiNFO64 is pont ugyanilyen, els\u0151 ind\u00edt\u00e1skor konfigur\u00e1lhatjuk is.<br \/>\n<img decoding=\"async\" loading=\"lazy\" alt=\"HWiNFO32, HWiNFO64\" src=\"\/\/cuccokhalomban.csillagpor.hu\/pict\/hwinfo-screenshot-1.jpg\" width=\"278\" height=\"149\" \/>\n<\/p>\n<p>Felhaszn\u00e1l\u00f3i fel\u00fclet, jelenjen meg minden \u00e9s friss\u00fclj\u00f6n automatikusan. Windows 8.<br \/>\n<img decoding=\"async\" loading=\"lazy\" alt=\"HWiNFO32 fel\u00fclet\" src=\"\/\/cuccokhalomban.csillagpor.hu\/pict\/hwinfo-screenshot-2.jpg\" width=\"517\" height=\"331\" \/>\n<\/p>\n<p>IDE meghajt\u00f3 keres\u00e9s, lehet biztons\u00e1gos vagy alacsony-szint\u0171 c\u00edmz\u00e9s, lehet pl. biztons\u00e1gosan keresni a potenci\u00e1lisan probl\u00e9m\u00e1s PCI meghajt\u00f3kat \u00e9s egyebek &#8230;<br \/>\n<img decoding=\"async\" loading=\"lazy\" alt=\"HWiNFO keres\u00e9s\" src=\"\/\/cuccokhalomban.csillagpor.hu\/pict\/hwinfo-screenshot-3.jpg\" width=\"517\" height=\"331\" \/>\n<\/p>\n<p>SMBus t\u00e1mogat\u00e1s, ki-be.<br \/>\n<img decoding=\"async\" loading=\"lazy\" alt=\"HWiNFO SMBus\" src=\"\/\/cuccokhalomban.csillagpor.hu\/pict\/hwinfo-screenshot-4.jpg\" width=\"517\" height=\"331\" \/>\n<\/p>\n<p>A fentiek ut\u00e1n nem indult a program, mert virtu\u00e1lis g\u00e9pre akartam feler\u0151szakolni, ez m\u00e1r egy m\u00e1sik gyeng\u00e9bb g\u00e9p, Windows XP-n. Minden fontos jellemz\u0151 egyben.<br \/>\n<img decoding=\"async\" loading=\"lazy\" alt=\"HWiNFO32\" src=\"\/\/cuccokhalomban.csillagpor.hu\/pict\/hwinfo-screenshot-5.jpg\" width=\"838\" height=\"510\" \/>\n<\/p>\n<p>A processzor adatai, azonos\u00edt\u00f3, m\u00e1rkan\u00e9v, k\u00f3d n\u00e9v, platform, CPU magok \u00e9s m\u00e9g sok minden.<br \/>\n<img decoding=\"async\" loading=\"lazy\" alt=\"HWiNFO CPU\" src=\"\/\/cuccokhalomban.csillagpor.hu\/pict\/hwinfo-screenshot-6.jpg\" width=\"856\" height=\"500\" \/>\n<\/p>\n<p>BIOS adatai, Hewlett-Packard, BIOS verzi\u00f3, kiad\u00e1si d\u00e1tum \u00e9s m\u00e9g miket t\u00e1mogat, miket nem.<br \/>\n<img decoding=\"async\" loading=\"lazy\" alt=\"HWiNFO BIOS \" src=\"\/\/cuccokhalomban.csillagpor.hu\/pict\/hwinfo-screenshot-7.jpg\" width=\"856\" height=\"500\" \/>\n<\/p>\n<p>Ism\u00e9t a processzor 1-2 adata, pl. \u00f3rajel.<br \/>\n<img decoding=\"async\" loading=\"lazy\" alt=\"HWiNFO processzor\" src=\"\/\/cuccokhalomban.csillagpor.hu\/pict\/hwinfo-screenshot-8.jpg\" width=\"855\" height=\"500\" \/>\n<\/p>\n<p>CPU Benchmark k\u00e9sz\u00edt\u00e9se folyamatban&#8230;<br \/>\n<img decoding=\"async\" loading=\"lazy\" alt=\"HWiNFO CPU Benchmark\" src=\"\/\/cuccokhalomban.csillagpor.hu\/pict\/hwinfo-screenshot-9.jpg\" width=\"855\" height=\"500\" \/>\n<\/p>\n<p>Az eredm\u00e9ny sz\u00e1mokban, ha a Compare-re kattintunk l\u00e1thatunk egy \u00f6sszehasonl\u00edt\u00e1st, kor\u00e1bbi \u00e9s k\u00e9s\u0151bbi hardverek eredm\u00e9nyeivel.<br \/>\n<img decoding=\"async\" loading=\"lazy\" alt=\"HWiNFO \u00f6sszehasonl\u00edt\u00e1sok\" src=\"\/\/cuccokhalomban.csillagpor.hu\/pict\/hwinfo-screenshot-10.jpg\" width=\"855\" height=\"500\" \/>\n<\/p>\n<p>A pirossal jel\u00f6lt ez a g\u00e9p, sok processzor teljes\u00edt sokkal jobban.<br \/>\n<img decoding=\"async\" loading=\"lazy\" alt=\"HWiNFO\" src=\"\/\/cuccokhalomban.csillagpor.hu\/pict\/hwinfo-screenshot-11.jpg\" width=\"855\" height=\"500\" \/><\/p>\n","protected":false},"excerpt":{"rendered":"<p>Ez a HWiNFO32 rendszer elemz\u0151, de a HWiNFO64 is pont ugyanilyen, els\u0151 ind\u00edt\u00e1skor konfigur\u00e1lhatjuk is. Felhaszn\u00e1l\u00f3i fel\u00fclet, jelenjen meg minden \u00e9s friss\u00fclj\u00f6n automatikusan.&#46;&#46;&#46;<\/p>\n","protected":false},"author":1,"featured_media":0,"parent":0,"menu_order":0,"comment_status":"closed","ping_status":"closed","template":"","meta":{"footnotes":""},"_links":{"self":[{"href":"https:\/\/csillagpor.hu\/remek\/programok\/wp-json\/wp\/v2\/pages\/1255"}],"collection":[{"href":"https:\/\/csillagpor.hu\/remek\/programok\/wp-json\/wp\/v2\/pages"}],"about":[{"href":"https:\/\/csillagpor.hu\/remek\/programok\/wp-json\/wp\/v2\/types\/page"}],"author":[{"embeddable":true,"href":"https:\/\/csillagpor.hu\/remek\/programok\/wp-json\/wp\/v2\/users\/1"}],"replies":[{"embeddable":true,"href":"https:\/\/csillagpor.hu\/remek\/programok\/wp-json\/wp\/v2\/comments?post=1255"}],"version-history":[{"count":0,"href":"https:\/\/csillagpor.hu\/remek\/programok\/wp-json\/wp\/v2\/pages\/1255\/revisions"}],"wp:attachment":[{"href":"https:\/\/csillagpor.hu\/remek\/programok\/wp-json\/wp\/v2\/media?parent=1255"}],"curies":[{"name":"wp","href":"https:\/\/api.w.org\/{rel}","templated":true}]}}