{"id":1310,"date":"2012-08-07T20:26:45","date_gmt":"2012-08-07T18:26:45","guid":{"rendered":"http:\/\/csillagpor.hu\/remek\/programok\/?page_id=1310"},"modified":"2022-06-30T17:42:48","modified_gmt":"2022-06-30T15:42:48","slug":"tcp-optimizer-screenshot","status":"publish","type":"page","link":"https:\/\/csillagpor.hu\/remek\/programok\/tcp-optimizer-screenshot","title":{"rendered":"TCP Optimizer k\u00e9perny\u0151k\u00e9pek"},"content":{"rendered":"<p>A <a target=\"_blank\" title=\"tcp optimizer\" href=\"\/\/csillagpor.hu\/remek\/programok\/tcp-optimizer\" rel=\"noopener noreferrer\">TCP Optimizer<\/a> ind\u00edt\u00e1sakor figyelmeztet, hogy nem tud minden sz\u00fcks\u00e9ges v\u00e1ltoztat\u00e1st v\u00e9grehajtani, ha nem adminisztr\u00e1tork\u00e9nt futtatjuk a programot. Windows XP eset\u00e9ben adminisztr\u00e1tork\u00e9nt kell ind\u00edtani a Windowst, Vista \u00e9s Windows 7 eset\u00e9ben adminisztr\u00e1tork\u00e9nt kell futtatni, vagy a jobb klikkel el\u00e9rhet\u0151 men\u00fcb\u0151l &#8230;<br \/>\n<img decoding=\"async\" loading=\"lazy\" alt=\"TCP Optimizer futtat\u00e1s\" src=\"\/\/cuccokhalomban.csillagpor.hu\/pict\/tcp-optimizer-screenshot-1.jpg\" width=\"554\" height=\"496\" \/>\n<\/p>\n<p>&#8230; vagy a Tulajdons\u00e1gokb\u00f3l el\u00e9rhet\u0151 <span class=\"halov\">(szint\u00e9n jobb klikk)<\/span> Jogosults\u00e1gi szint be\u00e1ll\u00edt\u00e1sn\u00e1l, program futtat\u00e1sa rendszergazdak\u00e9nt. Ezt \u00edgy meg is jegyzi.<br \/>\n<img decoding=\"async\" loading=\"lazy\" alt=\"TCP Optimizer jogosults\u00e1g\" src=\"\/\/cuccokhalomban.csillagpor.hu\/pict\/tcp-optimizer-screenshot-2.jpg\" width=\"375\" height=\"516\" \/>\n<\/p>\n<p>Az alap\u00e9rtelmezett be\u00e1ll\u00edt\u00e1sok.<br \/>\n<img decoding=\"async\" loading=\"lazy\" alt=\"TCP Optimizer alap\u00e9rtelmez\u00e9s\" src=\"\/\/cuccokhalomban.csillagpor.hu\/pict\/tcp-optimizer-screenshot-3.jpg\" width=\"555\" height=\"498\" \/>\n<\/p>\n<p>\u00c1ll\u00edtsuk be a csatlakoz\u00e1si sebess\u00e9get fent a cs\u00faszk\u00e1val, n\u00e9zz\u00fck meg j\u00f3 Network Adapter van e be\u00e1ll\u00edtva lejjebb, majd \u00e1ll\u00edtsuk lent Optimal-ra, hacsak mi nem tudjuk jobban, mert akkor Custom, \u00e9s egyenk\u00e9nt \u00e1ll\u00edtgathatunk mindent.<br \/>\n<img decoding=\"async\" loading=\"lazy\" alt=\"TCP Optimizer optimal\" src=\"\/\/cuccokhalomban.csillagpor.hu\/pict\/tcp-optimizer-screenshot-4.jpg\" width=\"553\" height=\"498\" \/>\n<\/p>\n<p>Az Advanced Settings-n\u00e9l semmi dolgunk, ha Optimal a be\u00e1ll\u00edt\u00e1s, Customosok itt \u00e9lhetik ki magukat igaz\u00e1n!<br \/>\n<img decoding=\"async\" loading=\"lazy\" alt=\"TCP Optimizer be\u00e1ll\u00edt\u00e1sok\" src=\"\/\/cuccokhalomban.csillagpor.hu\/pict\/tcp-optimizer-screenshot-5.jpg\" width=\"557\" height=\"499\" \/>\n<\/p>\n<p>Ha a BDP-t szeretn\u00e9nk kisz\u00e1moltatni, \u00edrjuk be a maxim\u00e1lis el\u00e9rhet\u0151 s\u00e1vsz\u00e9less\u00e9get.<br \/>\n<img decoding=\"async\" loading=\"lazy\" alt=\"TCP Optimizer BDP\" src=\"\/\/cuccokhalomban.csillagpor.hu\/pict\/tcp-optimizer-screenshot-6.jpg\" width=\"555\" height=\"499\" \/>\n<\/p>\n<p>MTU \u00e9s Latency \u00e9rt\u00e9kek tesztel\u00e9se az itt l\u00e1that\u00f3 URL-eken kereszt\u00fcl, be\u00e1ll\u00edthat\u00f3 csomag m\u00e9rettel, tov\u00e1bb\u00e1 Trace-el\u00e9s.<br \/>\n<img decoding=\"async\" loading=\"lazy\" alt=\"TCP Optimizer MTU\/Latency\" src=\"\/\/cuccokhalomban.csillagpor.hu\/pict\/tcp-optimizer-screenshot-7.jpg\" width=\"552\" height=\"497\" \/>\n<\/p>\n<p>Ha kedv\u00fcnk t\u00e1mad k\u00f6zvetlen\u00fcl szerkeszthetj\u00fck a registry \u00e9rt\u00e9keket is, mert az el\u0151z\u0151 be\u00e1ll\u00edt\u00e1sok is ezt teszik majd.<br \/>\n<img decoding=\"async\" loading=\"lazy\" alt=\"TCP Optimizer registry\" src=\"\/\/cuccokhalomban.csillagpor.hu\/pict\/tcp-optimizer-screenshot-8.jpg\" width=\"553\" height=\"497\" \/>\n<\/p>\n<p>Az Apply changes gombra kattint\u00e1s ut\u00e1n meg kell er\u0151s\u00edten\u00fcnk, hogy ezeket a be\u00e1ll\u00edt\u00e1sokat v\u00e9grehajtjuk. Ha a Backup be van pip\u00e1lva, akkor elmenti az eredeti be\u00e1ll\u00edt\u00e1sokat.<br \/>\n<img decoding=\"async\" loading=\"lazy\" alt=\"TCP Optimizer backup\" src=\"\/\/cuccokhalomban.csillagpor.hu\/pict\/tcp-optimizer-screenshot-9.jpg\" width=\"583\" height=\"497\" \/>\n<\/p>\n<p>&#8230; \u00e9s a v\u00e9g\u00e9n egy \u00fajraind\u00edt\u00e1s, hogy minden be\u00e1ll\u00edt\u00e1s \u00e9rv\u00e9nyes\u00fclj\u00f6n.<br \/>\n<img decoding=\"async\" loading=\"lazy\" alt=\"TCP Optimizer reboot\" src=\"\/\/cuccokhalomban.csillagpor.hu\/pict\/tcp-optimizer-screenshot-10.jpg\" width=\"554\" height=\"498\" \/><\/p>\n","protected":false},"excerpt":{"rendered":"<p>A TCP Optimizer ind\u00edt\u00e1sakor figyelmeztet, hogy nem tud minden sz\u00fcks\u00e9ges v\u00e1ltoztat\u00e1st v\u00e9grehajtani, ha nem adminisztr\u00e1tork\u00e9nt futtatjuk a programot. Windows XP eset\u00e9ben adminisztr\u00e1tork\u00e9nt kell&#46;&#46;&#46;<\/p>\n","protected":false},"author":1,"featured_media":0,"parent":0,"menu_order":0,"comment_status":"closed","ping_status":"closed","template":"","meta":{"footnotes":""},"_links":{"self":[{"href":"https:\/\/csillagpor.hu\/remek\/programok\/wp-json\/wp\/v2\/pages\/1310"}],"collection":[{"href":"https:\/\/csillagpor.hu\/remek\/programok\/wp-json\/wp\/v2\/pages"}],"about":[{"href":"https:\/\/csillagpor.hu\/remek\/programok\/wp-json\/wp\/v2\/types\/page"}],"author":[{"embeddable":true,"href":"https:\/\/csillagpor.hu\/remek\/programok\/wp-json\/wp\/v2\/users\/1"}],"replies":[{"embeddable":true,"href":"https:\/\/csillagpor.hu\/remek\/programok\/wp-json\/wp\/v2\/comments?post=1310"}],"version-history":[{"count":0,"href":"https:\/\/csillagpor.hu\/remek\/programok\/wp-json\/wp\/v2\/pages\/1310\/revisions"}],"wp:attachment":[{"href":"https:\/\/csillagpor.hu\/remek\/programok\/wp-json\/wp\/v2\/media?parent=1310"}],"curies":[{"name":"wp","href":"https:\/\/api.w.org\/{rel}","templated":true}]}}