{"id":1343,"date":"2012-09-05T22:09:19","date_gmt":"2012-09-05T20:09:19","guid":{"rendered":"http:\/\/csillagpor.hu\/remek\/programok\/?page_id=1343"},"modified":"2022-06-30T18:01:36","modified_gmt":"2022-06-30T16:01:36","slug":"rednotebook-screenshot","status":"publish","type":"page","link":"https:\/\/csillagpor.hu\/remek\/programok\/rednotebook-screenshot","title":{"rendered":"RedNotebook k\u00e9perny\u0151k\u00e9pek"},"content":{"rendered":"<p><a target=\"_blank\" title=\"rednotebook\" href=\"\/\/csillagpor.hu\/remek\/programok\/rednotebook\" rel=\"noopener noreferrer\">A RedNotebook<\/a> 1.10.1-es verzi\u00f3ja. Megjelent a Form\u00e1z\u00e1s men\u00fcpont, billenty\u0171kombin\u00e1ci\u00f3kkal&#8230;<br \/>\n<img decoding=\"async\" loading=\"lazy\" alt=\"RedNotebook form\u00e1z\u00e1s\" src=\"\/\/cuccokhalomban.csillagpor.hu\/pict\/rednotebook-kepernyokep-1.jpg\" width=\"705\" height=\"500\" \/>\n<\/p>\n<p>&#8230; \u00e9s az Insert men\u00fcpont is, vagyis linkek, k\u00e9pek, stb. beilleszt\u00e9se a sz\u00f6vegbe.<br \/>\n<img decoding=\"async\" loading=\"lazy\" alt=\"RedNotebook beilleszt\u00e9s\" src=\"\/\/cuccokhalomban.csillagpor.hu\/pict\/rednotebook-kepernyokep-1.jpg\" width=\"705\" height=\"500\" \/>\n<\/p>\n<p>R\u00e9gebbi verzi\u00f3k:<\/p>\n<p><a target=\"_blank\" title=\"rednotebook\" href=\"\/\/csillagpor.hu\/remek\/programok\/rednotebook\" rel=\"noopener noreferrer\">A RedNotebook<\/a> <a target=\"_blank\" title=\"napl\u00f3\" href=\"\/\/csillagpor.hu\/remek\/programok\/feladatkezelo-naptar-jegyzetfuzet\" rel=\"noopener noreferrer\">napl\u00f3 szoftver<\/a> telep\u00edt\u00e9se ut\u00e1ni els\u0151 indul\u00e1skor \u00edgy n\u00e9z ki. Vagyis bejegyz\u00e9sek, c\u00edmk\u00e9k t\u00f6rl\u00e9s\u00e9vel \u00e9rdemes kezdeni.<br \/>\n<img decoding=\"async\" loading=\"lazy\" alt=\"RedNotebook feltelep\u00edtve\" src=\"\/\/cuccokhalomban.csillagpor.hu\/pict\/rednotebook-screenshot-1.jpg\" width=\"755\" height=\"500\" \/>\n<\/p>\n<p>A Journal men\u00fcpont &#8230; p\u00e1r verzi\u00f3val ezel\u0151tt le\u00e1llt a magyarra ford\u00edt\u00e1sa &#8230; pl. export\u00e1l\u00e1s \u00e9s statisztik\u00e1k.<br \/>\n<img decoding=\"async\" loading=\"lazy\" alt=\"RedNotebook napl\u00f3\" src=\"\/\/cuccokhalomban.csillagpor.hu\/pict\/rednotebook-screenshot-2.jpg\" width=\"755\" height=\"500\" \/>\n<\/p>\n<p>Szerkeszt\u00e9s men\u00fcpont, teljes k\u00e9perny\u0151 \u00e9s a be\u00e1ll\u00edt\u00e1sok.<br \/>\n<img decoding=\"async\" loading=\"lazy\" alt=\"RedNotebook be\u00e1ll\u00edt\u00e1sok\" src=\"\/\/cuccokhalomban.csillagpor.hu\/pict\/rednotebook-screenshot-3.jpg\" width=\"754\" height=\"500\" \/>\n<\/p>\n<p>Statisztik\u00e1k, szavak, sorok bet\u0171k, naponta \u00e9s az \u00f6sszes.<br \/>\n<img decoding=\"async\" loading=\"lazy\" alt=\"RedNotebook statisztik\u00e1k\" src=\"\/\/cuccokhalomban.csillagpor.hu\/pict\/rednotebook-screenshot-4.jpg\" width=\"755\" height=\"500\" \/>\n<\/p>\n<p>Be\u00e1ll\u00edt\u00e1sok: pakoljuk az \u00f3ra mell\u00e9, friss\u00edt\u00e9sek, bet\u0171m\u00e9ret, id\u0151 \u00e9s c\u00edmke felh\u0151 be\u00e1ll\u00edt\u00e1sok.<br \/>\n<img decoding=\"async\" loading=\"lazy\" alt=\"RedNotebook be\u00e1ll\u00edt\u00e1sok\" src=\"\/\/cuccokhalomban.csillagpor.hu\/pict\/rednotebook-screenshot-5.jpg\" width=\"755\" height=\"500\" \/>\n<\/p>\n<p>Sablonok. &#8230; \u00e9s akkor ide \u00edrom le, mert van hely, hogy l\u00e1that\u00f3 a napt\u00e1r, alatta a c\u00edmke keres\u0151, majd a c\u00edmke felh\u0151, k\u00f6z\u00e9pen a bejegyz\u00e9sek, jobbra pedig a bejegyz\u00e9sek c\u00edmke f\u00e1ba rendezve.<br \/>\n<img decoding=\"async\" loading=\"lazy\" alt=\"RedNotebook sablon\" src=\"\/\/cuccokhalomban.csillagpor.hu\/pict\/rednotebook-screenshot-6.jpg\" width=\"755\" height=\"500\" \/>\n<\/p>\n<p>K\u00e9p, f\u00e1jl, hivatkoz\u00e1s, pontozott lista, c\u00edm, sor, d\u00e1tum \u00e9s id\u0151, sort\u00f6r\u00e9s besz\u00far\u00e1sa.<br \/>\n<img decoding=\"async\" loading=\"lazy\" alt=\"RedNotebook besz\u00far\u00e1s\" src=\"\/\/cuccokhalomban.csillagpor.hu\/pict\/rednotebook-screenshot-7.jpg\" width=\"755\" height=\"500\" \/>\n<\/p>\n<p>Sz\u00f6veg form\u00e1z\u00e1sa.<br \/>\n<img decoding=\"async\" loading=\"lazy\" alt=\"RedNotebook form\u00e1z\u00e1s\" src=\"\/\/cuccokhalomban.csillagpor.hu\/pict\/rednotebook-screenshot-8.jpg\" width=\"755\" height=\"500\" \/>\n<\/p>\n<p>Hivatkoz\u00e1s besz\u00far\u00e1sa.<br \/>\n<img decoding=\"async\" loading=\"lazy\" alt=\"RedNotebook \" src=\"\/\/cuccokhalomban.csillagpor.hu\/pict\/rednotebook-screenshot-9.jpg\" width=\"755\" height=\"500\" \/>\n<\/p>\n<p>Ha r\u00e1keres\u00fcnk egy c\u00edmk\u00e9re (itt pl. a documentation), akkor l\u00e1thatjuk az \u00edgy c\u00edmk\u00e9zett napl\u00f3 bejegyz\u00e9seket.<br \/>\n<img decoding=\"async\" loading=\"lazy\" alt=\"RedNotebook c\u00edmke keres\u00e9s\" src=\"\/\/cuccokhalomban.csillagpor.hu\/pict\/rednotebook-screenshot-10.jpg\" width=\"755\" height=\"500\" \/>\n<\/p>\n<p>Besz\u00fartam mindenf\u00e9le dolgokat, most l\u00e9trehozok egy \u00faj c\u00edmk\u00e9t.<br \/>\n<img decoding=\"async\" loading=\"lazy\" alt=\"RedNotebook \u00faj c\u00edmke\" src=\"\/\/cuccokhalomban.csillagpor.hu\/pict\/rednotebook-screenshot-11.jpg\" width=\"755\" height=\"500\" \/>\n<\/p>\n<p>Az el\u0151n\u00e9zet gombra kattintva l\u00e1thatjuk a form\u00e1zott sz\u00f6veg\u00fcnket.<br \/>\n<img decoding=\"async\" loading=\"lazy\" alt=\"RedNotebook el\u0151n\u00e9zet\" src=\"\/\/cuccokhalomban.csillagpor.hu\/pict\/rednotebook-screenshot-12.jpg\" width=\"755\" height=\"500\" \/>\n<\/p>\n<p>A szerkeszt\u00e9s gombra kattintva pedig visszat\u00e9rhet\u00fcnk a szerkeszt\u00e9shez.<br \/>\n<img decoding=\"async\" loading=\"lazy\" alt=\"RedNotebook szerkeszt\u00e9s\" src=\"\/\/cuccokhalomban.csillagpor.hu\/pict\/rednotebook-screenshot-13.jpg\" width=\"755\" height=\"500\" \/><\/p>\n","protected":false},"excerpt":{"rendered":"<p><a target=\"_blank\" title=\"RedNotebook k\u00e9perny\u0151k\u00e9pek\" href=\"\/\/csillagpor.hu\/remek\/programok\/rednotebook-screenshot\" rel=\"noopener noreferrer\"><img decoding=\"async\" loading=\"lazy\" alt=\"RedNotebook\" src=\"\/\/cuccokhalomban.csillagpor.hu\/pict\/rednotebook-kicsi.jpg\" width=\"100\" height=\"66\" class=\"flr\" \/><\/a>RedNotebook k\u00e9perny\u0151k\u00e9pek. Megjelent a Form\u00e1z\u00e1s men\u00fcpont, billenty\u0171kombin\u00e1ci\u00f3kkal, \u00e9s az Insert men\u00fcpont is, vagyis linkek, k\u00e9pek, stb. beilleszt\u00e9se a sz\u00f6vegbe. A napl\u00f3 szoftver telep\u00edt\u00e9se ut\u00e1ni els\u0151 indul\u00e1skor \u00edgy n\u00e9z ki. Vagyis bejegyz\u00e9sek, c\u00edmk\u00e9k t\u00f6rl\u00e9s\u00e9vel \u00e9rdemes kezdeni. A Journal men\u00fcpont &#8230; p\u00e1r verzi\u00f3val ezel\u0151tt le\u00e1llt a magyarra ford\u00edt\u00e1sa &#8230; pl. export\u00e1l\u00e1s \u00e9s statisztik\u00e1k&#8230;<\/p>\n","protected":false},"author":1,"featured_media":0,"parent":0,"menu_order":0,"comment_status":"closed","ping_status":"closed","template":"","meta":{"footnotes":""},"_links":{"self":[{"href":"https:\/\/csillagpor.hu\/remek\/programok\/wp-json\/wp\/v2\/pages\/1343"}],"collection":[{"href":"https:\/\/csillagpor.hu\/remek\/programok\/wp-json\/wp\/v2\/pages"}],"about":[{"href":"https:\/\/csillagpor.hu\/remek\/programok\/wp-json\/wp\/v2\/types\/page"}],"author":[{"embeddable":true,"href":"https:\/\/csillagpor.hu\/remek\/programok\/wp-json\/wp\/v2\/users\/1"}],"replies":[{"embeddable":true,"href":"https:\/\/csillagpor.hu\/remek\/programok\/wp-json\/wp\/v2\/comments?post=1343"}],"version-history":[{"count":0,"href":"https:\/\/csillagpor.hu\/remek\/programok\/wp-json\/wp\/v2\/pages\/1343\/revisions"}],"wp:attachment":[{"href":"https:\/\/csillagpor.hu\/remek\/programok\/wp-json\/wp\/v2\/media?parent=1343"}],"curies":[{"name":"wp","href":"https:\/\/api.w.org\/{rel}","templated":true}]}}