{"id":1374,"date":"2012-10-02T20:44:18","date_gmt":"2012-10-02T18:44:18","guid":{"rendered":"http:\/\/csillagpor.hu\/remek\/programok\/?page_id=1374"},"modified":"2022-06-30T17:42:26","modified_gmt":"2022-06-30T15:42:26","slug":"torbrowser-screenshot","status":"publish","type":"page","link":"https:\/\/csillagpor.hu\/remek\/programok\/torbrowser-screenshot","title":{"rendered":"Tor Browser k\u00e9perny\u0151k\u00e9pek"},"content":{"rendered":"<p><a target=\"_blank\" title=\"Tor Browser\" href=\"\/\/csillagpor.hu\/remek\/programok\/torbrowser\" rel=\"noopener noreferrer\">A Tor Browser<\/a> telep\u00edt\u00e9se k\u00f6zben megadhatjuk, hogy hov\u00e1 ker\u00fclj\u00f6n, ezt \u00e9rdemes megjegyezni, f\u0151leg ha hordozhat\u00f3nak szeretn\u00e9nk haszn\u00e1lni, mert ezt a mapp\u00e1t b\u00e1rhov\u00e1 m\u00e1solva m\u0171k\u00f6dni fog.<br \/>\n<img decoding=\"async\" loading=\"lazy\" alt=\"Tor Browser telep\u00edt\u00e9s\" src=\"\/\/cuccokhalomban.csillagpor.hu\/pict\/tor-browser-kepernyokepek-6.jpg\" width=\"499\" height=\"388\" \/>\n<\/p>\n<p>Itt a Connectre kell kattintani, hogy csatlakozzon a Tor h\u00e1l\u00f3zathoz, ennek le kell futnia a b\u00f6ng\u00e9sz\u0151 indul\u00e1sa el\u0151tt. Kattinthatunk a Configure-ra is, ez esetben is ugyanaz lesz a v\u00e9ge, csak finomhangolhatjuk egy picit &#8230;<br \/>\n<img decoding=\"async\" loading=\"lazy\" alt=\"Tor Browser csatlakoz\u00e1s\" src=\"\/\/cuccokhalomban.csillagpor.hu\/pict\/tor-browser-kepernyokepek-7.jpg\" width=\"610\" height=\"524\" \/>\n<\/p>\n<p>&#8230; pl.. blokkolja e b\u00e1rhogy a szolg\u00e1ltat\u00f3 az internetkapcsolatot? Alap\u00e9rtelmez\u00e9sben nem, ez \u00fagy gondolom ma Magyarorsz\u00e1gon \u00edgy maradhat.<br \/>\n<img decoding=\"async\" loading=\"lazy\" alt=\"Tor Browser blokkol e a szolg\u00e1ltat\u00f3\" src=\"\/\/cuccokhalomban.csillagpor.hu\/pict\/tor-browser-kepernyokepek-8.jpg\" width=\"610\" height=\"524\" \/>\n<\/p>\n<p>\u00c1ltal\u00e1ban otthonr\u00f3l nem haszn\u00e1lunk proxyt, \u00edgy maradhat No, de k\u00f6zint\u00e9zm\u00e9nyek eset\u00e9ben ha tudjuk, hogy sz\u00fcks\u00e9ges, vagy nem tudjuk, de megn\u00e9zz\u00fck az Internet be\u00e1ll\u00edt\u00e1sokban, hogy be van \u00e1ll\u00edtva, akkor Yes a v\u00e1lasz.<br \/>\n<img decoding=\"async\" loading=\"lazy\" alt=\"Tor Browser proxy be\u00e1ll\u00edt\u00e1sok\" src=\"\/\/cuccokhalomban.csillagpor.hu\/pict\/tor-browser-kepernyokepek-9.jpg\" width=\"610\" height=\"524\" \/>\n<\/p>\n<p>Elindult a Tor Browser, most a jobb fels\u0151 Open security settingsre kell kattintani, \u00e9s be\u00e1ll\u00edtani egy magasabb biztons\u00e1gi szintet, mert alap\u00e9rtelmez\u00e9sben gyakorlatilag ki van kapcsolva a Tor.<br \/>\n<img decoding=\"async\" loading=\"lazy\" alt=\"Tor Browser biztons\u00e1gi szint n\u00f6vel\u00e9s\" src=\"\/\/cuccokhalomban.csillagpor.hu\/pict\/tor-browser-kepernyokepek-10.jpg\" width=\"730\" height=\"594\" \/>\n<\/p>\n<p>Ez az alap, az alacsony szint, itt minden b\u00f6ng\u00e9sz\u0151 tulajdons\u00e1g enged\u00e9lyezve van, csak fent a pip\u00e1kkal be van kapcsolva egy p\u00e1r v\u00e9delem, pl. priv\u00e1t m\u00f3dban indul a b\u00f6ng\u00e9sz\u0151, le vannak tiltva a pluginek, pl. Flash, k\u00f6vet\u0151 s\u00fctik, sat\u00f6bbik &#8230;<br \/>\n<img decoding=\"async\" loading=\"lazy\" alt=\"Tor Browser alacsony v\u00e9delmi szint\" src=\"\/\/cuccokhalomban.csillagpor.hu\/pict\/tor-browser-kepernyokepek-11.jpg\" width=\"507\" height=\"480\" \/>\n<\/p>\n<p>K\u00f6zepes v\u00e9delmi szint alja, itt m\u00e1r vannak bizonyos Java \u00e9s JavaScript tilt\u00e1sok, \u00edgy vannak nem m\u0171k\u00f6d\u0151 vagy lassabban m\u0171k\u00f6d\u0151 weboldal elemek is. A HTML5 m\u00e9di\u00e1k csak kattint\u00e1sra, csak a NoScripten kereszt\u00fcl enged\u00e9lyezhet\u0151k.<br \/>\n<img decoding=\"async\" loading=\"lazy\" alt=\"Tor Browser Java, JavaScript\" src=\"\/\/cuccokhalomban.csillagpor.hu\/pict\/tor-browser-kepernyokepek-12.jpg\" width=\"507\" height=\"480\" \/>\n<\/p>\n<p>K\u00f6zepes v\u00e9delmi szint teteje &#8230; vagy j\u00f3 k\u00f6zepes :). Ugyanaz mint az el\u0151z\u0151, plusz bizonyos font renderel\u00e9si tulajdons\u00e1gok tiltva, JavaScript nem HTTPS oldalakon tiltva.<br \/>\n<img decoding=\"async\" loading=\"lazy\" alt=\"Tor Browser magasabb szint\u0171 tilt\u00e1sok\" src=\"\/\/cuccokhalomban.csillagpor.hu\/pict\/tor-browser-kepernyokepek-13.jpg\" width=\"507\" height=\"480\" \/>\n<\/p>\n<p>Itt m\u00e1r minden JavaScript tiltott, s\u0151t bizonyos t\u00edpus\u00fa k\u00e9pf\u00e1jlok is, term\u00e9szetesen a t\u00f6bbi el\u0151z\u0151 mellett.<br \/>\n<img decoding=\"async\" loading=\"lazy\" alt=\"Tor Browser legmagasabb szint\u0171 tilt\u00e1sok\" src=\"\/\/cuccokhalomban.csillagpor.hu\/pict\/tor-browser-kepernyokepek-14.jpg\" width=\"507\" height=\"498\" \/>\n<\/p>\n<p>Erre a linkre kattintva letesztelhetj\u00fck a Tor h\u00e1l\u00f3zat be\u00e1ll\u00edt\u00e1sait.<br \/>\n<img decoding=\"async\" loading=\"lazy\" alt=\"Tor Browser network teszt\" src=\"\/\/cuccokhalomban.csillagpor.hu\/pict\/tor-browser-kepernyokepek-15.jpg\" width=\"730\" height=\"594\" \/>\n<\/p>\n<p>Minden rendben \u00e9s l\u00e1thatjuk a jelenlegi megv\u00e1ltozott IP c\u00edm\u00fcnket. Bal fent a men\u00fcben n\u00e9zz\u00fck a be\u00e1ll\u00edt\u00e1sokat!<br \/>\n<img decoding=\"async\" loading=\"lazy\" alt=\"Tor Browser be\u00e1ll\u00edt\u00e1sok\" src=\"\/\/cuccokhalomban.csillagpor.hu\/pict\/tor-browser-kepernyokepek-16.jpg\" width=\"730\" height=\"594\" \/>\n<\/p>\n<p>Itt a megb\u00edzhatatlan oldalakhoz tov\u00e1bbi tilt\u00e1sokat adhatunk hozz\u00e1.<br \/>\n<img decoding=\"async\" loading=\"lazy\" alt=\"Tor Browser tov\u00e1bbi tilt\u00e1sok\" src=\"\/\/cuccokhalomban.csillagpor.hu\/pict\/tor-browser-kepernyokepek-17.jpg\" width=\"546\" height=\"486\" \/>\n<\/p>\n<p>Whitelist, itt adhatjuk meg az \u00e1ltalunk megb\u00edzhat\u00f3nak \u00edt\u00e9lt weboldalakat, hogy ott enged\u00e9lyezz\u00fck a scriptek futtat\u00e1s\u00e1t.<br \/>\n<img decoding=\"async\" loading=\"lazy\" alt=\"Tor Browser Whitelist\" src=\"\/\/cuccokhalomban.csillagpor.hu\/pict\/tor-browser-kepernyokepek-18.jpg\" width=\"546\" height=\"486\" \/>\n<\/p>\n<p>K\u00fcl\u00f6nf\u00e9le be\u00e1gyazott cuccokat tilthatunk itt le.<br \/>\n<img decoding=\"async\" loading=\"lazy\" alt=\"Tor Browser embedded cuccok\" src=\"\/\/cuccokhalomban.csillagpor.hu\/pict\/tor-browser-kepernyokepek-19.jpg\" width=\"546\" height=\"486\" \/>\n<\/p>\n<p>L\u00e1thatjuk milyen IP c\u00edmeken \u00e9s orsz\u00e1gokon kereszt\u00fcl \u00e9rj\u00fck el az el\u00e9rni val\u00f3t, \u00e9s a New Identityvel k\u00e9rhet\u00fcnk egy \u00fajabb kombin\u00e1ci\u00f3t.<br \/>\n<img decoding=\"async\" loading=\"lazy\" alt=\"Tor Browser New Identity\" src=\"\/\/cuccokhalomban.csillagpor.hu\/pict\/tor-browser-kepernyokepek-20.jpg\" width=\"730\" height=\"594\" \/>\n<\/p>\n<p>Itt is van, sz\u00e9p k\u00f6r :)<br \/>\n<img decoding=\"async\" loading=\"lazy\" alt=\"Tor Browser \u00fajabb kombin\u00e1ci\u00f3\" src=\"\/\/cuccokhalomban.csillagpor.hu\/pict\/tor-browser-kepernyokepek-21.jpg\" width=\"730\" height=\"594\" \/>\n<\/p>\n<p>A HTTPS Everywhere be\u00e1ll\u00edt\u00e1sai, illetve letilt\u00e1sa. Ez weboldalak ir\u00e1ny\u00e1ba titkos\u00edtja a kommunik\u00e1ci\u00f3t.<br \/>\n<img decoding=\"async\" loading=\"lazy\" alt=\"Tor Browser HTTPS Everywhere\" src=\"\/\/cuccokhalomban.csillagpor.hu\/pict\/tor-browser-kepernyokepek-22.jpg\" width=\"730\" height=\"594\" \/>\n<\/p>\n<p>Alap\u00e9rtelmez\u00e9sben a Disconnect keres\u0151 van be\u00e1ll\u00edtva, ez nem k\u00f6veti a tev\u00e9kenys\u00e9geinket.<br \/>\n<img decoding=\"async\" loading=\"lazy\" alt=\"Tor Browser titkos keres\u00e9s\" src=\"\/\/cuccokhalomban.csillagpor.hu\/pict\/tor-browser-kepernyokepek-23.jpg\" width=\"730\" height=\"594\" \/>\n<\/p>\n<p>\u00c9s v\u00e9gre \u00e9szrevettem, hogy a Tor oldala magyar nyelv\u0171re is \u00e1ll\u00edthat\u00f3!<br \/>\n<img decoding=\"async\" loading=\"lazy\" alt=\"Tor Browser magyar nyelv\" src=\"\/\/cuccokhalomban.csillagpor.hu\/pict\/tor-browser-kepernyokepek-24.jpg\" width=\"730\" height=\"594\" \/>\n<\/p>\n<p>Innent\u0151l lefel\u00e9 egy el\u00e9g r\u00e9gi verzi\u00f3 l\u00e1that\u00f3 &#8230;<\/p>\n<p><a target=\"_blank\" title=\"torbrowser\" href=\"\/\/csillagpor.hu\/remek\/programok\/torbrowser\" rel=\"noopener noreferrer\">A TorBrowser<\/a> ind\u00edt\u00e1sa el\u0151tt m\u00e9g van egy k\u00e9t tennival\u00f3ja a Tornak, ezt l\u00e1thatjuk a Vidalia Control Panelen &#8230; m\u00e9g angolul.<br \/>\n<img decoding=\"async\" loading=\"lazy\" alt=\"TorBrowser ind\u00edt\u00e1sa\" src=\"\/\/cuccokhalomban.csillagpor.hu\/pict\/torbrowser-screenshot-1.jpg\" width=\"364\" height=\"420\" \/>\n<\/p>\n<p>Elindult a Tor konfigur\u00e1lta TorBrowser, most m\u00e1r n\u00e9vtelen\u00fcl \u00e9s szabadon b\u00f6ng\u00e9szhetj\u00fck az internetet, most pl. err\u0151l az IP c\u00edmr\u0151l.<br \/>\n<img decoding=\"async\" loading=\"lazy\" alt=\"TorBrowser\" src=\"\/\/cuccokhalomban.csillagpor.hu\/pict\/torbrowser-screenshot-2.jpg\" width=\"816\" height=\"500\" \/>\n<\/p>\n<p>\u00c1ll\u00edtsuk \u00e1t magyar nyelvre a Vidalia-t &#8230;<br \/>\n<img decoding=\"async\" loading=\"lazy\" alt=\"TorBrowser Vidalia magyar\" src=\"\/\/cuccokhalomban.csillagpor.hu\/pict\/torbrowser-screenshot-3.jpg\" width=\"730\" height=\"459\" \/>\n<\/p>\n<p>&#8230; \u00e9s m\u00e1r magyarul a Vidalia vez\u00e9rl\u0151pult.<br \/>\n<img decoding=\"async\" loading=\"lazy\" alt=\"TorBrowser vez\u00e9rl\u0151pult magyarul\" src=\"\/\/cuccokhalomban.csillagpor.hu\/pict\/torbrowser-screenshot-4.jpg\" width=\"730\" height=\"447\" \/>\n<\/p>\n<p>Be\u00e1ll\u00edt\u00e1sok, a Tor szoftver ind\u00edt\u00e1sa a Vidalia indul\u00e1sakor.<br \/>\n<img decoding=\"async\" loading=\"lazy\" alt=\"TorBrowser Tor\" src=\"\/\/cuccokhalomban.csillagpor.hu\/pict\/torbrowser-screenshot-5.jpg\" width=\"730\" height=\"459\" \/>\n<\/p>\n<p>H\u00e1l\u00f3zati be\u00e1ll\u00edt\u00e1sok, pl. arra az esetre, ha a szolg\u00e1ltat\u00f3 blokkolja a Tor-t.<br \/>\n<img decoding=\"async\" loading=\"lazy\" alt=\"TorBrowser h\u00e1l\u00f3zat\" src=\"\/\/cuccokhalomban.csillagpor.hu\/pict\/torbrowser-screenshot-6.jpg\" width=\"730\" height=\"459\" \/>\n<\/p>\n<p>Megoszt\u00e1s be\u00e1ll\u00edt\u00e1sai, pl. a forgalom Tor h\u00e1l\u00f3zaton bel\u00fcli eloszt\u00e1sa vagy a korl\u00e1tozott felhaszn\u00e1l\u00f3k kapcsol\u00f3d\u00e1s\u00e1nak seg\u00edt\u00e9se.<br \/>\n<img decoding=\"async\" loading=\"lazy\" alt=\"TorBrowser megoszt\u00e1s\" src=\"\/\/cuccokhalomban.csillagpor.hu\/pict\/torbrowser-screenshot-7.jpg\" width=\"730\" height=\"459\" \/>\n<\/p>\n<p>Itt adhatunk hozz\u00e1 rejtett szolg\u00e1ltat\u00e1sokat.<br \/>\n<img decoding=\"async\" loading=\"lazy\" alt=\"TorBrowser szolg\u00e1ltat\u00e1sok\" src=\"\/\/cuccokhalomban.csillagpor.hu\/pict\/torbrowser-screenshot-8.jpg\" width=\"730\" height=\"459\" \/>\n<\/p>\n<p>Nyelv \u00e9s megjelen\u00e9s.<br \/>\n<img decoding=\"async\" loading=\"lazy\" alt=\"TorBrowser nyelv \u00e9s megjelen\u00e9s\" src=\"\/\/cuccokhalomban.csillagpor.hu\/pict\/torbrowser-screenshot-9.jpg\" width=\"730\" height=\"459\" \/>\n<\/p>\n<p>Halad\u00f3 be\u00e1ll\u00edt\u00e1sok, TCP kapcsolat haszn\u00e1lata, jelsz\u00f3 v\u00e9letlenszer\u0171 l\u00e9trehoz\u00e1sa, stb.<br \/>\n<img decoding=\"async\" loading=\"lazy\" alt=\"TorBrowser halad\u00f3\" src=\"\/\/cuccokhalomban.csillagpor.hu\/pict\/torbrowser-screenshot-10.jpg\" width=\"730\" height=\"459\" \/>\n<\/p>\n<p>Tor h\u00e1l\u00f3zati t\u00e9rk\u00e9p, egy kapcsolat \u00e9s tulajdons\u00e1gaik.<br \/>\n<img decoding=\"async\" loading=\"lazy\" alt=\"TorBrowser Tor t\u00e9rk\u00e9p\" src=\"\/\/cuccokhalomban.csillagpor.hu\/pict\/torbrowser-screenshot-11.jpg\" width=\"730\" height=\"466\" \/>\n<\/p>\n<p>Tor s\u00e1vsz\u00e9less\u00e9g haszn\u00e1lat.<br \/>\n<img decoding=\"async\" loading=\"lazy\" alt=\"TorBrowser s\u00e1vsz\u00e9less\u00e9g\" src=\"\/\/cuccokhalomban.csillagpor.hu\/pict\/torbrowser-screenshot-12.jpg\" width=\"730\" height=\"447\" \/>\n<\/p>\n<p>Jobb fent egy weboldal HTTPS kapcsolatai, \u00e9s ezt le is tilthatjuk.<br \/>\n<img decoding=\"async\" loading=\"lazy\" alt=\"TorBrowser HTTPS\" src=\"\/\/cuccokhalomban.csillagpor.hu\/pict\/torbrowser-screenshot-13.jpg\" width=\"730\" height=\"382\" \/>\n<\/p>\n<p>HTTPS Everywhere be\u00e1ll\u00edt\u00e1sok. Ez egy Firefox plugin ami HTTPS weboldalakon titkos\u00edt, hozz\u00e1 is adhatunk saj\u00e1tot.<br \/>\n<img decoding=\"async\" loading=\"lazy\" alt=\"TorBrowser https\" src=\"\/\/cuccokhalomban.csillagpor.hu\/pict\/torbrowser-screenshot-14.jpg\" width=\"730\" height=\"467\" \/><\/p>\n","protected":false},"excerpt":{"rendered":"<p><a target=\"_blank\" title=\"Tor Browser k\u00e9perny\u0151k\u00e9pek\" href=\"\/\/csillagpor.hu\/remek\/programok\/torbrowser-screenshot\" rel=\"noopener noreferrer\"><img decoding=\"async\" loading=\"lazy\" alt=\"Tor Browser k\u00e9perny\u0151k\u00e9pek\" src=\"\/\/cuccokhalomban.csillagpor.hu\/pict\/tor-browser-kicsi.jpg\" width=\"133\" height=\"108\" class=\"flr\" \/><\/a>A Tor Browser telep\u00edt\u00e9se k\u00f6zben megadhatjuk, hogy hov\u00e1 ker\u00fclj\u00f6n, ezt \u00e9rdemes megjegyezni, f\u0151leg ha hordozhat\u00f3nak szeretn\u00e9nk haszn\u00e1lni, mert ezt a mapp\u00e1t b\u00e1rhov\u00e1 m\u00e1solva m\u0171k\u00f6dni fog. Itt a Connectre kell kattintani, hogy csatlakozzon a Tor h\u00e1l\u00f3zathoz, ennek le kell futnia a b\u00f6ng\u00e9sz\u0151 indul\u00e1sa el\u0151tt. Kattinthatunk a Configure-ra is, ez esetben is ugyanaz lesz a v\u00e9ge, csak finomhangolhatjuk egy picit &#8230;<\/p>\n","protected":false},"author":1,"featured_media":0,"parent":0,"menu_order":0,"comment_status":"closed","ping_status":"closed","template":"","meta":{"footnotes":""},"_links":{"self":[{"href":"https:\/\/csillagpor.hu\/remek\/programok\/wp-json\/wp\/v2\/pages\/1374"}],"collection":[{"href":"https:\/\/csillagpor.hu\/remek\/programok\/wp-json\/wp\/v2\/pages"}],"about":[{"href":"https:\/\/csillagpor.hu\/remek\/programok\/wp-json\/wp\/v2\/types\/page"}],"author":[{"embeddable":true,"href":"https:\/\/csillagpor.hu\/remek\/programok\/wp-json\/wp\/v2\/users\/1"}],"replies":[{"embeddable":true,"href":"https:\/\/csillagpor.hu\/remek\/programok\/wp-json\/wp\/v2\/comments?post=1374"}],"version-history":[{"count":0,"href":"https:\/\/csillagpor.hu\/remek\/programok\/wp-json\/wp\/v2\/pages\/1374\/revisions"}],"wp:attachment":[{"href":"https:\/\/csillagpor.hu\/remek\/programok\/wp-json\/wp\/v2\/media?parent=1374"}],"curies":[{"name":"wp","href":"https:\/\/api.w.org\/{rel}","templated":true}]}}