{"id":1384,"date":"2012-10-16T16:35:28","date_gmt":"2012-10-16T14:35:28","guid":{"rendered":"http:\/\/csillagpor.hu\/remek\/programok\/?page_id=1384"},"modified":"2022-06-30T17:40:35","modified_gmt":"2022-06-30T15:40:35","slug":"virtuawin-screenshot","status":"publish","type":"page","link":"https:\/\/csillagpor.hu\/remek\/programok\/virtuawin-screenshot","title":{"rendered":"VirtuaWin k\u00e9perny\u0151k\u00e9pek"},"content":{"rendered":"<p><a target=\"_blank\" title=\"virtuawin\" href=\"\/\/csillagpor.hu\/remek\/programok\/virtuawin-letoltese\" rel=\"noopener noreferrer\">VirtuaWin virtu\u00e1lis asztal kezel\u0151<\/a> be\u00e1ll\u00edt\u00e1sok. 2 sz\u00e9lesen \u00e9s 2 m\u00e9lyen van asztalunk, azaz jelenleg 4. Tov\u00e1bbi asztal v\u00e1lt\u00e1si \u00e9s eg\u00e9r be\u00e1ll\u00edt\u00e1sok.<br \/>\n<img decoding=\"async\" loading=\"lazy\" alt=\"VirtuaWin be\u00e1ll\u00edt\u00e1sok\" src=\"\/\/cuccokhalomban.csillagpor.hu\/pict\/virtuawin-screenshot-2.jpg\" width=\"330\" height=\"500\" \/>\n<\/p>\n<p>Billenty\u0171zet parancsok amik \u00e1tkonfigur\u00e1lhat\u00f3k.<br \/>\n<img decoding=\"async\" loading=\"lazy\" alt=\"VirtuaWin hotkeys\" src=\"\/\/cuccokhalomban.csillagpor.hu\/pict\/virtuawin-screenshot-3.jpg\" width=\"330\" height=\"500\" \/>\n<\/p>\n<p>Eg\u00e9rrel val\u00f3 asztal v\u00e1lt\u00e1s enged\u00e9lyez\u00e9se \u00e9s be\u00e1ll\u00edt\u00e1sai, pl. le kell e nyomni hozz\u00e1 m\u00e1s billenty\u0171t is, vagy mondjuk k\u00f6z\u00e9ps\u0151 gombbal akarjuk &#8230;<br \/>\n<img decoding=\"async\" loading=\"lazy\" alt=\"VirtuaWin eg\u00e9r\" src=\"\/\/cuccokhalomban.csillagpor.hu\/pict\/virtuawin-screenshot-4.jpg\" width=\"330\" height=\"500\" \/>\n<\/p>\n<p>A WinList, vagyis ablak lista modul.<br \/>\n<img decoding=\"async\" loading=\"lazy\" alt=\"VirtuaWin WinList\" src=\"\/\/cuccokhalomban.csillagpor.hu\/pict\/virtuawin-screenshot-5.jpg\" width=\"330\" height=\"500\" \/>\n<\/p>\n<p>WinList elveszett ablakok vissza\u00e1ll\u00edt\u00e1s\u00e1hoz. V\u00e1lasszuk ki a list\u00e1b\u00f3l, hogy melyik ablakot nem tal\u00e1ljuk, \u00e9s kattintsunk a Restore gombra&#8230; vissza is vonhatjuk, ha v\u00e9letlen\u00fcl rosszat v\u00e1lasztottunk volna.<br \/>\n<img decoding=\"async\" loading=\"lazy\" alt=\"VirtuaWin ablak vissza\u00e1ll\u00edt\u00e1s\" src=\"\/\/cuccokhalomban.csillagpor.hu\/pict\/virtuawin-screenshot-6.jpg\" width=\"666\" height=\"500\" \/>\n<\/p>\n<p>Halad\u00f3 lehet\u0151s\u00e9gek &#8230; sok minden &#8230;<br \/>\n<img decoding=\"async\" loading=\"lazy\" alt=\"VirtuaWin halad\u00f3\" src=\"\/\/cuccokhalomban.csillagpor.hu\/pict\/virtuawin-screenshot-7.jpg\" width=\"330\" height=\"500\" \/>\n<\/p>\n<p>Ablak szab\u00e1lyok, egy megadott ablak t\u00edpus viselked\u00e9s\u00e9nek be\u00e1ll\u00edt\u00e1sai.<br \/>\n<img decoding=\"async\" loading=\"lazy\" alt=\"VirtuaWin szab\u00e1lyok\" src=\"\/\/cuccokhalomban.csillagpor.hu\/pict\/virtuawin-screenshot-9.jpg\" width=\"360\" height=\"500\" \/>\n<\/p>\n<p>Az \u00e9rtes\u00edt\u00e9si ter\u00fclet men\u00fcje. Innen el\u00e9rhetj\u00fck az el\u0151z\u0151leg l\u00e1tottakat&#8230;<br \/>\n<img decoding=\"async\" loading=\"lazy\" alt=\"VirtuaWin men\u00fc\" src=\"\/\/cuccokhalomban.csillagpor.hu\/pict\/virtuawin-screenshot-10.jpg\" width=\"229\" height=\"261\" \/>\n<\/p>\n<p>&#8230; \u00e9s ablakot is v\u00e1lthatunk.<br \/>\n<img decoding=\"async\" loading=\"lazy\" alt=\"VirtuaWin ablakok\" src=\"\/\/cuccokhalomban.csillagpor.hu\/pict\/virtuawin-screenshot-11.jpg\" width=\"495\" height=\"322\" \/><\/p>\n","protected":false},"excerpt":{"rendered":"<p>VirtuaWin virtu\u00e1lis asztal kezel\u0151 be\u00e1ll\u00edt\u00e1sok. 2 sz\u00e9lesen \u00e9s 2 m\u00e9lyen van asztalunk, azaz jelenleg 4. Tov\u00e1bbi asztal v\u00e1lt\u00e1si \u00e9s eg\u00e9r be\u00e1ll\u00edt\u00e1sok. Billenty\u0171zet parancsok&#46;&#46;&#46;<\/p>\n","protected":false},"author":1,"featured_media":0,"parent":0,"menu_order":0,"comment_status":"closed","ping_status":"closed","template":"","meta":{"footnotes":""},"_links":{"self":[{"href":"https:\/\/csillagpor.hu\/remek\/programok\/wp-json\/wp\/v2\/pages\/1384"}],"collection":[{"href":"https:\/\/csillagpor.hu\/remek\/programok\/wp-json\/wp\/v2\/pages"}],"about":[{"href":"https:\/\/csillagpor.hu\/remek\/programok\/wp-json\/wp\/v2\/types\/page"}],"author":[{"embeddable":true,"href":"https:\/\/csillagpor.hu\/remek\/programok\/wp-json\/wp\/v2\/users\/1"}],"replies":[{"embeddable":true,"href":"https:\/\/csillagpor.hu\/remek\/programok\/wp-json\/wp\/v2\/comments?post=1384"}],"version-history":[{"count":0,"href":"https:\/\/csillagpor.hu\/remek\/programok\/wp-json\/wp\/v2\/pages\/1384\/revisions"}],"wp:attachment":[{"href":"https:\/\/csillagpor.hu\/remek\/programok\/wp-json\/wp\/v2\/media?parent=1384"}],"curies":[{"name":"wp","href":"https:\/\/api.w.org\/{rel}","templated":true}]}}