{"id":1390,"date":"2012-11-03T19:48:41","date_gmt":"2012-11-03T18:48:41","guid":{"rendered":"http:\/\/csillagpor.hu\/remek\/programok\/?page_id=1390"},"modified":"2022-06-30T18:10:41","modified_gmt":"2022-06-30T16:10:41","slug":"media-player-classic-screenshot","status":"publish","type":"page","link":"https:\/\/csillagpor.hu\/remek\/programok\/media-player-classic-screenshot","title":{"rendered":"Media Player Classic k\u00e9perny\u0151k\u00e9pek"},"content":{"rendered":"<p><a target=\"_blank\" title=\"media player classic\" href=\"\/\/csillagpor.hu\/remek\/programok\/media-player-classic-letoltese\" rel=\"noopener noreferrer\">A Media Player Classic<\/a> <a target=\"_blank\" title=\"multim\u00e9dia lej\u00e1tsz\u00f3\" href=\"\/\/csillagpor.hu\/remek\/programok\/multimedia-lejatszo-programok\" rel=\"noopener noreferrer\">ingyenes m\u00e9dia lej\u00e1tsz\u00f3<\/a>, hordozhat\u00f3, egy f\u00e1jl \u00e9s ilyen egyszer\u0171.<br \/>\n<img decoding=\"async\" loading=\"lazy\" alt=\"Media Player Classic\" src=\"\/\/cuccokhalomban.csillagpor.hu\/pict\/media-player-classic-screenshot-1.jpg\" width=\"310\" height=\"332\" \/>\n<\/p>\n<p>M\u00e1r egy ideje nem ezt a verzi\u00f3t fejlesztik, a weboldala is \u00e1t van ir\u00e1ny\u00edtva az <a target=\"_blank\" title=\"mpc\" href=\"\/\/csillagpor.hu\/remek\/programok\/mpc-homecinema-letoltese\" rel=\"noopener noreferrer\">MPC HomeCinema<\/a> oldal\u00e1ra.<br \/>\n<img decoding=\"async\" loading=\"lazy\" alt=\"Media Player Classic - MPC\" src=\"\/\/cuccokhalomban.csillagpor.hu\/pict\/media-player-classic-screenshot-2.jpg\" width=\"339\" height=\"332\" \/>\n<\/p>\n<p>Meg tudunk vele nyitni innen f\u00e1jlokat, k\u00fcl\u00f6nf\u00e9le eszk\u00f6z\u00f6ket \u00e9s DVD-t, \u00e9s menthet\u00fcnk m\u00e1sk\u00e9pp is.<br \/>\n<img decoding=\"async\" loading=\"lazy\" alt=\"Media Player Classic f\u00e1jl\" src=\"\/\/cuccokhalomban.csillagpor.hu\/pict\/media-player-classic-screenshot-3.jpg\" width=\"400\" height=\"438\" \/>\n<\/p>\n<p>Egy mp3 f\u00e1jl megnyit\u00e1sa, mindenf\u00e9le adatok l\u00e1that\u00f3k, ha akarjuk&#8230;<br \/>\n<img decoding=\"async\" loading=\"lazy\" alt=\"Media Player Classic mp3\" src=\"\/\/cuccokhalomban.csillagpor.hu\/pict\/media-player-classic-screenshot-4.jpg\" width=\"310\" height=\"306\" \/>\n<\/p>\n<p>&#8230; vagy semmi, ha akarjuk.<br \/>\n<img decoding=\"async\" loading=\"lazy\" alt=\"Media Player Classic audio\" src=\"\/\/cuccokhalomban.csillagpor.hu\/pict\/media-player-classic-screenshot-5.jpg\" width=\"310\" height=\"186\" \/>\n<\/p>\n<p>A lej\u00e1tsz\u00f3 be\u00e1ll\u00edt\u00e1sai: mindig maradjon fel\u00fcl, saj\u00e1t ablakban ny\u00edljon meg a vide\u00f3, eml\u00e9kezzen az utols\u00f3 ablak poz\u00edci\u00f3ra, ilyesmik &#8230;<br \/>\n<img decoding=\"async\" loading=\"lazy\" alt=\"Media Player Classic be\u00e1ll\u00edt\u00e1sok\" src=\"\/\/cuccokhalomban.csillagpor.hu\/pict\/media-player-classic-screenshot-7.jpg\" width=\"620\" height=\"427\" \/>\n<\/p>\n<p>T\u00e1mogatott hang \u00e9s vide\u00f3 form\u00e1tumok.<br \/>\n<img decoding=\"async\" loading=\"lazy\" alt=\"Media Player Classic form\u00e1tumok\" src=\"\/\/cuccokhalomban.csillagpor.hu\/pict\/media-player-classic-screenshot-8.jpg\" width=\"620\" height=\"427\" \/>\n<\/p>\n<p>A lej\u00e1tsz\u00e1s be\u00e1ll\u00edt\u00e1sai.<br \/>\n<img decoding=\"async\" loading=\"lazy\" alt=\"Media Player Classic lej\u00e1tsz\u00e1s\" src=\"\/\/cuccokhalomban.csillagpor.hu\/pict\/media-player-classic-screenshot-9.jpg\" width=\"620\" height=\"427\" \/>\n<\/p>\n<p>Vide\u00f3 \u00e9s audio kimenet be\u00e1ll\u00edt\u00e1sai, DirectShow, RealMedia, QuickTime &#8230;<br \/>\n<img decoding=\"async\" loading=\"lazy\" alt=\"Media Player Classic kimenet\" src=\"\/\/cuccokhalomban.csillagpor.hu\/pict\/media-player-classic-screenshot-10.jpg\" width=\"620\" height=\"427\" \/>\n<\/p>\n<p>Bels\u0151 sz\u0171r\u0151k: AVI, CDDA, CDXA, DirectShow Media, AAC, AC3, FLI, FLC, FLV, Matroska, stb &#8230;<br \/>\n<img decoding=\"async\" loading=\"lazy\" alt=\"Media Player Classic sz\u0171r\u0151k\" src=\"\/\/cuccokhalomban.csillagpor.hu\/pict\/media-player-classic-screenshot-11.jpg\" width=\"620\" height=\"427\" \/>\n<\/p>\n<p>Audio Switcher, pl. normaliz\u00e1l\u00e1shoz &#8230;<br \/>\n<img decoding=\"async\" loading=\"lazy\" alt=\"Media Player Classic switcher\" src=\"\/\/cuccokhalomban.csillagpor.hu\/pict\/media-player-classic-screenshot-12.jpg\" width=\"620\" height=\"427\" \/>\n<\/p>\n<p>K\u00fcls\u0151 sz\u0171r\u0151k hozz\u00e1ad\u00e1sa.<br \/>\n<img decoding=\"async\" loading=\"lazy\" alt=\"Media Player Classic k\u00fcls\u0151 sz\u0171r\u0151k\" src=\"\/\/cuccokhalomban.csillagpor.hu\/pict\/media-player-classic-screenshot-13.jpg\" width=\"620\" height=\"427\" \/>\n<\/p>\n<p>A BDA MPEG2 transform information sz\u0171r\u0151 hozz\u00e1adva.<br \/>\n<img decoding=\"async\" loading=\"lazy\" alt=\"Media Player Classic mpeg2\" src=\"\/\/cuccokhalomban.csillagpor.hu\/pict\/media-player-classic-screenshot-14.jpg\" width=\"620\" height=\"427\" \/>\n<\/p>\n<p>Feliratok be\u00e1ll\u00edt\u00e1sai, pl. hol helyezkedjen el, \u00e9s mennyi ideig legyen l\u00e1that\u00f3.<br \/>\n<img decoding=\"async\" loading=\"lazy\" alt=\"Media Player Classic felirat\" src=\"\/\/cuccokhalomban.csillagpor.hu\/pict\/media-player-classic-screenshot-15.jpg\" width=\"620\" height=\"427\" \/>\n<\/p>\n<p>Online felirat adatb\u00e1zisok.<br \/>\n<img decoding=\"async\" loading=\"lazy\" alt=\"Media Player Classic adatb\u00e1zis\" src=\"\/\/cuccokhalomban.csillagpor.hu\/pict\/media-player-classic-screenshot-16.jpg\" width=\"620\" height=\"427\" \/>\n<\/p>\n<p>Tweaks, pl. ablak szabad \u00e1tm\u00e9retez\u00e9se.<br \/>\n<img decoding=\"async\" loading=\"lazy\" alt=\"Media Player Classic tweak\" src=\"\/\/cuccokhalomban.csillagpor.hu\/pict\/media-player-classic-screenshot-17.jpg\" width=\"620\" height=\"427\" \/><\/p>\n","protected":false},"excerpt":{"rendered":"<p>A Media Player Classic ingyenes m\u00e9dia lej\u00e1tsz\u00f3, hordozhat\u00f3, egy f\u00e1jl \u00e9s ilyen egyszer\u0171. M\u00e1r egy ideje nem ezt a verzi\u00f3t fejlesztik, a weboldala&#46;&#46;&#46;<\/p>\n","protected":false},"author":1,"featured_media":0,"parent":0,"menu_order":0,"comment_status":"closed","ping_status":"closed","template":"","meta":{"footnotes":""},"_links":{"self":[{"href":"https:\/\/csillagpor.hu\/remek\/programok\/wp-json\/wp\/v2\/pages\/1390"}],"collection":[{"href":"https:\/\/csillagpor.hu\/remek\/programok\/wp-json\/wp\/v2\/pages"}],"about":[{"href":"https:\/\/csillagpor.hu\/remek\/programok\/wp-json\/wp\/v2\/types\/page"}],"author":[{"embeddable":true,"href":"https:\/\/csillagpor.hu\/remek\/programok\/wp-json\/wp\/v2\/users\/1"}],"replies":[{"embeddable":true,"href":"https:\/\/csillagpor.hu\/remek\/programok\/wp-json\/wp\/v2\/comments?post=1390"}],"version-history":[{"count":0,"href":"https:\/\/csillagpor.hu\/remek\/programok\/wp-json\/wp\/v2\/pages\/1390\/revisions"}],"wp:attachment":[{"href":"https:\/\/csillagpor.hu\/remek\/programok\/wp-json\/wp\/v2\/media?parent=1390"}],"curies":[{"name":"wp","href":"https:\/\/api.w.org\/{rel}","templated":true}]}}