{"id":1463,"date":"2013-01-27T20:55:46","date_gmt":"2013-01-27T19:55:46","guid":{"rendered":"http:\/\/csillagpor.hu\/remek\/programok\/?page_id=1463"},"modified":"2022-06-30T18:20:04","modified_gmt":"2022-06-30T16:20:04","slug":"fototar-screenshot","status":"publish","type":"page","link":"https:\/\/csillagpor.hu\/remek\/programok\/fototar-screenshot","title":{"rendered":"Fot\u00f3t\u00e1r k\u00e9perny\u0151k\u00e9pek"},"content":{"rendered":"<p>Szeretn\u00e9d a <a target=\"_blank\" title=\"fot\u00f3t\u00e1r\" href=\"\/\/csillagpor.hu\/remek\/programok\/fototar\" rel=\"noopener noreferrer\">Fot\u00f3t\u00e1r<\/a> alkalmaz\u00e1ssal megnyitni a jpg, tif, png, wdp, bmp, ico kiterjeszt\u00e9s\u0171 k\u00e9pf\u00e1jlokat?<br \/>\n<img decoding=\"async\" loading=\"lazy\" alt=\"Fot\u00f3t\u00e1r k\u00e9p kiterjeszt\u00e9sek\" src=\"\/\/cuccokhalomban.csillagpor.hu\/pict\/fototar-screenshot-1.jpg\" width=\"730\" height=\"392\" \/>\n<\/p>\n<p>Szerkeszt\u00e9s, c\u00edmke \u00e9s k\u00e9pal\u00e1\u00edr\u00e1s, szem\u00e9lyc\u00edmk\u00e9k, geoc\u00edmke &#8230;<br \/>\n<img decoding=\"async\" loading=\"lazy\" alt=\"Fot\u00f3t\u00e1r szerkeszt\u00e9s\" src=\"\/\/cuccokhalomban.csillagpor.hu\/pict\/fototar-screenshot-2.jpg\" width=\"730\" height=\"392\" \/>\n<\/p>\n<p>Nyomtat\u00e1s, CD, DVD \u00edr\u00e1s, k\u00fcl\u00f6nf\u00e9le be\u00e1ll\u00edt\u00e1sok \u00e9s a Fot\u00f3t\u00e1r n\u00e9vjegye.<br \/>\n<img decoding=\"async\" loading=\"lazy\" alt=\"Fot\u00f3t\u00e1r n\u00e9vjegy\" src=\"\/\/cuccokhalomban.csillagpor.hu\/pict\/fototar-screenshot-3.jpg\" width=\"730\" height=\"392\" \/>\n<\/p>\n<p>Fot\u00f3t\u00e1r be\u00e1ll\u00edt\u00e1sai, pl. szem\u00e9lyek megkeres\u00e9se a f\u00e9nyk\u00e9peken.<br \/>\n<img decoding=\"async\" loading=\"lazy\" alt=\"Fot\u00f3t\u00e1r be\u00e1ll\u00edt\u00e1sok\" src=\"\/\/cuccokhalomban.csillagpor.hu\/pict\/fototar-screenshot-4.jpg\" width=\"730\" height=\"392\" \/>\n<\/p>\n<p>Import\u00e1l\u00e1s pl. kamer\u00e1b\u00f3l.<br \/>\n<img decoding=\"async\" loading=\"lazy\" alt=\"Fot\u00f3t\u00e1r import\u00e1l\u00e1s\" src=\"\/\/cuccokhalomban.csillagpor.hu\/pict\/fototar-screenshot-5.jpg\" width=\"730\" height=\"392\" \/>\n<\/p>\n<p>A k\u00f6zz\u00e9t\u00e9teln\u00e9l megadhat\u00f3 metaadatok be\u00e1ll\u00edt\u00e1sai.<br \/>\n<img decoding=\"async\" loading=\"lazy\" alt=\"Fot\u00f3t\u00e1r meta adat\" src=\"\/\/cuccokhalomban.csillagpor.hu\/pict\/fototar-screenshot-6.jpg\" width=\"730\" height=\"392\" \/>\n<\/p>\n<p>Szerkeszt\u00e9s, automatikus igaz\u00edt\u00e1s be\u00e1ll\u00edt\u00e1sai, kiegyenes\u00edt\u00e9s, zajcs\u00f6kkent\u00e9s, sz\u00edn, expoz\u00edci\u00f3, jpeg min\u0151s\u00e9g.<br \/>\n<img decoding=\"async\" loading=\"lazy\" alt=\"Fot\u00f3t\u00e1r igaz\u00edt\u00e1s\" src=\"\/\/cuccokhalomban.csillagpor.hu\/pict\/fototar-screenshot-7.jpg\" width=\"730\" height=\"392\" \/>\n<\/p>\n<p>T\u00e1rs\u00edt\u00e1s, h\u00e1tt\u00e9rk\u00e9p be\u00e1ll\u00edt\u00e1s, elforgat\u00e1s jobbra, balra, m\u00e1sol\u00e1s, t\u00f6rl\u00e9s, \u00e1tnevez\u00e9s &#8230;<br \/>\n<img decoding=\"async\" loading=\"lazy\" alt=\"Fot\u00f3t\u00e1r forgat\u00e1s\" src=\"\/\/cuccokhalomban.csillagpor.hu\/pict\/fototar-screenshot-8.jpg\" width=\"730\" height=\"392\" \/>\n<\/p>\n<p>Adatv\u00e9delmi k\u00f6zpont, enged\u00e9lyezz\u00fck vagy nem a Microsoft adatgy\u0171jt\u00e9s\u00e9t.<br \/>\n<img decoding=\"async\" loading=\"lazy\" alt=\"Fot\u00f3t\u00e1r adatv\u00e9delmi k\u00f6zpont\" src=\"\/\/cuccokhalomban.csillagpor.hu\/pict\/fototar-screenshot-9.jpg\" width=\"730\" height=\"392\" \/>\n<\/p>\n<p>Sz\u00fcrke\u00e1rnyalatosra alak\u00edtva, pap\u00edrk\u00e9p megrendel\u00e9s, e-mail, blogbejegyz\u00e9s, film, megoszt\u00e1sok &#8230;<br \/>\n<img decoding=\"async\" loading=\"lazy\" alt=\"Fot\u00f3t\u00e1r megoszt\u00e1s\" src=\"\/\/cuccokhalomban.csillagpor.hu\/pict\/fototar-screenshot-10.jpg\" width=\"730\" height=\"392\" \/>\n<\/p>\n<p>Nagy\u00edt\u00e1s, kicsiny\u00edt\u00e9s, diavet\u00edt\u00e9s &#8230;<br \/>\n<img decoding=\"async\" loading=\"lazy\" alt=\"Fot\u00f3t\u00e1r diavet\u00edt\u00e9s\" src=\"\/\/cuccokhalomban.csillagpor.hu\/pict\/fototar-screenshot-11.jpg\" width=\"730\" height=\"392\" \/>\n<\/p>\n<p>Expoz\u00edci\u00f3 effekt: sz\u00ednh\u0151m\u00e9rs\u00e9klet, \u00e1rnyalat, tel\u00edtetts\u00e9g, \u00e9les\u00edt\u00e9s, zajcs\u00f6kkent\u00e9s &#8230; \u00e9s m\u00e9g v\u00f6r\u00f6sszem, retus\u00e1l\u00e1s, lev\u00e1g\u00e1s \u00e9s tov\u00e1bbi hat\u00e1sok.<br \/>\n<img decoding=\"async\" loading=\"lazy\" alt=\"Fot\u00f3t\u00e1r hat\u00e1sok\" src=\"\/\/cuccokhalomban.csillagpor.hu\/pict\/fototar-screenshot-12.jpg\" width=\"730\" height=\"392\" \/><\/p>\n","protected":false},"excerpt":{"rendered":"<p><a target=\"_blank\" title=\"fot\u00f3t\u00e1r\" href=\"\/\/csillagpor.hu\/remek\/programok\/fototar-screenshot\" rel=\"noopener noreferrer\"><img decoding=\"async\" loading=\"lazy\" alt=\"Fot\u00f3t\u00e1r\" src=\"\/\/cuccokhalomban.csillagpor.hu\/pict\/fototar-kicsi.jpg\" width=\"100\" height=\"54\" class=\"flr\" \/><\/a>Szeretn\u00e9d a Fot\u00f3t\u00e1r alkalmaz\u00e1ssal megnyitni a jpg, tif, png, wdp, bmp, ico kiterjeszt\u00e9s\u0171 k\u00e9pf\u00e1jlokat? Szerkeszt\u00e9s, c\u00edmke \u00e9s k\u00e9pal\u00e1\u00edr\u00e1s, szem\u00e9lyc\u00edmk\u00e9k, geoc\u00edmke &#8230; Nyomtat\u00e1s, CD, DVD \u00edr\u00e1s, k\u00fcl\u00f6nf\u00e9le be\u00e1ll\u00edt\u00e1sok \u00e9s a Fot\u00f3t\u00e1r n\u00e9vjegye. Fot\u00f3t\u00e1r be\u00e1ll\u00edt\u00e1sai, pl. szem\u00e9lyek megkeres\u00e9se a f\u00e9nyk\u00e9peken. Import\u00e1l\u00e1s pl. kamer\u00e1b\u00f3l. A k\u00f6zz\u00e9t\u00e9teln\u00e9l megadhat\u00f3 metaadatok be\u00e1ll\u00edt\u00e1sai. Szerkeszt\u00e9s, automatikus igaz\u00edt\u00e1s be\u00e1ll\u00edt\u00e1sai, kiegyenes\u00edt\u00e9s, zajcs\u00f6kkent\u00e9s, sz\u00edn, expoz\u00edci\u00f3, jpeg min\u0151s\u00e9g&#8230;<\/p>\n","protected":false},"author":1,"featured_media":0,"parent":0,"menu_order":0,"comment_status":"closed","ping_status":"closed","template":"","meta":{"footnotes":""},"_links":{"self":[{"href":"https:\/\/csillagpor.hu\/remek\/programok\/wp-json\/wp\/v2\/pages\/1463"}],"collection":[{"href":"https:\/\/csillagpor.hu\/remek\/programok\/wp-json\/wp\/v2\/pages"}],"about":[{"href":"https:\/\/csillagpor.hu\/remek\/programok\/wp-json\/wp\/v2\/types\/page"}],"author":[{"embeddable":true,"href":"https:\/\/csillagpor.hu\/remek\/programok\/wp-json\/wp\/v2\/users\/1"}],"replies":[{"embeddable":true,"href":"https:\/\/csillagpor.hu\/remek\/programok\/wp-json\/wp\/v2\/comments?post=1463"}],"version-history":[{"count":0,"href":"https:\/\/csillagpor.hu\/remek\/programok\/wp-json\/wp\/v2\/pages\/1463\/revisions"}],"wp:attachment":[{"href":"https:\/\/csillagpor.hu\/remek\/programok\/wp-json\/wp\/v2\/media?parent=1463"}],"curies":[{"name":"wp","href":"https:\/\/api.w.org\/{rel}","templated":true}]}}