{"id":1502,"date":"2013-04-20T17:41:08","date_gmt":"2013-04-20T15:41:08","guid":{"rendered":"http:\/\/csillagpor.hu\/remek\/programok\/?page_id=1502"},"modified":"2022-06-30T18:05:08","modified_gmt":"2022-06-30T16:05:08","slug":"pc-decrapifier-screenshot","status":"publish","type":"page","link":"https:\/\/csillagpor.hu\/remek\/programok\/pc-decrapifier-screenshot","title":{"rendered":"PC Decrapifier k\u00e9perny\u0151k\u00e9pek"},"content":{"rendered":"<p><a target=\"_blank\" title=\"pc decrapifier\" href=\"\/\/csillagpor.hu\/remek\/programok\/pc-decrapifier\" rel=\"noopener noreferrer\">A PC Decrapifier marhas\u00e1g elt\u00e1vol\u00edt\u00f3 szoftver<\/a> futtat\u00e1sa Windows 10-en. Az <em>Analyze<\/em> gombra kattintva kezd\u0151dik az \u00e9rtelmetlen folyamatok felder\u00edt\u00e9se.<br \/>\n<img decoding=\"async\" loading=\"lazy\" alt=\"PC Decrapifier Windows 10-en\" src=\"\/\/cuccokhalomban.csillagpor.hu\/pict\/pc-decrapifier-kepernyokep-1.jpg\" width=\"730\" height=\"551\" \/>\n<\/p>\n<p>A vizsg\u00e1lat folyamatban &#8230;<br \/>\n<img decoding=\"async\" loading=\"lazy\" alt=\"PC Decrapifier vizsg\u00e1lat\" src=\"\/\/cuccokhalomban.csillagpor.hu\/pict\/pc-decrapifier-kepernyokep-2.jpg\" width=\"730\" height=\"551\" \/>\n<\/p>\n<p>Szerencs\u00e9tlens\u00e9gemre itt most pont nem tal\u00e1lt olyan szoftvert amit szerinte le kellene szedni, pedig ez a r\u00e9sz a program l\u00e9nyege.<br \/>\n<img decoding=\"async\" loading=\"lazy\" alt=\"PC Decrapifier tiszta\" src=\"\/\/cuccokhalomban.csillagpor.hu\/pict\/pc-decrapifier-kepernyokep-3.jpg\" width=\"730\" height=\"551\" \/>\n<\/p>\n<p>A k\u00e9rd\u00e9ses f\u00fcln\u00e9l sem &#8230; legal\u00e1bb ehhez \u00e9s a k\u00f6vetkez\u0151h\u00f6z \u00e9rdemes tudnunk, hogy mit szed\u00fcnk le.<br \/>\n<img decoding=\"async\" loading=\"lazy\" alt=\"PC Decrapifier k\u00e9rd\u00e9ses\" src=\"\/\/cuccokhalomban.csillagpor.hu\/pict\/pc-decrapifier-kepernyokep-4.jpg\" width=\"730\" height=\"551\" \/>\n<\/p>\n<p>A <em>Minden m\u00e1s<\/em> f\u00fcln\u00e9l ak\u00e1r uninstall\u00e1lhatjuk is a telep\u00edtett programjainkat.<br \/>\n<img decoding=\"async\" loading=\"lazy\" alt=\"PC Decrapifier uninstall\" src=\"\/\/cuccokhalomban.csillagpor.hu\/pict\/pc-decrapifier-kepernyokep-5.jpg\" width=\"730\" height=\"551\" \/>\n<\/p>\n<p>De itt a lila Startup c\u00edmk\u00e9vel jel\u00f6ltek k\u00f6z\u00f6tt az\u00e9rt l\u00e1tok olyat aminek nem felt\u00e9tlen kell a Windowszal indulnia. Be is jel\u00f6l\u00f6m &#8230;<br \/>\n<img decoding=\"async\" loading=\"lazy\" alt=\"PC Decrapifier indul\u00e1s\" src=\"\/\/cuccokhalomban.csillagpor.hu\/pict\/pc-decrapifier-kepernyokep-6.jpg\" width=\"730\" height=\"551\" \/>\n<\/p>\n<p>Ha akarjuk lent vegy\u00fck ki a pip\u00e1t a Windows vissza\u00e1ll\u00edt\u00e1si pont l\u00e9trehoz\u00e1s\u00e1b\u00f3l. Majd <em>Begin Removal Now<\/em> &#8230;<br \/>\n<img decoding=\"async\" loading=\"lazy\" alt=\"PC Decrapifier elt\u00e1vol\u00edt\u00e1s megkezd\u00e9se\" src=\"\/\/cuccokhalomban.csillagpor.hu\/pict\/pc-decrapifier-kepernyokep-7.jpg\" width=\"730\" height=\"551\" \/>\n<\/p>\n<p>Elt\u00e1vol\u00edtva, bez\u00e1r\u00e1s.<br \/>\n<img decoding=\"async\" loading=\"lazy\" alt=\"PC Decrapifier elt\u00e1vol\u00edtva\" src=\"\/\/cuccokhalomban.csillagpor.hu\/pict\/pc-decrapifier-kepernyokep-8.jpg\" width=\"730\" height=\"551\" \/>\n<\/p>\n<p>R\u00e9gebbi verzi\u00f3&#8230;<\/p>\n<p><a target=\"_blank\" title=\"pc decrapifier\" href=\"\/\/csillagpor.hu\/remek\/programok\/pc-decrapifier\" rel=\"noopener noreferrer\">A PC Decrapifier felesleges szoftver elt\u00e1vol\u00edt\u00f3<\/a> els\u0151 l\u00e9p\u00e9sben megk\u00e9rdezi, hogy \u00faj m\u00e1rk\u00e1s g\u00e9p\u00fcnk van e, vagy nem. Pontosan nem tudom, de legink\u00e1bb az\u00e9rt kellhet ez, mert sokszor teljesen feleslegesen pl. pr\u00f3baverzi\u00f3k is fel lettek pakolva &#8220;gy\u00e1rilag&#8221; a g\u00e9pre. Ezeket val\u00f3sz\u00edn\u0171leg leszedi.<br \/>\n<img decoding=\"async\" loading=\"lazy\" alt=\"PC Decrapifier\" src=\"\/\/cuccokhalomban.csillagpor.hu\/pict\/pc-decrapifier-screenshot-2.jpg\" width=\"692\" height=\"500\" \/>\n<\/p>\n<p>Itt pedig csin\u00e1lhatunk egy vissza\u00e1ll\u00edt\u00e1si pontot, ha biztons\u00e1goskodni akarunk&#8230;<br \/>\n<img decoding=\"async\" loading=\"lazy\" alt=\"PC Decrapifier vissza\u00e1ll\u00edt\u00e1s\" src=\"\/\/cuccokhalomban.csillagpor.hu\/pict\/pc-decrapifier-screenshot-3.jpg\" width=\"692\" height=\"500\" \/>\n<\/p>\n<p>Ezen a g\u00e9pen nem tal\u00e1lt semmit amit automatikusan elt\u00e1vol\u00edthatna &#8230;<br \/>\n<img decoding=\"async\" loading=\"lazy\" alt=\"PC Decrapifier nincs semmi szem\u00e9t\" src=\"\/\/cuccokhalomban.csillagpor.hu\/pict\/pc-decrapifier-screenshot-4.jpg\" width=\"692\" height=\"500\" \/>\n<\/p>\n<p>&#8230; de az oldal\u00e1r\u00f3l ide teszek egy tipikus \u00f6ssze\u00e1ll\u00edt\u00e1st, ezek elt\u00e1vol\u00edthat\u00f3k, b\u00e1r nem k\u00e1rosak, csak feleslegesek. PL: HotKeysCmds, igfxtray \u00e9s a t\u00f6bbi, ezek k\u00fcl\u00f6nben a futtathat\u00f3 programok k\u00f6z\u00f6tt le\u00e1ll\u00edthat\u00f3k, mindenf\u00e9le k\u00fcls\u0151 program n\u00e9lk\u00fcl is.<br \/>\n<img decoding=\"async\" loading=\"lazy\" alt=\"PC Decrapifier tipikus\" src=\"\/\/cuccokhalomban.csillagpor.hu\/pict\/pc-decrapifier-screenshot-5.jpg\" width=\"689\" height=\"500\" \/>\n<\/p>\n<p>Innen k\u00e9zzel is elt\u00e1vol\u00edthatunk ezt-azt, ha akarunk. Amiket kijel\u00f6l\u00fcnk, azokat sz\u00e9p sorban uninstall\u00e1lja.<br \/>\n<img decoding=\"async\" loading=\"lazy\" alt=\"PC Decrapifier k\u00e9zi elt\u00e1vol\u00edt\u00e1s\" src=\"\/\/cuccokhalomban.csillagpor.hu\/pict\/pc-decrapifier-screenshot-6.jpg\" width=\"692\" height=\"500\" \/>\n<\/p>\n<p>Elt\u00e1vol\u00edt\u00e1s k\u00e9sz.<br \/>\n<img decoding=\"async\" loading=\"lazy\" alt=\"PC Decrapifier elt\u00e1vol\u00edtva\" src=\"\/\/cuccokhalomban.csillagpor.hu\/pict\/pc-decrapifier-screenshot-8.jpg\" width=\"692\" height=\"500\" \/>\n<\/p>\n<p>Ha nem akarjuk, hogy adatokat k\u00fcldj\u00f6n a fejleszt\u0151k szerver\u00e9re, akkor vegy\u00fck ki a lenti Submit Feedbackb\u0151l a pip\u00e1t \u00e9s Finish.<br \/>\n<img decoding=\"async\" loading=\"lazy\" alt=\"PC Decrapifier k\u00e9sz\" src=\"\/\/cuccokhalomban.csillagpor.hu\/pict\/pc-decrapifier-screenshot-9.jpg\" width=\"692\" height=\"500\" \/><\/p>\n","protected":false},"excerpt":{"rendered":"<p><a target=\"_blank\" title=\"PC Decrapifier k\u00e9perny\u0151k\u00e9pek\" href=\"\/\/csillagpor.hu\/remek\/programok\/pc-decrapifier-screenshot\" rel=\"noopener noreferrer\"><img decoding=\"async\" loading=\"lazy\" alt=\"PC Decrapifier\" src=\"\/\/cuccokhalomban.csillagpor.hu\/pict\/pc-decrapifier-kicsi.jpg\" width=\"100\" height=\"73\" class=\"flr\" \/><\/a>A PC Decrapifier elt\u00e1vol\u00edtja sz\u00e1m\u00edt\u00f3g\u00e9p\u00fcnkr\u0151l a felesleges programokat. Sokszor nem csak haszontalanok ezek, hanem le is lass\u00edthatj\u00e1k Windowsunkat a k\u00fcl\u00f6nf\u00e9le seg\u00e9dprogramok, pr\u00f3baverzi\u00f3j\u00fa v\u00edrusirt\u00f3k, eszk\u00f6z\u00f6k \u00e1ll\u00edtgat\u00f3 fel\u00fcleteit ind\u00edt\u00f3 \u00f3ra melletti ikonok. De elt\u00e1vol\u00edtja a b\u00f6ng\u00e9sz\u0151be \u00e9p\u00fcl\u0151 eszk\u00f6zt\u00e1rakat is, keres\u0151ket \u00e9s milli\u00f3 a list\u00e1j\u00e1ban szerepl\u0151 szemetet, amit\u0151l csak idegesebbek lesz\u00fcnk, okosabbak nem.<\/p>\n","protected":false},"author":1,"featured_media":0,"parent":0,"menu_order":0,"comment_status":"closed","ping_status":"closed","template":"","meta":{"footnotes":""},"_links":{"self":[{"href":"https:\/\/csillagpor.hu\/remek\/programok\/wp-json\/wp\/v2\/pages\/1502"}],"collection":[{"href":"https:\/\/csillagpor.hu\/remek\/programok\/wp-json\/wp\/v2\/pages"}],"about":[{"href":"https:\/\/csillagpor.hu\/remek\/programok\/wp-json\/wp\/v2\/types\/page"}],"author":[{"embeddable":true,"href":"https:\/\/csillagpor.hu\/remek\/programok\/wp-json\/wp\/v2\/users\/1"}],"replies":[{"embeddable":true,"href":"https:\/\/csillagpor.hu\/remek\/programok\/wp-json\/wp\/v2\/comments?post=1502"}],"version-history":[{"count":0,"href":"https:\/\/csillagpor.hu\/remek\/programok\/wp-json\/wp\/v2\/pages\/1502\/revisions"}],"wp:attachment":[{"href":"https:\/\/csillagpor.hu\/remek\/programok\/wp-json\/wp\/v2\/media?parent=1502"}],"curies":[{"name":"wp","href":"https:\/\/api.w.org\/{rel}","templated":true}]}}