{"id":1508,"date":"2013-04-26T21:00:49","date_gmt":"2013-04-26T19:00:49","guid":{"rendered":"http:\/\/csillagpor.hu\/remek\/programok\/?page_id=1508"},"modified":"2022-06-30T18:25:18","modified_gmt":"2022-06-30T16:25:18","slug":"earthview-screenshot","status":"publish","type":"page","link":"https:\/\/csillagpor.hu\/remek\/programok\/earthview-screenshot","title":{"rendered":"EarthView k\u00e9perny\u0151k\u00e9pek"},"content":{"rendered":"<p><a target=\"_blank\" title=\"earthview\" href=\"\/\/csillagpor.hu\/remek\/programok\/earthview\" rel=\"noopener noreferrer\">Az EarthView F\u00f6ld h\u00e1tt\u00e9rk\u00e9p \u00e9s k\u00e9perny\u0151k\u00edm\u00e9l\u0151 program<\/a> be\u00e1ll\u00edt\u00e1sain\u00e1l v\u00e1laszthatjuk ki, hogy F\u00f6ld vagy t\u00e9rk\u00e9p legyen megjelen\u00edtve.<br \/>\n<img decoding=\"async\" loading=\"lazy\" alt=\"EarthView be\u00e1ll\u00edt\u00e1sok\" src=\"\/\/cuccokhalomban.csillagpor.hu\/pict\/earthview-screenshot-1.jpg\" width=\"490\" height=\"500\" \/>\n<\/p>\n<p>Most f\u00f6ldg\u00f6mbre \u00e1ll\u00edtva. Ha \u00e1t\u00edrjuk k\u00f6z\u00e9pen a koordin\u00e1t\u00e1kat, akkor v\u00e1ltoztathatjuk a hely\u00e9t a h\u00e1tt\u00e9rben.<br \/>\n<img decoding=\"async\" loading=\"lazy\" alt=\"EarthView hely\" src=\"\/\/cuccokhalomban.csillagpor.hu\/pict\/earthview-screenshot-2.jpg\" width=\"889\" height=\"500\" \/>\n<\/p>\n<p>X ir\u00e1nyba 20 krumpligoly\u00f3 (mert m\u00e9rt\u00e9kegys\u00e9get nem adtak meg).<br \/>\n<img decoding=\"async\" loading=\"lazy\" alt=\"EarthView balra\" src=\"\/\/cuccokhalomban.csillagpor.hu\/pict\/earthview-screenshot-3.jpg\" width=\"889\" height=\"500\" \/>\n<\/p>\n<p>Itt be\u00e1ll\u00edthatjuk a val\u00f3s d\u00e1tumot&#8230;<br \/>\n<img decoding=\"async\" loading=\"lazy\" alt=\"EarthView d\u00e1tum\" src=\"\/\/cuccokhalomban.csillagpor.hu\/pict\/earthview-screenshot-4.jpg\" width=\"889\" height=\"500\" \/>\n<\/p>\n<p>Teh\u00e1t most \u00e1prilis meg ak\u00e1rhanyadika.<br \/>\n<img decoding=\"async\" loading=\"lazy\" alt=\"EarthView \u00e1prilis\" src=\"\/\/cuccokhalomban.csillagpor.hu\/pict\/earthview-screenshot-5.jpg\" width=\"491\" height=\"500\" \/>\n<\/p>\n<p>A F\u00f6ld egyes r\u00e9tegei mennyire legyenek l\u00e1that\u00f3ak. Itt most minden k\u00f6z\u00e9p\u00e9rt\u00e9k.<br \/>\n<img decoding=\"async\" loading=\"lazy\" alt=\"EarthView n\u00e9zet\" src=\"\/\/cuccokhalomban.csillagpor.hu\/pict\/earthview-screenshot-6.jpg\" width=\"515\" height=\"500\" \/>\n<\/p>\n<p>A felh\u0151k k\u00fcl\u00f6n \u00e1ll\u00edthat\u00f3k.<br \/>\n<img decoding=\"async\" loading=\"lazy\" alt=\"EarthView felh\u0151\" src=\"\/\/cuccokhalomban.csillagpor.hu\/pict\/earthview-screenshot-7.jpg\" width=\"489\" height=\"500\" \/>\n<\/p>\n<p>Van egy kamera \u00fatvonal r\u00e9sze is, ezeket mi is l\u00e9trehozhatjuk. A megadott utat j\u00e1rja be, a megadott id\u0151 alatt.<br \/>\n<img decoding=\"async\" loading=\"lazy\" alt=\"EarthView kamera\" src=\"\/\/cuccokhalomban.csillagpor.hu\/pict\/earthview-screenshot-8.jpg\" width=\"489\" height=\"500\" \/>\n<\/p>\n<p>A k\u00e9perny\u0151k\u00edm\u00e9l\u0151 be\u00e1ll\u00edt\u00e1sai gyakorlatilag ugyanazok.<br \/>\n<img decoding=\"async\" loading=\"lazy\" alt=\"EarthView ua\" src=\"\/\/cuccokhalomban.csillagpor.hu\/pict\/earthview-screenshot-9.jpg\" width=\"492\" height=\"500\" \/>\n<\/p>\n<p>Ez pedig most k\u00edm\u00e9li a k\u00e9perny\u0151t.<br \/>\n<img decoding=\"async\" loading=\"lazy\" alt=\"EarthView k\u00e9perny\u0151k\u00edm\u00e9l\u0151\" src=\"\/\/cuccokhalomban.csillagpor.hu\/pict\/earthview-screenshot-10.jpg\" width=\"889\" height=\"500\" \/><\/p>\n","protected":false},"excerpt":{"rendered":"<p>Az EarthView F\u00f6ld h\u00e1tt\u00e9rk\u00e9p \u00e9s k\u00e9perny\u0151k\u00edm\u00e9l\u0151 program be\u00e1ll\u00edt\u00e1sain\u00e1l v\u00e1laszthatjuk ki, hogy F\u00f6ld vagy t\u00e9rk\u00e9p legyen megjelen\u00edtve. Most f\u00f6ldg\u00f6mbre \u00e1ll\u00edtva. Ha \u00e1t\u00edrjuk k\u00f6z\u00e9pen a&#46;&#46;&#46;<\/p>\n","protected":false},"author":1,"featured_media":0,"parent":0,"menu_order":0,"comment_status":"closed","ping_status":"closed","template":"","meta":{"footnotes":""},"_links":{"self":[{"href":"https:\/\/csillagpor.hu\/remek\/programok\/wp-json\/wp\/v2\/pages\/1508"}],"collection":[{"href":"https:\/\/csillagpor.hu\/remek\/programok\/wp-json\/wp\/v2\/pages"}],"about":[{"href":"https:\/\/csillagpor.hu\/remek\/programok\/wp-json\/wp\/v2\/types\/page"}],"author":[{"embeddable":true,"href":"https:\/\/csillagpor.hu\/remek\/programok\/wp-json\/wp\/v2\/users\/1"}],"replies":[{"embeddable":true,"href":"https:\/\/csillagpor.hu\/remek\/programok\/wp-json\/wp\/v2\/comments?post=1508"}],"version-history":[{"count":0,"href":"https:\/\/csillagpor.hu\/remek\/programok\/wp-json\/wp\/v2\/pages\/1508\/revisions"}],"wp:attachment":[{"href":"https:\/\/csillagpor.hu\/remek\/programok\/wp-json\/wp\/v2\/media?parent=1508"}],"curies":[{"name":"wp","href":"https:\/\/api.w.org\/{rel}","templated":true}]}}