{"id":1522,"date":"2013-05-08T21:18:54","date_gmt":"2013-05-08T19:18:54","guid":{"rendered":"http:\/\/csillagpor.hu\/remek\/programok\/?page_id=1522"},"modified":"2022-06-30T18:18:28","modified_gmt":"2022-06-30T16:18:28","slug":"google-translate-desktop-screenshot","status":"publish","type":"page","link":"https:\/\/csillagpor.hu\/remek\/programok\/google-translate-desktop-screenshot","title":{"rendered":"Google Translate Desktop k\u00e9perny\u0151k\u00e9pek"},"content":{"rendered":"<p>Elindult <a target=\"_blank\" title=\"google translate desktop\" href=\"\/\/csillagpor.hu\/remek\/programok\/google-translate-desktop\" rel=\"noopener noreferrer\">a Google Translate Desktop ford\u00edt\u00f3 program<\/a>, jobb lent a men\u00fc, az \u00f3ra melletti kis ikonj\u00e1b\u00f3l bukkant fel.<br \/>\n<img decoding=\"async\" loading=\"lazy\" alt=\"Google Translate Desktop\" src=\"\/\/cuccokhalomban.csillagpor.hu\/pict\/google-translate-desktop-screenshot-1.jpg\" width=\"660\" height=\"500\" \/>\n<\/p>\n<p>A felismert nyelvb\u0151l magyarra ford\u00edtva. A File men\u00fcb\u0151l menthetj\u00fck a leford\u00edtott sz\u00f6veget sz\u00f6veges f\u00e1jlba, vagy meg is nyithatunk egy f\u00e1jlt ford\u00edt\u00e1sra.<br \/>\n<img decoding=\"async\" loading=\"lazy\" alt=\"Google Translate Desktop ford\u00edt\u00e1s\" src=\"\/\/cuccokhalomban.csillagpor.hu\/pict\/google-translate-desktop-screenshot-2.jpg\" width=\"640\" height=\"500\" \/>\n<\/p>\n<p>Be\u00e1ll\u00edt\u00e1sok, bet\u0171t\u00edpus, kin\u00e9zet \u00e9s nyelv &#8230; sajnos magyar fel\u00fclet nem el\u00e9rhet\u0151.<br \/>\n<img decoding=\"async\" loading=\"lazy\" alt=\"Google Translate Desktop be\u00e1ll\u00edt\u00e1sok\" src=\"\/\/cuccokhalomban.csillagpor.hu\/pict\/google-translate-desktop-screenshot-3.jpg\" width=\"640\" height=\"500\" \/>\n<\/p>\n<p>Mi az alap\u00e9rtelmezett rendszer nyelv, mib\u0151l ford\u00edtson (itt nyelv felismer\u00e9sre \u00e1ll\u00edtva) \u00e9s mibe ford\u00edtson. Ezenk\u00edv\u00fcl v\u00e1g\u00f3lap figyel\u00e9s \u00e9s kiejt\u00e9s &#8230;<br \/>\n<img decoding=\"async\" loading=\"lazy\" alt=\"Google Translate Desktop nyelv\" src=\"\/\/cuccokhalomban.csillagpor.hu\/pict\/google-translate-desktop-screenshot-4.jpg\" width=\"640\" height=\"500\" \/>\n<\/p>\n<p>Magyarr\u00f3l tradicion\u00e1lis k\u00ednaira fogjuk ford\u00edtani a csillagpor.hu oldalt &#8230; ja, k\u00f6z\u00e9pen a gombok: ford\u00edt\u00e1s, nyelvek felcser\u00e9l\u00e9se, vissza, m\u00e1sol\u00e1s a v\u00e1g\u00f3lapra, beilleszt\u00e9s, t\u00f6rl\u00e9s.<br \/>\n<img decoding=\"async\" loading=\"lazy\" alt=\"Google Translate Desktop gombok\" src=\"\/\/cuccokhalomban.csillagpor.hu\/pict\/google-translate-desktop-screenshot-5.jpg\" width=\"640\" height=\"500\" \/>\n<\/p>\n<p>A weblap ford\u00edt\u00e1shoz a Google weboldal ford\u00edt\u00f3j\u00e1t nyitja meg b\u00f6ng\u00e9sz\u0151ben.<br \/>\n<img decoding=\"async\" loading=\"lazy\" alt=\"Google Translate Desktop Csillagpor.hu\" src=\"\/\/cuccokhalomban.csillagpor.hu\/pict\/google-translate-desktop-screenshot-6.jpg\" width=\"854\" height=\"500\" \/><\/p>\n","protected":false},"excerpt":{"rendered":"<p>Elindult a Google Translate Desktop ford\u00edt\u00f3 program, jobb lent a men\u00fc, az \u00f3ra melletti kis ikonj\u00e1b\u00f3l bukkant fel. A felismert nyelvb\u0151l magyarra ford\u00edtva.&#46;&#46;&#46;<\/p>\n","protected":false},"author":1,"featured_media":0,"parent":0,"menu_order":0,"comment_status":"closed","ping_status":"closed","template":"","meta":{"footnotes":""},"_links":{"self":[{"href":"https:\/\/csillagpor.hu\/remek\/programok\/wp-json\/wp\/v2\/pages\/1522"}],"collection":[{"href":"https:\/\/csillagpor.hu\/remek\/programok\/wp-json\/wp\/v2\/pages"}],"about":[{"href":"https:\/\/csillagpor.hu\/remek\/programok\/wp-json\/wp\/v2\/types\/page"}],"author":[{"embeddable":true,"href":"https:\/\/csillagpor.hu\/remek\/programok\/wp-json\/wp\/v2\/users\/1"}],"replies":[{"embeddable":true,"href":"https:\/\/csillagpor.hu\/remek\/programok\/wp-json\/wp\/v2\/comments?post=1522"}],"version-history":[{"count":0,"href":"https:\/\/csillagpor.hu\/remek\/programok\/wp-json\/wp\/v2\/pages\/1522\/revisions"}],"wp:attachment":[{"href":"https:\/\/csillagpor.hu\/remek\/programok\/wp-json\/wp\/v2\/media?parent=1522"}],"curies":[{"name":"wp","href":"https:\/\/api.w.org\/{rel}","templated":true}]}}