{"id":1577,"date":"2013-06-09T21:59:04","date_gmt":"2013-06-09T19:59:04","guid":{"rendered":"http:\/\/csillagpor.hu\/remek\/programok\/?page_id=1577"},"modified":"2022-06-30T18:07:59","modified_gmt":"2022-06-30T16:07:59","slug":"opera-mail-screenshot","status":"publish","type":"page","link":"https:\/\/csillagpor.hu\/remek\/programok\/opera-mail-screenshot","title":{"rendered":"Opera Mail k\u00e9perny\u0151k\u00e9pek"},"content":{"rendered":"<p><a target=\"_blank\" title=\"opera mail\" href=\"\/\/csillagpor.hu\/remek\/programok\/opera-mail\" rel=\"noopener noreferrer\">Az Opera Mail levelez\u0151program<\/a> telep\u00edt\u00e9se elej\u00e9n v\u00e1lasszuk a Be\u00e1ll\u00edt\u00e1sok lehet\u0151s\u00e9get, akkor megv\u00e1ltoztathatunk itt ez, azt.<br \/>\n<img decoding=\"async\" loading=\"lazy\" alt=\"Opera Mail telep\u00edt\u0151\" src=\"\/\/cuccokhalomban.csillagpor.hu\/pict\/opera-mail-screenshot-2.jpg\" width=\"616\" height=\"433\" \/>\n<\/p>\n<p>\u00daj fi\u00f3k var\u00e1zsl\u00f3 a levelez\u0151, a h\u00edrcsoportok \u00e9s a levelek import\u00e1l\u00e1sa lehet\u0151s\u00e9ghez.<br \/>\n<img decoding=\"async\" loading=\"lazy\" alt=\"Opera Mail var\u00e1zsl\u00f3\" src=\"\/\/cuccokhalomban.csillagpor.hu\/pict\/opera-mail-screenshot-3.jpg\" width=\"590\" height=\"500\" \/>\n<\/p>\n<p>Levelek import\u00e1l\u00e1sa az Oper\u00e1b\u00f3l, a Thunderbirdb\u0151l, az Outlook Expressb\u0151l vagy az Eudor\u00e1b\u00f3l.<br \/>\n<img decoding=\"async\" loading=\"lazy\" alt=\"Opera Mail levelek import\u00e1l\u00e1sa\" src=\"\/\/cuccokhalomban.csillagpor.hu\/pict\/opera-mail-screenshot-4.jpg\" width=\"589\" height=\"500\" \/>\n<\/p>\n<p>\u00daj fi\u00f3k var\u00e1zsl\u00f3, e-mail c\u00edm megad\u00e1sa, n\u00e9v \u00e9s szervezet.<br \/>\n<img decoding=\"async\" loading=\"lazy\" alt=\"Opera Mail \u00faj fi\u00f3k\" src=\"\/\/cuccokhalomban.csillagpor.hu\/pict\/opera-mail-screenshot-5.jpg\" width=\"588\" height=\"500\" \/>\n<\/p>\n<p>Elindult 3 paneles n\u00e9zetben, egy \u00fcdv\u00f6zl\u0151 levelem van. Baloldalon k\u00fcl\u00f6n c\u00edmk\u00e9k, csatolm\u00e1nyok \u00e9s postafi\u00f3kok szerint csoportos\u00edtva.<br \/>\n<img decoding=\"async\" loading=\"lazy\" alt=\"Opera Mail lev\u00e9l\" src=\"\/\/cuccokhalomban.csillagpor.hu\/pict\/opera-mail-screenshot-6.jpg\" width=\"589\" height=\"500\" \/>\n<\/p>\n<p>A levelez\u0151 elrendez\u00e9se \u00e9s a levelek rendez\u00e9se.<br \/>\n<img decoding=\"async\" loading=\"lazy\" alt=\"Opera Mail levelez\u0151\" src=\"\/\/cuccokhalomban.csillagpor.hu\/pict\/opera-mail-screenshot-7.jpg\" width=\"775\" height=\"500\" \/>\n<\/p>\n<p>Olvasatlan levelek rendez\u00e9se \u00e9s a dolgok megjelen\u00edt\u00e9se &#8230; vagy nem.<br \/>\n<img decoding=\"async\" loading=\"lazy\" alt=\"Opera Mail olvasatlan\" src=\"\/\/cuccokhalomban.csillagpor.hu\/pict\/opera-mail-screenshot-8.jpg\" width=\"775\" height=\"500\" \/>\n<\/p>\n<p>Nagy\u00edt\u00e1s \u00e9s vannak m\u00e9g itt k\u00e9pek meg teljes k\u00e9perny\u0151 &#8230;<br \/>\n<img decoding=\"async\" loading=\"lazy\" alt=\"Opera Mail nagy\u00edt\u00e1s\" src=\"\/\/cuccokhalomban.csillagpor.hu\/pict\/opera-mail-screenshot-9.jpg\" width=\"774\" height=\"500\" \/>\n<\/p>\n<p>Fi\u00f3k tulajdons\u00e1gok be\u00e1ll\u00edt\u00e1sa.<br \/>\n<img decoding=\"async\" loading=\"lazy\" alt=\"Opera Mail fi\u00f3k\" src=\"\/\/cuccokhalomban.csillagpor.hu\/pict\/opera-mail-screenshot-10.jpg\" width=\"775\" height=\"500\" \/>\n<\/p>\n<p>Levelek k\u00fcld\u00e9se, fogad\u00e1sa, szinkroniz\u00e1l\u00e1sa, ellen\u0151rz\u00e9se.<br \/>\n<img decoding=\"async\" loading=\"lazy\" alt=\"Opera Mail levelek fogad\u00e1sa\" src=\"\/\/cuccokhalomban.csillagpor.hu\/pict\/opera-mail-screenshot-11.jpg\" width=\"775\" height=\"500\" \/>\n<\/p>\n<p>Nyelvi be\u00e1ll\u00edt\u00e1s \u00e9s hogy legyen e alap\u00e9rtelmezett levelez\u0151program.<br \/>\n<img decoding=\"async\" loading=\"lazy\" alt=\"Opera Mail alap\u00e9rtelmezett\" src=\"\/\/cuccokhalomban.csillagpor.hu\/pict\/opera-mail-screenshot-12.jpg\" width=\"775\" height=\"500\" \/>\n<\/p>\n<p>Billenty\u0171zetbe\u00e1ll\u00edt\u00e1s szerkeszt\u00e9se.<br \/>\n<img decoding=\"async\" loading=\"lazy\" alt=\"Opera Mail billenty\u0171zet\" src=\"\/\/cuccokhalomban.csillagpor.hu\/pict\/opera-mail-screenshot-13.jpg\" width=\"774\" height=\"500\" \/>\n<\/p>\n<p>Levelek, h\u00edrcsatorn\u00e1k \u00e9s n\u00e9vjegyek import\u00e1l\u00e1sa, export\u00e1l\u00e1sa.<br \/>\n<img decoding=\"async\" loading=\"lazy\" alt=\"Opera Mail export\u00e1l\u00e1s\" src=\"\/\/cuccokhalomban.csillagpor.hu\/pict\/opera-mail-screenshot-14.jpg\" width=\"775\" height=\"500\" \/>\n<\/p>\n<p>Men\u00fcs\u00e1v megjelen\u00edt\u00e9se.<br \/>\n<img decoding=\"async\" loading=\"lazy\" alt=\"Opera Mail men\u00fcs\u00e1v\" src=\"\/\/cuccokhalomban.csillagpor.hu\/pict\/opera-mail-screenshot-15.jpg\" width=\"775\" height=\"500\" \/>\n<\/p>\n<p>Ott a men\u00fcs\u00e1v, itt pedig hozz\u00e1adunk egy h\u00edrcsatorn\u00e1t.<br \/>\n<img decoding=\"async\" loading=\"lazy\" alt=\"Opera Mail h\u00edrcsatorna\" src=\"\/\/cuccokhalomban.csillagpor.hu\/pict\/opera-mail-screenshot-16.jpg\" width=\"775\" height=\"500\" \/>\n<\/p>\n<p>Ez itt az RSS olvas\u00f3, jobb gombbal egy h\u00edrre kattintva lehet pl. c\u00edmk\u00e9zni.<br \/>\n<img decoding=\"async\" loading=\"lazy\" alt=\"Opera Mail RSS\" src=\"\/\/cuccokhalomban.csillagpor.hu\/pict\/opera-mail-screenshot-17.jpg\" width=\"775\" height=\"500\" \/>\n<\/p>\n<p>\u00daj lev\u00e9l \u00edr\u00e1sa, ez most \u00e9ppen Windows XP-n. Term\u00e9szetesen &#8220;Az Opera levelez\u0151j\u00e9t haszn\u00e1lva&#8221; sz\u00f6veg \u00e9s a link elt\u00e1vol\u00edthat\u00f3.<br \/>\n<img decoding=\"async\" loading=\"lazy\" alt=\"Opera Mail \u00faj lev\u00e9l \u00edr\u00e1sa\" src=\"\/\/cuccokhalomban.csillagpor.hu\/pict\/opera-mail-screenshot-18.jpg\" width=\"775\" height=\"500\" \/>\n<\/p>\n<p>Megjelen\u00edtett mez\u0151k, lehet m\u00e1solat, titkos c\u00edmzett, v\u00e1laszc\u00edm, csatolm\u00e1nyok, k\u00f3dol\u00e1s, priorit\u00e1s \u00e9s sz\u00f6vegir\u00e1ny.<br \/>\n<img decoding=\"async\" loading=\"lazy\" alt=\"Opera Mail mez\u0151k\" src=\"\/\/cuccokhalomban.csillagpor.hu\/pict\/opera-mail-screenshot-19.jpg\" width=\"775\" height=\"500\" \/>\n<\/p>\n<p>Az al\u00e1\u00edr\u00e1s szerkeszt\u0151, tulajdonk\u00e9pp egy egyszer\u0171 azt kapod amit l\u00e1tsz HTML szerkeszt\u0151.<br \/>\n<img decoding=\"async\" loading=\"lazy\" alt=\"Opera Mail al\u00e1\u00edr\u00e1s\" src=\"\/\/cuccokhalomban.csillagpor.hu\/pict\/opera-mail-screenshot-20.jpg\" width=\"775\" height=\"500\" \/><\/p>\n","protected":false},"excerpt":{"rendered":"<p><a target=\"_blank\" title=\"opera mail k\u00e9perny\u0151k\u00e9pek\" href=\"\/\/csillagpor.hu\/remek\/programok\/opera-mail-screenshot\" rel=\"noopener noreferrer\"><img decoding=\"async\" loading=\"lazy\" alt=\"Opera Mail\" src=\"\/\/cuccokhalomban.csillagpor.hu\/pict\/opera-mail-kicsi.jpg\" width=\"100\" height=\"65\" class=\"flr\" \/><\/a>Az Opera Mail levelez\u0151program telep\u00edt\u00e9se elej\u00e9n v\u00e1lasszuk a Be\u00e1ll\u00edt\u00e1sok lehet\u0151s\u00e9get, akkor megv\u00e1ltoztathatunk itt ez, azt. \u00daj fi\u00f3k var\u00e1zsl\u00f3 a levelez\u0151, a h\u00edrcsoportok \u00e9s a levelek import\u00e1l\u00e1sa lehet\u0151s\u00e9ghez. Levelek import\u00e1l\u00e1sa az Oper\u00e1b\u00f3l, a Thunderbirdb\u0151l, az Outlook Expressb\u0151l vagy az Eudor\u00e1b\u00f3l. \u00daj fi\u00f3k var\u00e1zsl\u00f3, e-mail c\u00edm megad\u00e1sa, n\u00e9v \u00e9s szervezet. Elindult 3 paneles n\u00e9zetben, egy \u00fcdv\u00f6zl\u0151 levelem van&#8230;<\/p>\n","protected":false},"author":1,"featured_media":0,"parent":0,"menu_order":0,"comment_status":"closed","ping_status":"closed","template":"","meta":{"footnotes":""},"_links":{"self":[{"href":"https:\/\/csillagpor.hu\/remek\/programok\/wp-json\/wp\/v2\/pages\/1577"}],"collection":[{"href":"https:\/\/csillagpor.hu\/remek\/programok\/wp-json\/wp\/v2\/pages"}],"about":[{"href":"https:\/\/csillagpor.hu\/remek\/programok\/wp-json\/wp\/v2\/types\/page"}],"author":[{"embeddable":true,"href":"https:\/\/csillagpor.hu\/remek\/programok\/wp-json\/wp\/v2\/users\/1"}],"replies":[{"embeddable":true,"href":"https:\/\/csillagpor.hu\/remek\/programok\/wp-json\/wp\/v2\/comments?post=1577"}],"version-history":[{"count":0,"href":"https:\/\/csillagpor.hu\/remek\/programok\/wp-json\/wp\/v2\/pages\/1577\/revisions"}],"wp:attachment":[{"href":"https:\/\/csillagpor.hu\/remek\/programok\/wp-json\/wp\/v2\/media?parent=1577"}],"curies":[{"name":"wp","href":"https:\/\/api.w.org\/{rel}","templated":true}]}}