{"id":1659,"date":"2014-09-14T15:19:04","date_gmt":"2014-09-14T13:19:04","guid":{"rendered":"http:\/\/csillagpor.hu\/remek\/programok\/?page_id=1659"},"modified":"2022-06-30T18:19:40","modified_gmt":"2022-06-30T16:19:40","slug":"free-registry-defrag-screenshot","status":"publish","type":"page","link":"https:\/\/csillagpor.hu\/remek\/programok\/free-registry-defrag-screenshot","title":{"rendered":"Free Registry Defrag k\u00e9perny\u0151k\u00e9pek"},"content":{"rendered":"<p>A <a target=\"_blank\" title=\"registry defrag\" href=\"\/\/csillagpor.hu\/remek\/programok\/free-registry-defrag-letoltese\" rel=\"noopener noreferrer\">Free Registry Defrag<\/a> rendszerle\u00edr\u00f3 adatb\u00e1zis t\u00f6m\u00f6r\u00edt\u0151 program telep\u00edt\u00e9se k\u00e9sz. Kattintsunk az Analize Registry gombra!<br \/>\n<img decoding=\"async\" loading=\"lazy\" alt=\"Registry Defrag telep\u00edt\u00e9s k\u00e9sz\" src=\"\/\/cuccokhalomban.csillagpor.hu\/pict\/registry-defrag-screenshot-1.jpg\" width=\"700\" height=\"525\" \/>\n<\/p>\n<p>A registry elemz\u00e9se folyamatban, v\u00e1rjunk t\u00fcrelmesen!<br \/>\n<img decoding=\"async\" loading=\"lazy\" alt=\"Registry Defrag elemz\u00e9s\" src=\"\/\/cuccokhalomban.csillagpor.hu\/pict\/registry-defrag-screenshot-2.jpg\" width=\"700\" height=\"525\" \/>\n<\/p>\n<p>Az elemz\u00e9s k\u00e9sz, lent l\u00e1thatjuk mekkora a t\u00f6redezetts\u00e9g \u00e9s mennyit tudunk rajta jav\u00edtani a t\u00f6redezetts\u00e9g-mentes\u00edt\u00e9ssel. A Compact\/Defrag Registry gombra kattintva elindul a jav\u00edt\u00e1s.<br \/>\n<img decoding=\"async\" loading=\"lazy\" alt=\"Registry Defrag elemz\u00e9s k\u00e9sz\" src=\"\/\/cuccokhalomban.csillagpor.hu\/pict\/registry-defrag-screenshot-3.jpg\" width=\"700\" height=\"525\" \/>\n<\/p>\n<p>A t\u00f6m\u00f6r\u00edt\u00e9s folyamatban&#8230;<br \/>\n<img decoding=\"async\" loading=\"lazy\" alt=\"Registry Defrag t\u00f6m\u00f6r\u00edt\u00e9s\" src=\"\/\/cuccokhalomban.csillagpor.hu\/pict\/registry-defrag-screenshot-4.jpg\" width=\"700\" height=\"525\" \/>\n<\/p>\n<p>A registry t\u00f6redezetts\u00e9g-mentes\u00edt\u00e9s\u00e9nek befejez\u00e9s\u00e9hez \u00fajra kell ind\u00edtani a sz\u00e1m\u00edt\u00f3g\u00e9pet. OK vagy ha bez\u00e1rn\u00e1nk, akkor is \u00fajraindul a g\u00e9p sz\u00f3 n\u00e9lk\u00fcl.<br \/>\n<img decoding=\"async\" loading=\"lazy\" alt=\"Registry Defrag k\u00e9sz, \u00fajraind\u00edt\u00e1s\" src=\"\/\/cuccokhalomban.csillagpor.hu\/pict\/registry-defrag-screenshot-5.jpg\" width=\"700\" height=\"525\" \/><\/p>\n","protected":false},"excerpt":{"rendered":"<p><a target=\"_blank\" title=\"free registry defrag k\u00e9perny\u0151k\u00e9pek\" href=\"\/\/csillagpor.hu\/remek\/programok\/free-registry-defrag-screenshot\" rel=\"noopener noreferrer\"><img decoding=\"async\" loading=\"lazy\" alt=\"Free Registry Defrag\" src=\"\/\/cuccokhalomban.csillagpor.hu\/pict\/free-registry-defrag.jpg\" width=\"100\" height=\"75\" class=\"flr\" \/><\/a>A Free Registry Defrag rendszerle\u00edr\u00f3 adatb\u00e1zis t\u00f6m\u00f6r\u00edt\u0151 program telep\u00edt\u00e9se k\u00e9sz. Kattintsunk az Analize Registry gombra! A registry elemz\u00e9se folyamatban, v\u00e1rjunk t\u00fcrelmesen! Az elemz\u00e9s k\u00e9sz, lent l\u00e1thatjuk mekkora a t\u00f6redezetts\u00e9g \u00e9s mennyit tudunk rajta jav\u00edtani a t\u00f6redezetts\u00e9g-mentes\u00edt\u00e9ssel. A Compact\/Defrag Registry gombra kattintva elindul a jav\u00edt\u00e1s&#8230;<\/p>\n","protected":false},"author":1,"featured_media":0,"parent":0,"menu_order":0,"comment_status":"closed","ping_status":"closed","template":"","meta":{"footnotes":""},"_links":{"self":[{"href":"https:\/\/csillagpor.hu\/remek\/programok\/wp-json\/wp\/v2\/pages\/1659"}],"collection":[{"href":"https:\/\/csillagpor.hu\/remek\/programok\/wp-json\/wp\/v2\/pages"}],"about":[{"href":"https:\/\/csillagpor.hu\/remek\/programok\/wp-json\/wp\/v2\/types\/page"}],"author":[{"embeddable":true,"href":"https:\/\/csillagpor.hu\/remek\/programok\/wp-json\/wp\/v2\/users\/1"}],"replies":[{"embeddable":true,"href":"https:\/\/csillagpor.hu\/remek\/programok\/wp-json\/wp\/v2\/comments?post=1659"}],"version-history":[{"count":0,"href":"https:\/\/csillagpor.hu\/remek\/programok\/wp-json\/wp\/v2\/pages\/1659\/revisions"}],"wp:attachment":[{"href":"https:\/\/csillagpor.hu\/remek\/programok\/wp-json\/wp\/v2\/media?parent=1659"}],"curies":[{"name":"wp","href":"https:\/\/api.w.org\/{rel}","templated":true}]}}