{"id":1825,"date":"2016-06-03T22:16:29","date_gmt":"2016-06-03T20:16:29","guid":{"rendered":"http:\/\/csillagpor.hu\/remek\/programok\/?page_id=1825"},"modified":"2022-06-30T18:30:05","modified_gmt":"2022-06-30T16:30:05","slug":"aomei-partition-assistant-kepernyokepek","status":"publish","type":"page","link":"https:\/\/csillagpor.hu\/remek\/programok\/aomei-partition-assistant-kepernyokepek","title":{"rendered":"AOMEI Partition Assistant k\u00e9perny\u0151k\u00e9pek"},"content":{"rendered":"<p><a target=\"_blank\" title=\"AOMEI Partition Assistant\" href=\"\/\/csillagpor.hu\/remek\/programok\/aomei-partition-assistant\" rel=\"noopener noreferrer\">Az AOMEI Partition Assistant Standard Edition<\/a> 8.6-os verzi\u00f3j\u00e1r\u00f3l egy p\u00e1r k\u00e9p &#8230; L\u00e1thatjuk hogy t\u00f6bb lemez nehezen f\u00e9r ki m\u00e9g el\u00e9g nagy kijelz\u0151re is, szerencs\u00e9re jobb fent \u00e1t tudjuk \u00e1ll\u00edtani egyfajta lista n\u00e9zetre&#8230;<br \/>\n<img decoding=\"async\" loading=\"lazy\" src=\"\/\/cuccokhalomban.csillagpor.hu\/pict\/aomei-partition-assistent-standard-edition-2.jpg\" width=\"730\" height=\"468\" alt=\"AOMEI Partition Assistant Standard\" \/>\n<\/p>\n<p>&#8230; ami \u00edgy n\u00e9z ki, no meg akkor m\u00e1r egy jobbklikkes men\u00fc is hozz\u00e1&#8230;<br \/>\n<img decoding=\"async\" loading=\"lazy\" src=\"\/\/cuccokhalomban.csillagpor.hu\/pict\/aomei-partition-assistent-standard-edition-3.jpg\" width=\"730\" height=\"468\" alt=\"AOMEI Partition Assistant lista n\u00e9zet \u00e9s men\u00fc\" \/>\n<\/p>\n<p>A baloldali men\u00fcben a <em>Minden eszk\u00f6z<\/em>re kattintva l\u00e1thatjuk a Partition Assistant tov\u00e1bbi eszk\u00f6zeit.<br \/>\n<img decoding=\"async\" loading=\"lazy\" src=\"\/\/cuccokhalomban.csillagpor.hu\/pict\/aomei-partition-assistent-standard-edition-4.jpg\" width=\"730\" height=\"468\" alt=\"AOMEI Partition Assistant minden eszk\u00f6z\" \/>\n<\/p>\n<p>R\u00e9gebbi verzi\u00f3k&#8230;<\/p>\n<p><a target=\"_blank\" title=\"AOMEI Partition Assistant\" href=\"\/\/csillagpor.hu\/remek\/programok\/aomei-partition-assistant\" rel=\"noopener noreferrer\">Az AOMEI Partition Assistant<\/a> feltelep\u00edtve, els\u0151 ind\u00edt\u00e1s Windows 10-en. Egy bet\u0171jel n\u00e9lk\u00fcli rendszer sz\u00e1m\u00e1ra fenntartott part\u00edci\u00f3 \u00e9s a C: a Windowszal.<br \/>\n<img decoding=\"async\" loading=\"lazy\" src=\"\/\/cuccokhalomban.csillagpor.hu\/pict\/aomei-partition-assistant-kepernyokep-1.jpg\" width=\"730\" height=\"533\" alt=\"AOMEI Partition Assistant\" \/>\n<\/p>\n<p>Mozgat\u00e1s \u00e9s part\u00edci\u00f3 \u00e1tm\u00e9retez\u00e9se, megfogom a v\u00e9g\u00e9t eg\u00e9rrel \u00e9s odah\u00fazom ahov\u00e1 szeretn\u00e9m, vagy lejjebb be\u00edrom a part\u00edci\u00f3 m\u00e9ret\u00e9t. Nyilv\u00e1n a felhaszn\u00e1lt ter\u00fclett\u0151l nem lehet kisebb.<br \/>\n<img decoding=\"async\" loading=\"lazy\" src=\"\/\/cuccokhalomban.csillagpor.hu\/pict\/aomei-partition-assistant-kepernyokep-2.jpg\" width=\"730\" height=\"533\" alt=\"AOMEI Partition Assistant part\u00edci\u00f3 \u00e1tm\u00e9retez\u00e9s, mozgat\u00e1s\" \/>\n<\/p>\n<p>Lemezm\u00e1sol\u00f3 var\u00e1zsl\u00f3. V\u00e1laszthatjuk a gyors lemezm\u00e1sol\u00e1st, ilyenkor akkora ter\u00fcletre is m\u00e1solhat\u00f3 a lemez amennyi adatot tartalmaz, a szektorr\u00f3l szektorra m\u00e1sol\u00e1s eset\u00e9n a teljes lemez &#8211; bele\u00e9rtve az \u00fcres ter\u00fclet is &#8211; m\u00e9rete, vagy att\u00f3l nagyobb sz\u00fcks\u00e9ges a c\u00e9l lemez eset\u00e9ben. Ha \u00e9rthet\u0151 voltam &#8230; :)<br \/>\n<img decoding=\"async\" loading=\"lazy\" src=\"\/\/cuccokhalomban.csillagpor.hu\/pict\/aomei-partition-assistant-kepernyokep-3.jpg\" width=\"730\" height=\"533\" alt=\"AOMEI Partition Assistant lemezm\u00e1sol\u00f3 var\u00e1zsl\u00f3\" \/>\n<\/p>\n<p>Part\u00edci\u00f3m\u00e1sol\u00f3 var\u00e1zsl\u00f3. Itt is van gyors \u00e9s szektorr\u00f3l szektorra m\u00e1sol\u00e1s, kb. ugyanaz mint az el\u0151z\u0151, csak part\u00edci\u00f3val.<br \/>\n<img decoding=\"async\" loading=\"lazy\" src=\"\/\/cuccokhalomban.csillagpor.hu\/pict\/aomei-partition-assistant-kepernyokep-4.jpg\" width=\"730\" height=\"533\" alt=\"AOMEI Partition Assistant part\u00edci\u00f3m\u00e1sol\u00f3 var\u00e1zsl\u00f3\" \/>\n<\/p>\n<p>Migr\u00e1l\u00e1s SSD-re vagy HDD-re, az oper\u00e1ci\u00f3s rendszert m\u00e1solja mindenest\u0151l egy m\u00e1sik lemezre, ahonnan az k\u00e9s\u0151bb vissza\u00e1ll\u00edthat\u00f3. Ez a legjobb megold\u00e1s, ha pl. a laptopba SSD-t rakunk, \u00e9s az eddigi HDD-r\u0151l mindenf\u00e9le telep\u00edtget\u00e9sek n\u00e9lk\u00fcl szeretn\u00e9nk pontosan ugyanazt a rendszert megkapni.<br \/>\n<img decoding=\"async\" loading=\"lazy\" src=\"\/\/cuccokhalomban.csillagpor.hu\/pict\/aomei-partition-assistant-kepernyokep-5.jpg\" width=\"730\" height=\"533\" alt=\"AOMEI Partition Assistant migr\u00e1l\u00e1s SSD-re, HDD-re\" \/>\n<\/p>\n<p>Part\u00edci\u00f3 helyre\u00e1ll\u00edt\u00f3 var\u00e1zsl\u00f3, ha egy part\u00edci\u00f3nk valami\u00e9rt elveszett, az adatok m\u00e9g megmaradnak t\u00f6bbnyire, ha a hiba keletkez\u00e9se ut\u00e1n nem piszk\u00e1ltuk a lemezt. Ilyen esetekben ez a program el\u00e9g nagy val\u00f3sz\u00edn\u0171s\u00e9ggel vissza\u00e1ll\u00edtja az elveszett part\u00edci\u00f3t &#8230;<br \/>\n<img decoding=\"async\" loading=\"lazy\" src=\"\/\/cuccokhalomban.csillagpor.hu\/pict\/aomei-partition-assistant-kepernyokep-6.jpg\" width=\"730\" height=\"534\" alt=\"AOMEI Partition Assistant part\u00edci\u00f3 helyre\u00e1ll\u00edt\u00f3 var\u00e1zsl\u00f3\" \/>\n<\/p>\n<p>Jobb ha a teljes keres\u00e9st v\u00e1lasztjuk, nem j\u00f3 kapkodni, r\u00e1\u00e9r\u00fcnk, t\u00f6bbnyire nem csin\u00e1lunk ilyet \u00f3r\u00e1nk\u00e9nt. A l\u00e9nyeg: sok esetben nagyon nagy k\u00fcl\u00f6nbs\u00e9g van a k\u00e9tf\u00e9le keres\u00e9s tal\u00e1latai k\u00f6z\u00f6tt. Ha az elveszett part\u00edci\u00f3 el\u0151tt volt kor\u00e1bban t\u00f6bb part\u00edci\u00f3 is a lemezen, nem \u00e1rt tudni az utols\u00f3r\u00f3l ezt-azt, pl. a m\u00e9ret\u00e9t, a k\u00f6tet c\u00edmk\u00e9t, ilyesmit, ez seg\u00edti sikeres vissza\u00e1ll\u00edt\u00e1st.<br \/>\n<img decoding=\"async\" loading=\"lazy\" src=\"\/\/cuccokhalomban.csillagpor.hu\/pict\/aomei-partition-assistant-kepernyokep-7.jpg\" width=\"730\" height=\"533\" alt=\"AOMEI Partition Assistant gyors vagy teljes keres\u00e9s\" \/>\n<\/p>\n<p>NTFS-t FAT32-re vagy FAT32-t NTFS-re alak\u00edt\u00f3.<br \/>\n<img decoding=\"async\" loading=\"lazy\" src=\"\/\/cuccokhalomban.csillagpor.hu\/pict\/aomei-partition-assistant-kepernyokep-8.jpg\" width=\"566\" height=\"414\" alt=\"AOMEI Partition Assistant Ntfs2Fat32\" \/>\n<\/p>\n<p>Ind\u00edthat\u00f3 WinPE CD k\u00e9sz\u00edt\u00e9se. Azt \u00edrja, hogy a hordozhat\u00f3 Windows lehet\u0151s\u00e9g jobb, azt Windows telep\u00edt\u0151 f\u00e1jlb\u00f3l hozhatjuk l\u00e9tre.<br \/>\n<img decoding=\"async\" loading=\"lazy\" src=\"\/\/cuccokhalomban.csillagpor.hu\/pict\/aomei-partition-assistant-kepernyokep-9.jpg\" width=\"730\" height=\"534\" alt=\"AOMEI Partition Assistant WinPE\" \/>\n<\/p>\n<p>Itt is van a hordozhat\u00f3 Windows k\u00e9sz\u00edt\u0151. USB meghajt\u00f3 \u00e9s Windows 8 vagy 10 f\u00e1jl kiv\u00e1laszt\u00f3 r\u00e9sz.<br \/>\n<img decoding=\"async\" loading=\"lazy\" src=\"\/\/cuccokhalomban.csillagpor.hu\/pict\/aomei-partition-assistant-kepernyokep-10.jpg\" width=\"730\" height=\"534\" alt=\"AOMEI Partition Assistant hordozhat\u00f3 Windows\" \/>\n<\/p>\n<p>Part\u00edci\u00f3k \u00f6sszevon\u00e1sa, itt ezeket most \u00e9ppen nem lehet, de egy\u00e9bk\u00e9nt ki kellene v\u00e1lasztani, hogy miket vonjon \u00f6ssze, melyik c\u00e9lpart\u00edci\u00f3ba.<br \/>\n<img decoding=\"async\" loading=\"lazy\" src=\"\/\/cuccokhalomban.csillagpor.hu\/pict\/aomei-partition-assistant-kepernyokep-13.jpg\" width=\"730\" height=\"533\" alt=\"AOMEI Partition Assistant part\u00edci\u00f3k \u00f6sszevon\u00e1sa\" \/>\n<\/p>\n<p>Part\u00edci\u00f3 elfelez\u00e9se, k\u00e9t k\u00edv\u00e1nt m\u00e9ret\u0171 part\u00edci\u00f3t csin\u00e1lhatunk egycsap\u00e1sra. A felhaszn\u00e1lt ter\u00fclett\u0151l itt sem lehet kisebb a part\u00edci\u00f3. A legt\u00f6bb helyen l\u00e1thatjuk lent a &#8220;Part\u00edci\u00f3 elrendez\u00e9s enged\u00e9lyez\u00e9se az SSD teljes\u00edtm\u00e9ny\u00e9nek optimaliz\u00e1l\u00e1s\u00e1hoz&#8221; sz\u00f6veget. Ha sz\u00fcks\u00e9ges \u00e9lj\u00fcnk a lehet\u0151s\u00e9ggel!<br \/>\n<img decoding=\"async\" loading=\"lazy\" src=\"\/\/cuccokhalomban.csillagpor.hu\/pict\/aomei-partition-assistant-kepernyokep-14.jpg\" width=\"730\" height=\"534\" alt=\"AOMEI Partition Assistant part\u00edci\u00f3 elfelez\u00e9se\" \/>\n<\/p>\n<p>Part\u00edci\u00f3 l\u00e9trehoz\u00e1sa. Itt nem a sima, m\u00e9g ki nem osztott ter\u00fcleten val\u00f3 l\u00e9trehoz\u00e1sr\u00f3l van sz\u00f3, hanem a megl\u00e9v\u0151 part\u00edci\u00f3 \u00fcres ter\u00fclet\u00e9t csoportos\u00edtja \u00e1t, \u00e9s ebb\u0151l csin\u00e1l nek\u00fcnk egy \u00fajat.<br \/>\n<img decoding=\"async\" loading=\"lazy\" src=\"\/\/cuccokhalomban.csillagpor.hu\/pict\/aomei-partition-assistant-kepernyokep-15.jpg\" width=\"730\" height=\"533\" alt=\"AOMEI Partition Assistant part\u00edci\u00f3 l\u00e9trehoz\u00e1sa\" \/>\n<\/p>\n<p>Akt\u00edv part\u00edci\u00f3 be\u00e1ll\u00edt\u00e1sa, ha be\u00e1ll\u00edtjuk akt\u00edvra, akkor err\u0151l bootol a masina, m\u00e1r ha van rajta boot record meg oprendszer.<br \/>\n<img decoding=\"async\" loading=\"lazy\" src=\"\/\/cuccokhalomban.csillagpor.hu\/pict\/aomei-partition-assistant-kepernyokep-16.jpg\" width=\"730\" height=\"533\" alt=\"AOMEI Partition Assistant akt\u00edv part\u00edci\u00f3\" \/>\n<\/p>\n<p>Part\u00edci\u00f3 rendez\u00e9se, ha optimaliz\u00e1ltnak jelzi, akkor nincs sz\u00fcks\u00e9g \u00e1trendez\u00e9sre, am\u00fagy v\u00e1laszthatjuk a k\u00fcl\u00f6nb\u00f6z\u0151 szektorm\u00e9reteket, m\u00e1r ha tudjuk mit mi\u00e9rt csin\u00e1lunk, en\u00e9lk\u00fcl nem \u00e9rdemes \u00e1ll\u00edtgatni.<br \/>\n<img decoding=\"async\" loading=\"lazy\" src=\"\/\/cuccokhalomban.csillagpor.hu\/pict\/aomei-partition-assistant-kepernyokep-17.jpg\" width=\"730\" height=\"534\" alt=\"AOMEI Partition Assistant part\u00edci\u00f3 rendez\u00e9se\" \/>\n<\/p>\n<p>Part\u00edci\u00f3 ellen\u0151rz\u00e9se, a chkdsk.exe keresi a hib\u00e1kat, kijav\u00edtja vagy csak sz\u00f3l r\u00f3la, de ellen\u0151rizhetj\u00fck csak a hib\u00e1s szektorokat is.<br \/>\n<img decoding=\"async\" loading=\"lazy\" src=\"\/\/cuccokhalomban.csillagpor.hu\/pict\/aomei-partition-assistant-kepernyokep-18.jpg\" width=\"730\" height=\"534\" alt=\"AOMEI Partition Assistant part\u00edci\u00f3 ellen\u0151rz\u00e9se\" \/>\n<\/p>\n<p>Part\u00edci\u00f3 \u00e9s a f\u00e1jlrendszer tulajdons\u00e1gai.<br \/>\n<img decoding=\"async\" loading=\"lazy\" src=\"\/\/cuccokhalomban.csillagpor.hu\/pict\/aomei-partition-assistant-kepernyokep-19.jpg\" width=\"730\" height=\"533\" alt=\"AOMEI Partition Assistant tulajdons\u00e1gok\" \/>\n<\/p>\n<p>Merevlemez t\u00f6rl\u00e9se, ha mindent el szeretn\u00e9nk t\u00fcntetni.<br \/>\n<img decoding=\"async\" loading=\"lazy\" src=\"\/\/cuccokhalomban.csillagpor.hu\/pict\/aomei-partition-assistant-kepernyokep-20.jpg\" width=\"730\" height=\"534\" alt=\"AOMEI Partition Assistant merevlemez t\u00f6rl\u00e9se\" \/>\n<\/p>\n<p>Minden part\u00edci\u00f3 \u00e9s ha akarjuk az \u00f6sszes adat t\u00f6rl\u00e9se. Ez nem tudom pontosan miben k\u00fcl\u00f6nb\u00f6zik az el\u0151z\u0151t\u0151l, ezen k\u00edv\u00fcl lehet m\u00e9g az MBR-t t\u00f6r\u00f6lni part\u00edci\u00f3s t\u00e1bl\u00e1st\u00f3l &#8230; nem tudom ez megteszi e, az el\u0151z\u0151 val\u00f3sz\u00edn\u0171leg. B\u00e1r, ha nincs part\u00edci\u00f3, akkor MBR se kell :) &#8230; esetleg m\u00e9g az lehet, hogy ez, ha akarjuk nem t\u00f6rli az adatokat, a m\u00e1sik pedig mindenk\u00e9pp. Sz\u00f3val felhaszn\u00e1l\u00f3i oldalr\u00f3l nem nagyon van k\u00fcl\u00f6nbs\u00e9g, esetleg csak akkor, ha valaki \u00fagy szeretn\u00e9 elrejteni az adatokat, hogy t\u00f6rli csak a part\u00edci\u00f3kat, majd k\u00e9s\u0151bb vissza\u00e1ll\u00edtja :)<br \/>\n<img decoding=\"async\" loading=\"lazy\" src=\"\/\/cuccokhalomban.csillagpor.hu\/pict\/aomei-partition-assistant-kepernyokep-21.jpg\" width=\"730\" height=\"533\" alt=\"AOMEI Partition Assistant minden part\u00edci\u00f3 t\u00f6rl\u00e9se\" \/>\n<\/p>\n<p>Lemezfel\u00fclet ellen\u0151rz\u00e9s<br \/>\n<img decoding=\"async\" loading=\"lazy\" src=\"\/\/cuccokhalomban.csillagpor.hu\/pict\/aomei-partition-assistant-kepernyokep-22.jpg\" width=\"730\" height=\"534\" alt=\"AOMEI Partition Assistant lemezfel\u00fclet ellen\u0151rz\u00e9s\" \/>\n<\/p>\n<p>Konvert\u00e1l\u00e1s MBR-r\u0151l GPT-re<br \/>\n<img decoding=\"async\" loading=\"lazy\" src=\"\/\/cuccokhalomban.csillagpor.hu\/pict\/aomei-partition-assistant-kepernyokep-23.jpg\" width=\"730\" height=\"533\" alt=\"AOMEI Partition Assistant MBR to GPT\" \/>\n<\/p>\n<p>MBR \u00fajj\u00e1\u00e9p\u00edt\u00e9se a k\u00fcl\u00f6nf\u00e9le v\u00e1laszthat\u00f3 Windowsokhoz.<br \/>\n<img decoding=\"async\" loading=\"lazy\" src=\"\/\/cuccokhalomban.csillagpor.hu\/pict\/aomei-partition-assistant-kepernyokep-24.jpg\" width=\"730\" height=\"529\" alt=\"AOMEI Partition Assistant MBR \u00fajj\u00e1\u00e9p\u00edt\u00e9se\" \/><\/p>\n","protected":false},"excerpt":{"rendered":"<p><a target=\"_blank\" title=\"AOMEI Partition Assistant k\u00e9perny\u0151k\u00e9pek\" href=\"\/\/csillagpor.hu\/remek\/programok\/aomei-partition-assistant-kepernyokepek\" rel=\"noopener noreferrer\"><img decoding=\"async\" loading=\"lazy\" alt=\"AOMEI Partition Assistant\" src=\"\/\/cuccokhalomban.csillagpor.hu\/pict\/aomei-partition-assistant-kicsi.jpg\" width=\"122\" height=\"89\" class=\"flr\" \/><\/a>Az AOMEI Partition Assistant feltelep\u00edtve, els\u0151 ind\u00edt\u00e1s Windows 10-en. Mozgat\u00e1s \u00e9s part\u00edci\u00f3 \u00e1tm\u00e9retez\u00e9se, Lemezm\u00e1sol\u00f3 var\u00e1zsl\u00f3, v\u00e1laszthatjuk a gyors lemezm\u00e1sol\u00e1st, ilyenkor akkora ter\u00fcletre is m\u00e1solhat\u00f3 a lemez amennyi adatot tartalmaz, a szektorr\u00f3l szektorra m\u00e1sol\u00e1s eset\u00e9n a teljes lemez &#8211; bele\u00e9rtve az \u00fcres ter\u00fclet is &#8211; m\u00e9rete, vagy att\u00f3l nagyobb sz\u00fcks\u00e9ges a c\u00e9l lemez eset\u00e9ben. Part\u00edci\u00f3m\u00e1sol\u00f3 var\u00e1zsl\u00f3, itt is van gyors \u00e9s szektorr\u00f3l szektorra m\u00e1sol\u00e1s, kb. ugyanaz mint az el\u0151z\u0151, csak part\u00edci\u00f3val&#8230;<\/p>\n","protected":false},"author":1,"featured_media":0,"parent":0,"menu_order":0,"comment_status":"closed","ping_status":"closed","template":"","meta":{"footnotes":""},"_links":{"self":[{"href":"https:\/\/csillagpor.hu\/remek\/programok\/wp-json\/wp\/v2\/pages\/1825"}],"collection":[{"href":"https:\/\/csillagpor.hu\/remek\/programok\/wp-json\/wp\/v2\/pages"}],"about":[{"href":"https:\/\/csillagpor.hu\/remek\/programok\/wp-json\/wp\/v2\/types\/page"}],"author":[{"embeddable":true,"href":"https:\/\/csillagpor.hu\/remek\/programok\/wp-json\/wp\/v2\/users\/1"}],"replies":[{"embeddable":true,"href":"https:\/\/csillagpor.hu\/remek\/programok\/wp-json\/wp\/v2\/comments?post=1825"}],"version-history":[{"count":0,"href":"https:\/\/csillagpor.hu\/remek\/programok\/wp-json\/wp\/v2\/pages\/1825\/revisions"}],"wp:attachment":[{"href":"https:\/\/csillagpor.hu\/remek\/programok\/wp-json\/wp\/v2\/media?parent=1825"}],"curies":[{"name":"wp","href":"https:\/\/api.w.org\/{rel}","templated":true}]}}