{"id":578,"date":"2011-05-31T22:31:59","date_gmt":"2011-05-31T20:31:59","guid":{"rendered":"http:\/\/csillagpor.hu\/remek\/programok\/?page_id=578"},"modified":"2022-06-30T17:44:00","modified_gmt":"2022-06-30T15:44:00","slug":"splayer-screenshot","status":"publish","type":"page","link":"https:\/\/csillagpor.hu\/remek\/programok\/splayer-screenshot","title":{"rendered":"SPlayer k\u00e9perny\u0151k\u00e9pek"},"content":{"rendered":"<p><a target=\"_blank\" title=\"multimedia\" href=\"\/\/csillagpor.hu\/remek\/programok\/multimedia-lejatszo-programok\" rel=\"noopener noreferrer\">A m\u00e9dia lej\u00e1tsz\u00f3<\/a> telep\u00edt\u00e9se. V\u00e1lasszuk ki az \u00f6sszetev\u0151ket! Hasznos az extra codec feltelep\u00edt\u00e9se is.<br \/>\n<img decoding=\"async\" loading=\"lazy\" alt=\"SPlayer lej\u00e1tsz\u00f3 telep\u00edt\u00e9s\" src=\"\/\/cuccokhalomban.csillagpor.hu\/pict\/splayer-screenshot-5.jpg\" width=\"504\" height=\"389\" \/>\n<\/p>\n<p>Jobb gombos men\u00fc, megnyit\u00e1s: URL, BD vagy DVD lemez, mappa, BD mappa, vide\u00f3 felvev\u0151, audio track, CDROM<br \/>\n<img decoding=\"async\" loading=\"lazy\" alt=\"SPlayer megnyit\u00e1s\" src=\"\/\/cuccokhalomban.csillagpor.hu\/pict\/splayer-screenshot-6.jpg\" width=\"497\" height=\"420\" \/>\n<\/p>\n<p>Equalizer \u00e9s csatorna kontroller, digit\u00e1lis kimenet, automatikusan felismert kimenet \u00e9s kimenet v\u00e1laszt\u00e1s.<br \/>\n<img decoding=\"async\" loading=\"lazy\" alt=\"SPlayer kimenet\" src=\"\/\/cuccokhalomban.csillagpor.hu\/pict\/splayer-screenshot-7.jpg\" width=\"781\" height=\"360\" \/>\n<\/p>\n<p>Az Equalizer alapbe\u00e1ll\u00edt\u00e1son.<br \/>\n<img decoding=\"async\" loading=\"lazy\" alt=\"SPlayer equalizer\" src=\"\/\/cuccokhalomban.csillagpor.hu\/pict\/splayer-screenshot-8.jpg\" width=\"480\" height=\"360\" \/>\n<\/p>\n<p>A fels\u0151 grafikus be\u00e1ll\u00edt\u00f3 men\u00fc, vil\u00e1goss\u00e1g \u00e9s kontraszt be\u00e1ll\u00edt\u00e1sok.<br \/>\n<img decoding=\"async\" loading=\"lazy\" alt=\"SPlayer men\u00fc\" src=\"\/\/cuccokhalomban.csillagpor.hu\/pict\/splayer-screenshot-9.jpg\" width=\"481\" height=\"360\" \/>\n<\/p>\n<p>A GUI (grafikus felhaszn\u00e1l\u00f3i fel\u00fclet) be\u00e1ll\u00edt\u00e1si lehet\u0151s\u00e9gei.<br \/>\n<img decoding=\"async\" loading=\"lazy\" alt=\"SPlayer GUI\" src=\"\/\/cuccokhalomban.csillagpor.hu\/pict\/splayer-screenshot-10.jpg\" width=\"804\" height=\"483\" \/>\n<\/p>\n<p>A feliratok bet\u0171t\u00edpus\u00e1nak kiv\u00e1laszt\u00e1sa, automatikusan let\u00f6lti a feliratot.<br \/>\n<img decoding=\"async\" loading=\"lazy\" alt=\"SPlayer felirat\" src=\"\/\/cuccokhalomban.csillagpor.hu\/pict\/splayer-screenshot-11.jpg\" width=\"480\" height=\"503\" \/>\n<\/p>\n<p>Be\u00e1ll\u00edt\u00e1sok, m\u00e9diaf\u00e1jl hozz\u00e1rendel\u00e9sek: vide\u00f3f\u00e1jl: avi, mkv, wmv, mp4, stb. hangf\u00e1jl: mp3, wma, flac, stb.<br \/>\n<img decoding=\"async\" loading=\"lazy\" alt=\"SPlayer f\u00e1jlok\" src=\"\/\/cuccokhalomban.csillagpor.hu\/pict\/splayer-screenshot-12.jpg\" width=\"480\" height=\"503\" \/>\n<\/p>\n<p>Az <a target=\"_blank\" title=\"splayer\" href=\"\/\/csillagpor.hu\/remek\/programok\/splayer-letoltese\" rel=\"noopener noreferrer\">SPlayer m\u00e9dia lej\u00e1tsz\u00f3<\/a>.<br \/>\n<img decoding=\"async\" loading=\"lazy\" alt=\"SPlayer lej\u00e1tsz\u00f3\" src=\"\/\/cuccokhalomban.csillagpor.hu\/pict\/splayer-screenshot.jpg\" width=\"522\" height=\"377\" \/>\n<\/p>\n<p>Fels\u0151 men\u00fc ikonok, be\u00e1ll\u00edt\u00e1sok, teljes k\u00e9perny\u0151, k\u00e9perny\u0151k\u00e9p, ilyesmik&#8230;<br \/>\n<img decoding=\"async\" loading=\"lazy\" alt=\"SPlayer men\u00fc\" src=\"\/\/cuccokhalomban.csillagpor.hu\/pict\/splayer-screenshot-2.jpg\" width=\"522\" height=\"377\" \/>\n<\/p>\n<p>MP4 vide\u00f3 lej\u00e1tsz\u00e1s.<br \/>\n<img decoding=\"async\" loading=\"lazy\" alt=\"SPlayer MP4 lej\u00e1tsz\u00e1s\" title=\"SPlayer\" src=\"\/\/cuccokhalomban.csillagpor.hu\/pict\/splayer-screenshot-3.jpg\" width=\"692\" height=\"500\" \/>\n<\/p>\n<p>MP3 lej\u00e1tsz\u00e1s, playlist.<br \/>\n<img decoding=\"async\" loading=\"lazy\" alt=\"SPlayer playlist\" title=\"SPlayer\" src=\"\/\/cuccokhalomban.csillagpor.hu\/pict\/splayer-screenshot-4.jpg\" width=\"522\" height=\"377\" \/><\/p>\n","protected":false},"excerpt":{"rendered":"<p>A m\u00e9dia lej\u00e1tsz\u00f3 telep\u00edt\u00e9se. V\u00e1lasszuk ki az \u00f6sszetev\u0151ket! Hasznos az extra codec feltelep\u00edt\u00e9se is. Jobb gombos men\u00fc, megnyit\u00e1s: URL, BD vagy DVD lemez,&#46;&#46;&#46;<\/p>\n","protected":false},"author":1,"featured_media":0,"parent":0,"menu_order":0,"comment_status":"closed","ping_status":"closed","template":"","meta":{"footnotes":""},"_links":{"self":[{"href":"https:\/\/csillagpor.hu\/remek\/programok\/wp-json\/wp\/v2\/pages\/578"}],"collection":[{"href":"https:\/\/csillagpor.hu\/remek\/programok\/wp-json\/wp\/v2\/pages"}],"about":[{"href":"https:\/\/csillagpor.hu\/remek\/programok\/wp-json\/wp\/v2\/types\/page"}],"author":[{"embeddable":true,"href":"https:\/\/csillagpor.hu\/remek\/programok\/wp-json\/wp\/v2\/users\/1"}],"replies":[{"embeddable":true,"href":"https:\/\/csillagpor.hu\/remek\/programok\/wp-json\/wp\/v2\/comments?post=578"}],"version-history":[{"count":0,"href":"https:\/\/csillagpor.hu\/remek\/programok\/wp-json\/wp\/v2\/pages\/578\/revisions"}],"wp:attachment":[{"href":"https:\/\/csillagpor.hu\/remek\/programok\/wp-json\/wp\/v2\/media?parent=578"}],"curies":[{"name":"wp","href":"https:\/\/api.w.org\/{rel}","templated":true}]}}