{"id":653,"date":"2011-09-02T23:15:20","date_gmt":"2011-09-02T21:15:20","guid":{"rendered":"http:\/\/csillagpor.hu\/remek\/programok\/?page_id=653"},"modified":"2022-06-30T18:31:22","modified_gmt":"2022-06-30T16:31:22","slug":"7-zip-screenshot","status":"publish","type":"page","link":"https:\/\/csillagpor.hu\/remek\/programok\/7-zip-screenshot","title":{"rendered":"7-Zip k\u00e9perny\u0151k\u00e9pek"},"content":{"rendered":"<p>A <a target=\"_blank\" title=\"7-zip\" href=\"\/\/csillagpor.hu\/remek\/programok\/7-zip-letoltese\" rel=\"noopener noreferrer\">7-Zip<\/a> form\u00e1tumai amikbe t\u00f6m\u00f6r\u00edteni tud: <a target=\"_blank\" title=\"7z\" href=\"\/\/csillagpor.hu\/remek\/fajlkiterjesztes\/7z\" rel=\"noopener noreferrer\">7z<\/a>, <a target=\"_blank\" title=\"bzip2\" href=\"\/\/csillagpor.hu\/remek\/fajlkiterjesztes\/bzip2\" rel=\"noopener noreferrer\">bzip2<\/a>, <a target=\"_blank\" title=\"gzip\" href=\"\/\/csillagpor.hu\/remek\/fajlkiterjesztes\/gzip\" rel=\"noopener noreferrer\">gzip<\/a>, <a target=\"_blank\" title=\"tar\" href=\"\/\/csillagpor.hu\/remek\/fajlkiterjesztes\/tar\" rel=\"noopener noreferrer\">tar<\/a>, <a target=\"_blank\" title=\"wim\" href=\"\/\/csillagpor.hu\/remek\/fajlkiterjesztes\/wim\" rel=\"noopener noreferrer\">wim<\/a>, xz, <a target=\"_blank\" title=\"zip\" href=\"\/\/csillagpor.hu\/remek\/fajlkiterjesztes\/zip\" rel=\"noopener noreferrer\">zip<\/a>. Ezekre j\u00f6het m\u00e9g r\u00e1 az <a target=\"_blank\" title=\"exe\" href=\"\/\/csillagpor.hu\/remek\/fajlkiterjesztes\/exe\" rel=\"noopener noreferrer\">exe<\/a> \u00f6nkicsomagol\u00f3 form\u00e1tum, ha akarjuk titkos\u00edtva, jelsz\u00f3val v\u00e9dve.<br \/>\n<img decoding=\"async\" loading=\"lazy\" alt=\"7-Zip form\u00e1tumok\" src=\"\/\/cuccokhalomban.csillagpor.hu\/pict\/7zip-kepernyokep-w10-formatumok.jpg\" width=\"626\" height=\"628\" \/>\n<\/p>\n<p>A 7-Zip Windows 10-en &#8230; Gyakorlatilag \u00e9vek \u00f3ta v\u00e1ltozatlan a fel\u00fclete, csak a Windows v\u00e1ltozik n\u00e9ha. Az Eszk\u00f6z\u00f6k men\u00fcb\u0151l \u00e9rhet\u0151k el a be\u00e1ll\u00edt\u00e1sok.<br \/>\n<img decoding=\"async\" loading=\"lazy\" alt=\"7-Zip be\u00e1ll\u00edt\u00e1sok\" src=\"\/\/cuccokhalomban.csillagpor.hu\/pict\/7zip-kepernyokep-1.jpg\" width=\"617\" height=\"528\" \/>\n<\/p>\n<p>A f\u00e1jl kiterjeszt\u00e9sek 7-Ziphez val\u00f3 t\u00e1rs\u00edt\u00e1s\u00e1nak be\u00e1ll\u00edt\u00e1sai pl. megv\u00e1ltoztak az ut\u00f3bbi id\u0151ben. Itt most nincs semmi a 7-Ziphez rendelve, de ha r\u00e1kattintunk egy f\u00e1jlt\u00edpusra, \u00e9s fent a pluszra, akkor ezut\u00e1n a 7-Zip fogja azt megnyitni. \u00c9rdekess\u00e9g, hogy k\u00fcl\u00f6n \u00e1ll\u00edthat\u00f3, hogy minden felhaszn\u00e1l\u00f3ra legyen e \u00e9rv\u00e9nyes, vagy csak a jelenlegire.<br \/>\n<img decoding=\"async\" loading=\"lazy\" alt=\"7-Zip t\u00e1rs\u00edt\u00e1sok\" src=\"\/\/cuccokhalomban.csillagpor.hu\/pict\/7zip-kepernyokep-2.jpg\" width=\"406\" height=\"532\" \/>\n<\/p>\n<p>Itt a Windows f\u00e1jlkezel\u0151j\u00e9be, \u00edgy a teljes Windows fel\u00fcletbe t\u00f6rt\u00e9n\u0151 be\u00e9p\u00fcl\u00e9s mik\u00e9ntj\u00e9t \u00e1ll\u00edtgathatjuk.<br \/>\n<img decoding=\"async\" loading=\"lazy\" alt=\"7-Zip be\u00e9p\u00fcl\u00e9s\" src=\"\/\/cuccokhalomban.csillagpor.hu\/pict\/7zip-kepernyokep-3.jpg\" width=\"406\" height=\"532\" \/>\n<\/p>\n<p>Ha esetleg nem magyarul telep\u00fclne, itt \u00e1ll\u00edthatjuk \u00e1t &#8230; a csaknem 100 nyelv valamelyik\u00e9re.<br \/>\n<img decoding=\"async\" loading=\"lazy\" alt=\"7-Zip nyelv\" src=\"\/\/cuccokhalomban.csillagpor.hu\/pict\/7zip-kepernyokep-4.jpg\" width=\"406\" height=\"532\" \/>\n<\/p>\n<p>R\u00e9gebbi verzi\u00f3k&#8230;<\/p>\n<p>Ha a <a target=\"_blank\" title=\"7-zip\" href=\"\/\/csillagpor.hu\/remek\/programok\/7-zip-letoltese\" rel=\"noopener noreferrer\">7-Zip t\u00f6m\u00f6r\u00edt\u0151 program<\/a> telep\u00edt\u00e9sekor a Localization files-t is telep\u00edtj\u00fck, akkor magyar nyelv\u0171 lesz, vagy b\u00e1rmi m\u00e1s a 71-b\u0151l.<br \/>\n<img decoding=\"async\" loading=\"lazy\" alt=\"7-Zip nyelvi f\u00e1jlok\" src=\"\/\/cuccokhalomban.csillagpor.hu\/pict\/7zip-screenshot-7.jpg\" width=\"499\" height=\"388\" \/>\n<\/p>\n<p>Elindult a 7-Zip f\u00e1jlkezel\u0151, v\u00e1lasszuk ki a t\u00f6m\u00f6r\u00edtend\u0151 f\u00e1jlokat vagy k\u00f6nyvt\u00e1rakat vagy csomagoljunk ki valamit!<br \/>\n<img decoding=\"async\" loading=\"lazy\" alt=\"7-Zip\" src=\"\/\/cuccokhalomban.csillagpor.hu\/pict\/7zip-screenshot-8.jpg\" width=\"730\" height=\"496\" \/>\n<\/p>\n<p>A teljes\u00edtm\u00e9nym\u00e9r\u0151 eszk\u00f6z.<br \/>\n<img decoding=\"async\" loading=\"lazy\" alt=\"7-Zip - teljes\u00edtm\u00e9ny m\u00e9r\u00e9s\" src=\"\/\/cuccokhalomban.csillagpor.hu\/pict\/7zip-screenshot-9.jpg\" width=\"730\" height=\"496\" \/>\n<\/p>\n<p>Be\u00e1ll\u00edt\u00e1sok &#8211; Rendszer &#8211; 7-Zip t\u00e1rs\u00edt\u00e1sa: hozz\u00e1rendelhet\u00fcnk <a target=\"_blank\" title=\"zip\" href=\"\/\/csillagpor.hu\/remek\/fajlkiterjesztes\/zip\" rel=\"noopener noreferrer\">zip<\/a>, <a target=\"_blank\" title=\"rar\" href=\"\/\/csillagpor.hu\/remek\/fajlkiterjesztes\/rar\" rel=\"noopener noreferrer\">rar<\/a>, <a target=\"_blank\" title=\"7z\" href=\"\/\/csillagpor.hu\/remek\/fajlkiterjesztes\/7z\" rel=\"noopener noreferrer\">7z<\/a>, gz \u00e9s bz2, arj, cab, deb \u00e9s iso, lha, rpm, tar, z \u00e9s m\u00e9g sok arch\u00edv form\u00e1tumot.<br \/>\n<img decoding=\"async\" loading=\"lazy\" alt=\"7-Zip - f\u00e1jlt\u00edpusok\" src=\"\/\/cuccokhalomban.csillagpor.hu\/pict\/7zip-screenshot-10.jpg\" width=\"730\" height=\"497\" \/>\n<\/p>\n<p>7-Zip hozz\u00e1ad\u00e1sa a parancs\u00e9rtelmez\u0151 helyi men\u00fcj\u00e9hez \u00e9s l\u00e9pcs\u0151zetes men\u00fc.<br \/>\n<img decoding=\"async\" loading=\"lazy\" alt=\"7-Zip helyi men\u00fc\" src=\"\/\/cuccokhalomban.csillagpor.hu\/pict\/7zip-screenshot-11.jpg\" width=\"730\" height=\"497\" \/>\n<\/p>\n<p>Munkamapp\u00e1k meghat\u00e1roz\u00e1sa.<br \/>\n<img decoding=\"async\" loading=\"lazy\" alt=\"7-Zip mappa\" src=\"\/\/cuccokhalomban.csillagpor.hu\/pict\/7zip-screenshot-12.jpg\" width=\"730\" height=\"497\" \/>\n<\/p>\n<p>N\u00e9zet \u00e9s eszk\u00f6zt\u00e1r men\u00fc.<br \/>\n<img decoding=\"async\" loading=\"lazy\" alt=\"7-Zip n\u00e9zet\" src=\"\/\/cuccokhalomban.csillagpor.hu\/pict\/7zip-screenshot-13.jpg\" width=\"730\" height=\"511\" \/>\n<\/p>\n<p>Nagy ikon n\u00e9zet, helyi men\u00fc, 7-Zip arch\u00edvumhoz ad\u00e1s&#8230;<br \/>\n<img decoding=\"async\" loading=\"lazy\" alt=\"7-Zip hozz\u00e1ad\u00e1s\" src=\"\/\/cuccokhalomban.csillagpor.hu\/pict\/7zip-screenshot-14.jpg\" width=\"730\" height=\"523\" \/>\n<\/p>\n<p>Behelyez\u00e9s arch\u00edvumba be\u00e1ll\u00edt\u00e1sai, t\u00f6m\u00f6r\u00edt\u00e9s foka, rakt\u00e1roz\u00e1st\u00f3l ultra t\u00f6m\u00f6r\u00edt\u00e9sig.<br \/>\n<img decoding=\"async\" loading=\"lazy\" alt=\"7-Zip - t\u00f6m\u00f6r\u00edt\u00e9s foka\" src=\"\/\/cuccokhalomban.csillagpor.hu\/pict\/7zip-screenshot-15.jpg\" width=\"730\" height=\"533\" \/>\n<\/p>\n<p><a target=\"_blank\" title=\"t\u00f6m\u00f6r\u00edt\u0151\" href=\"\/\/csillagpor.hu\/remek\/programok\/tomorito-programok\" rel=\"noopener noreferrer\">T\u00f6m\u00f6r\u00edt\u00e9s<\/a> m\u00f3dja, lzma, lzma2, ppmd, bzip2 v\u00e1laszthat\u00f3 algoritmusok.<br \/>\n<img decoding=\"async\" loading=\"lazy\" alt=\"7-Zip m\u00f3dszer\" src=\"\/\/cuccokhalomban.csillagpor.hu\/pict\/7zip-screenshot-16.jpg\" width=\"730\" height=\"532\" \/>\n<\/p>\n<p>K\u00f6tetekre darabol\u00e1s sablon be\u00e1ll\u00edt\u00e1sokkal, vagy egyedileg megadott m\u00e9retek szerint.<br \/>\n<img decoding=\"async\" loading=\"lazy\" alt=\"7-Zip - k\u00f6teteg\" src=\"\/\/cuccokhalomban.csillagpor.hu\/pict\/7zip-screenshot-17.jpg\" width=\"730\" height=\"532\" \/>\n<\/p>\n<p>Aktualiz\u00e1l\u00e1s m\u00f3dja.<br \/>\n<img decoding=\"async\" loading=\"lazy\" alt=\"7-Zip\" src=\"\/\/cuccokhalomban.csillagpor.hu\/pict\/7zip-screenshot-18.jpg\" width=\"730\" height=\"533\" \/>\n<\/p>\n<p>SFX arch\u00edvum, azaz exe f\u00e1jl l\u00e9trehoz\u00e1sa, jelsz\u00f3val titkos\u00edt\u00e1s AES-256 elj\u00e1r\u00e1ssal.<br \/>\n<img decoding=\"async\" loading=\"lazy\" alt=\"7-Zip sfx\" src=\"\/\/cuccokhalomban.csillagpor.hu\/pict\/7zip-screenshot-19.jpg\" width=\"730\" height=\"533\" \/>\n<\/p>\n<p>A 7-Zip n\u00e9vjegye, ha akarunk \u00e1ldozhatunk r\u00e1 20 doll\u00e1rt, de \u00edgy is \u00fagy teljes \u00e9rt\u00e9k\u0171, ingyenes szoftver\u00fcnk lesz.<br \/>\n<img decoding=\"async\" loading=\"lazy\" alt=\"7-Zip n\u00e9vjegy\" src=\"\/\/cuccokhalomban.csillagpor.hu\/pict\/7zip-screenshot-20.jpg\" width=\"730\" height=\"497\" \/>\n<\/p>\n<p>Windows XP-n: F\u00e1jlok hozz\u00e1ad\u00e1sa<br \/>\n<img decoding=\"async\" loading=\"lazy\" alt=\"7-Zip\" src=\"\/\/cuccokhalomban.csillagpor.hu\/pict\/7zip-screenshot-3.jpg\" width=\"730\" height=\"435\" \/>\n<\/p>\n<p>Behelyez\u00e9s arch\u00edvumba, SFX arch\u00edvum hozz\u00e1ad\u00e1sa.<br \/>\n<img decoding=\"async\" loading=\"lazy\" alt=\"7-Zip SFX\" src=\"\/\/cuccokhalomban.csillagpor.hu\/pict\/7zip-screenshot-4.jpg\" width=\"578\" height=\"500\" \/>\n<\/p>\n<p>Be\u00e1ll\u00edt\u00e1sok &#8211; Rendszer &#8211; 7-Zip t\u00e1rs\u00edt\u00e1sa, rengeteg t\u00f6m\u00f6r\u00edtett form\u00e1tumot kezel.<br \/>\n<img decoding=\"async\" loading=\"lazy\" alt=\"7-Zip t\u00e1rs\u00edt\u00e1s\" src=\"\/\/cuccokhalomban.csillagpor.hu\/pict\/7zip-screenshot-5.jpg\" width=\"350\" height=\"445\" \/>\n<\/p>\n<p>Be\u00e1ll\u00edt\u00e1sok &#8211; Helyi men\u00fckbe be\u00e9p\u00fcl\u00e9s be\u00e1ll\u00edt\u00e1sa.<br \/>\n<img decoding=\"async\" loading=\"lazy\" alt=\"7-Zip helyi men\u00fck\" src=\"\/\/cuccokhalomban.csillagpor.hu\/pict\/7zip-screenshot-6.jpg\" width=\"350\" height=\"445\" \/><\/p>\n","protected":false},"excerpt":{"rendered":"<p><a target=\"_blank\" title=\"7 zip\" href=\"\/\/csillagpor.hu\/remek\/programok\/7-zip-screenshot\" rel=\"noopener noreferrer\"><img decoding=\"async\" loading=\"lazy\" alt=\"7zip\" src=\"\/\/cuccokhalomban.csillagpor.hu\/pict\/7zip-kicsi.jpg\" width=\"100\" height=\"73\" class=\"flr\" \/><\/a>A 7-Zip Windows 10-en &#8230; Gyakorlatilag \u00e9vek \u00f3ta v\u00e1ltozatlan a fel\u00fclete, csak a Windows v\u00e1ltozik n\u00e9ha. Az Eszk\u00f6z\u00f6k men\u00fcb\u0151l \u00e9rhet\u0151k el a be\u00e1ll\u00edt\u00e1sok. A f\u00e1jl kiterjeszt\u00e9sek 7-Ziphez val\u00f3 t\u00e1rs\u00edt\u00e1s\u00e1nak be\u00e1ll\u00edt\u00e1sai pl. megv\u00e1ltoztak az ut\u00f3bbi id\u0151ben. Itt most nincs semmi a 7-Ziphez rendelve, de ha r\u00e1kattintunk egy f\u00e1jlt\u00edpusra, \u00e9s fent a pluszra, akkor ezut\u00e1n a 7-Zip fogja azt megnyitni. \u00c9rdekess\u00e9g, hogy k\u00fcl\u00f6n \u00e1ll\u00edthat\u00f3, hogy minden felhaszn\u00e1l\u00f3ra legyen e \u00e9rv\u00e9nyes, vagy csak a jelenlegire&#8230;<\/p>\n","protected":false},"author":1,"featured_media":0,"parent":0,"menu_order":0,"comment_status":"closed","ping_status":"closed","template":"","meta":{"footnotes":""},"_links":{"self":[{"href":"https:\/\/csillagpor.hu\/remek\/programok\/wp-json\/wp\/v2\/pages\/653"}],"collection":[{"href":"https:\/\/csillagpor.hu\/remek\/programok\/wp-json\/wp\/v2\/pages"}],"about":[{"href":"https:\/\/csillagpor.hu\/remek\/programok\/wp-json\/wp\/v2\/types\/page"}],"author":[{"embeddable":true,"href":"https:\/\/csillagpor.hu\/remek\/programok\/wp-json\/wp\/v2\/users\/1"}],"replies":[{"embeddable":true,"href":"https:\/\/csillagpor.hu\/remek\/programok\/wp-json\/wp\/v2\/comments?post=653"}],"version-history":[{"count":0,"href":"https:\/\/csillagpor.hu\/remek\/programok\/wp-json\/wp\/v2\/pages\/653\/revisions"}],"wp:attachment":[{"href":"https:\/\/csillagpor.hu\/remek\/programok\/wp-json\/wp\/v2\/media?parent=653"}],"curies":[{"name":"wp","href":"https:\/\/api.w.org\/{rel}","templated":true}]}}