{"id":661,"date":"2011-09-09T16:23:46","date_gmt":"2011-09-09T14:23:46","guid":{"rendered":"http:\/\/csillagpor.hu\/remek\/programok\/?page_id=661"},"modified":"2022-06-30T18:17:45","modified_gmt":"2022-06-30T16:17:45","slug":"hordozhato-mediamonkey-screenshot","status":"publish","type":"page","link":"https:\/\/csillagpor.hu\/remek\/programok\/hordozhato-mediamonkey-screenshot","title":{"rendered":"Hordozhat\u00f3 MediaMonkey k\u00e9perny\u0151k\u00e9pek"},"content":{"rendered":"<p>A 4.1.12-es <a target=\"_blank\" title=\"mediamonkey\" href=\"\/\/csillagpor.hu\/remek\/programok\/mediamonkey-letoltese\" rel=\"noopener noreferrer\">MediaMonkey<\/a> Windows 10-en. Az internet r\u00e1di\u00f3k k\u00f6z\u00fcl most \u00e9ppen a Vombat r\u00e1di\u00f3 sz\u00f3l.<br \/>\n<img decoding=\"async\" loading=\"lazy\" alt=\"MediaMonkey r\u00e1di\u00f3\" src=\"\/\/cuccokhalomban.csillagpor.hu\/pict\/mediamonkey-kepernyokep-1.jpg\" width=\"1024\" height=\"575\" \/>\n<\/p>\n<p>R\u00e1di\u00f3kn\u00e1l indulhatunk zenei kateg\u00f3ri\u00e1kb\u00f3l &#8230; \u00e9s fent egy darab a men\u00fcb\u0151l, pl. \u00e1thelyezett\/elt\u0171nt f\u00e1jlok keres\u00e9se.<br \/>\n<img decoding=\"async\" loading=\"lazy\" alt=\"MediaMonkey kateg\u00f3ri\u00e1k\" src=\"\/\/cuccokhalomban.csillagpor.hu\/pict\/mediamonkey-kepernyokep-2.jpg\" width=\"1024\" height=\"581\" \/>\n<\/p>\n<p>A N\u00e9zetn\u00e9l be\u00e1ll\u00edthat\u00f3, hogy mit \u00e9s hogyan szeretn\u00e9nk a lej\u00e1tsz\u00f3nkban l\u00e1tni.<br \/>\n<img decoding=\"async\" loading=\"lazy\" alt=\"MediaMonkey n\u00e9zet\" src=\"\/\/cuccokhalomban.csillagpor.hu\/pict\/mediamonkey-kepernyokep-3.jpg\" width=\"1024\" height=\"582\" \/>\n<\/p>\n<p>A hangsz\u00ednszab\u00e1lyz\u00f3 \u00e9s az \u0151 be\u00e1ll\u00edt\u00e1sai.<br \/>\n<img decoding=\"async\" loading=\"lazy\" alt=\"MediaMonkey hangsz\u00ednszab\u00e1lyz\u00f3\" src=\"\/\/cuccokhalomban.csillagpor.hu\/pict\/mediamonkey-kepernyokep-4.jpg\" width=\"1024\" height=\"574\" \/>\n<\/p>\n<p>Be\u00e9p\u00fcl\u00e9s az oper\u00e1ci\u00f3s rendszerbe be\u00e1ll\u00edt\u00e1sok, mit j\u00e1tsszon le a MediaMonkey, melyik f\u00e1jlt\u00edpusokat rendelj\u00fck hozz\u00e1.<br \/>\n<img decoding=\"async\" loading=\"lazy\" alt=\"MediaMonkey be\u00e9p\u00fcl\u00e9s\" src=\"\/\/cuccokhalomban.csillagpor.hu\/pict\/mediamonkey-kepernyokep-5.jpg\" width=\"1024\" height=\"577\" \/>\n<\/p>\n<p>Van benne pl. CD rippel\u00e9s is, CD, DVD, BD \u00edr\u00e1s, eszk\u00f6z\u00f6k szinkroniz\u00e1l\u00e1sa&#8230;<br \/>\n<img decoding=\"async\" loading=\"lazy\" alt=\"MediaMonkey ripp\" src=\"\/\/cuccokhalomban.csillagpor.hu\/pict\/mediamonkey-kepernyokep-6.jpg\" width=\"1024\" height=\"576\" \/>\n<\/p>\n<p>Magyar nyelvre \u00e1ll\u00edt\u00e1s, ha valami\u00e9rt nem lenne az mag\u00e1t\u00f3l.<br \/>\n<img decoding=\"async\" loading=\"lazy\" alt=\"MediaMonkey magyar nyelv\" src=\"\/\/cuccokhalomban.csillagpor.hu\/pict\/mediamonkey-kepernyokep-7.jpg\" width=\"1024\" height=\"576\" \/>\n<\/p>\n<p>R\u00e9gebbi verzi\u00f3k &#8230; <\/p>\n<p>A MediaMonkey zene szervez\u0151 nyelvi be\u00e1ll\u00edt\u00e1sai: Options &#8211; Interface language &#8211; Magyar<br \/>\n<img decoding=\"async\" loading=\"lazy\" alt=\"MediaMonkey magyar\" src=\"\/\/cuccokhalomban.csillagpor.hu\/pict\/mediamonkey-screenshot.jpg\" width=\"705\" height=\"500\" \/>\n<\/p>\n<p>Magyar fel\u00fclettel, a MediaMonkey n\u00e9vjegye, Standard kiad\u00e1s.<br \/>\n<img decoding=\"async\" loading=\"lazy\" alt=\"MediaMonkey n\u00e9vjegy\" src=\"\/\/cuccokhalomban.csillagpor.hu\/pict\/mediamonkey-screenshot-1.jpg\" width=\"705\" height=\"500\" \/>\n<\/p>\n<p>Hangsz\u00ednkiegyenl\u00edt\u0151 <span class=\"halov\">(vagyis equalizer)<\/span>, t\u00f6bb s\u00e1vot a jobb eg\u00e9rgombbal \u00e1ll\u00edthatunk.<br \/>\n<img decoding=\"async\" loading=\"lazy\" alt=\"MediaMonkey equalizer\" src=\"\/\/cuccokhalomban.csillagpor.hu\/pict\/mediamonkey-screenshot-2.jpg\" width=\"705\" height=\"500\" \/>\n<\/p>\n<p>Be\u00e1ll\u00edt\u00e1sok &#8211; Automata DJ enged\u00e9lyez\u00e9se, a teljes m\u00e9diat\u00e1rb\u00f3l j\u00e1tsszon le.<br \/>\n<img decoding=\"async\" loading=\"lazy\" alt=\"MediaMonkey DJ\" src=\"\/\/cuccokhalomban.csillagpor.hu\/pict\/mediamonkey-screenshot-3.jpg\" width=\"705\" height=\"500\" \/>\n<\/p>\n<p>Be\u00e1ll\u00edt\u00e1sok &#8211; CD, DVD, BD \u00edr\u00e1s &#8211; adat CD, audio CD \u00e9s lemez t\u00f6rl\u00e9s.<br \/>\n<img decoding=\"async\" loading=\"lazy\" alt=\"MediaMonkey CD \u00edr\u00e1s\" src=\"\/\/cuccokhalomban.csillagpor.hu\/pict\/mediamonkey-screenshot-4.jpg\" width=\"701\" height=\"500\" \/><\/p>\n","protected":false},"excerpt":{"rendered":"<p><a target=\"_blank\" title=\"mediamonkey k\u00e9perny\u0151k\u00e9pek\" href=\"\/\/csillagpor.hu\/remek\/programok\/hordozhato-mediamonkey-screenshot\" rel=\"noopener noreferrer\"><img decoding=\"async\" loading=\"lazy\" alt=\"MediaMonkey\" src=\"\/\/cuccokhalomban.csillagpor.hu\/pict\/mediamonkey.jpg\" width=\"100\" height=\"74\" class=\"flr\" \/><\/a>MediaMonkey Windows 10-en. Az internet r\u00e1di\u00f3k k\u00f6z\u00fcl most \u00e9ppen a Vombat r\u00e1di\u00f3 sz\u00f3l. R\u00e1di\u00f3kn\u00e1l indulhatunk zenei kateg\u00f3ri\u00e1kb\u00f3l, be\u00e9p\u00fcl\u00e9s az oper\u00e1ci\u00f3s rendszerbe, mit j\u00e1tsszon le a MediaMonkey, melyik f\u00e1jlt\u00edpusokat rendelj\u00fck hozz\u00e1. Van benne pl. CD rippel\u00e9s is, CD, DVD, BD \u00edr\u00e1s, eszk\u00f6z\u00f6k szinkroniz\u00e1l\u00e1sa&#8230;<\/p>\n","protected":false},"author":1,"featured_media":0,"parent":0,"menu_order":0,"comment_status":"closed","ping_status":"closed","template":"","meta":{"footnotes":""},"_links":{"self":[{"href":"https:\/\/csillagpor.hu\/remek\/programok\/wp-json\/wp\/v2\/pages\/661"}],"collection":[{"href":"https:\/\/csillagpor.hu\/remek\/programok\/wp-json\/wp\/v2\/pages"}],"about":[{"href":"https:\/\/csillagpor.hu\/remek\/programok\/wp-json\/wp\/v2\/types\/page"}],"author":[{"embeddable":true,"href":"https:\/\/csillagpor.hu\/remek\/programok\/wp-json\/wp\/v2\/users\/1"}],"replies":[{"embeddable":true,"href":"https:\/\/csillagpor.hu\/remek\/programok\/wp-json\/wp\/v2\/comments?post=661"}],"version-history":[{"count":0,"href":"https:\/\/csillagpor.hu\/remek\/programok\/wp-json\/wp\/v2\/pages\/661\/revisions"}],"wp:attachment":[{"href":"https:\/\/csillagpor.hu\/remek\/programok\/wp-json\/wp\/v2\/media?parent=661"}],"curies":[{"name":"wp","href":"https:\/\/api.w.org\/{rel}","templated":true}]}}