{"id":731,"date":"2011-10-13T15:14:47","date_gmt":"2011-10-13T13:14:47","guid":{"rendered":"http:\/\/csillagpor.hu\/remek\/programok\/?page_id=731"},"modified":"2022-06-30T18:00:33","modified_gmt":"2022-06-30T16:00:33","slug":"sculptris-screenshot","status":"publish","type":"page","link":"https:\/\/csillagpor.hu\/remek\/programok\/sculptris-screenshot","title":{"rendered":"Sculptris k\u00e9perny\u0151k\u00e9pek"},"content":{"rendered":"<p>M\u00e1sodpercek alatt csin\u00e1lhatunk egy ilyen 3 dimenzi\u00f3s valamit.<br \/>\n<img decoding=\"async\" loading=\"lazy\" alt=\"Sculptris\" src=\"\/\/cuccokhalomban.csillagpor.hu\/pict\/sculptris-screenshot.jpg\" width=\"688\" height=\"500\" \/>\n<\/p>\n<p><a target=\"_blank\" title=\"sculptris\" href=\"\/\/csillagpor.hu\/remek\/programok\/sculptris-3d-modellezo-szobrasz\" rel=\"noopener noreferrer\">Sculptris 3D modellez\u0151<\/a>, fest\u00e9s el\u0151tti renderel\u00e9s.<br \/>\n<img decoding=\"async\" loading=\"lazy\" alt=\"Sculptris renderel\u00e9s\" src=\"\/\/cuccokhalomban.csillagpor.hu\/pict\/sculptris-screenshot-1.jpg\" width=\"688\" height=\"500\" \/>\n<\/p>\n<p>Sculpt options &#8211; A &#8220;farag\u00e1s&#8221; be\u00e1ll\u00edt\u00e1sai.<br \/>\n<img decoding=\"async\" loading=\"lazy\" alt=\"Sculptris farag\u00e1s\" src=\"\/\/cuccokhalomban.csillagpor.hu\/pict\/sculptris-screenshot-2.jpg\" width=\"688\" height=\"500\" \/><\/p>\n","protected":false},"excerpt":{"rendered":"<p>M\u00e1sodpercek alatt csin\u00e1lhatunk egy ilyen 3 dimenzi\u00f3s valamit. Sculptris 3D modellez\u0151, fest\u00e9s el\u0151tti renderel\u00e9s. Sculpt options &#8211; A &#8220;farag\u00e1s&#8221; be\u00e1ll\u00edt\u00e1sai.<\/p>\n","protected":false},"author":1,"featured_media":0,"parent":0,"menu_order":0,"comment_status":"closed","ping_status":"closed","template":"","meta":{"footnotes":""},"_links":{"self":[{"href":"https:\/\/csillagpor.hu\/remek\/programok\/wp-json\/wp\/v2\/pages\/731"}],"collection":[{"href":"https:\/\/csillagpor.hu\/remek\/programok\/wp-json\/wp\/v2\/pages"}],"about":[{"href":"https:\/\/csillagpor.hu\/remek\/programok\/wp-json\/wp\/v2\/types\/page"}],"author":[{"embeddable":true,"href":"https:\/\/csillagpor.hu\/remek\/programok\/wp-json\/wp\/v2\/users\/1"}],"replies":[{"embeddable":true,"href":"https:\/\/csillagpor.hu\/remek\/programok\/wp-json\/wp\/v2\/comments?post=731"}],"version-history":[{"count":0,"href":"https:\/\/csillagpor.hu\/remek\/programok\/wp-json\/wp\/v2\/pages\/731\/revisions"}],"wp:attachment":[{"href":"https:\/\/csillagpor.hu\/remek\/programok\/wp-json\/wp\/v2\/media?parent=731"}],"curies":[{"name":"wp","href":"https:\/\/api.w.org\/{rel}","templated":true}]}}