{"id":732,"date":"2011-10-14T16:00:31","date_gmt":"2011-10-14T14:00:31","guid":{"rendered":"http:\/\/csillagpor.hu\/remek\/programok\/?page_id=732"},"modified":"2022-06-30T18:09:03","modified_gmt":"2022-06-30T16:09:03","slug":"mpc-homecinema-screenshot","status":"publish","type":"page","link":"https:\/\/csillagpor.hu\/remek\/programok\/mpc-homecinema-screenshot","title":{"rendered":"MPC HomeCinema k\u00e9perny\u0151k\u00e9pek"},"content":{"rendered":"<p>Az <a target=\"_blank\" title=\"mpc homecinema\" href=\"\/\/csillagpor.hu\/remek\/programok\/mpc-homecinema-letoltese\" rel=\"noopener noreferrer\">MPC HomeCinema<\/a> <a target=\"_blank\" title=\"m\u00e9dia lej\u00e1tsz\u00f3\" href=\"\/\/csillagpor.hu\/remek\/programok\/multimedia-lejatszo-programok\" rel=\"noopener noreferrer\">m\u00e9dialej\u00e1tsz\u00f3<\/a> telep\u00edt\u00e9sekor tegy\u00fck fel az ikon gy\u0171jtem\u00e9nyt \u00e9s a ford\u00edt\u00e1sokat is!<br \/>\n<img decoding=\"async\" loading=\"lazy\" alt=\"MPC HomeCinema telep\u00edt\u00e9s\" src=\"\/\/cuccokhalomban.csillagpor.hu\/pict\/mpc-home-cinema-screenshot-1a.jpg\" width=\"503\" height=\"388\" \/>\n<\/p>\n<p>Szeretn\u00e9nk e rendszeresen friss\u00edteni? Ez k\u00e9s\u0151bb m\u00f3dos\u00edthat\u00f3 a be\u00e1ll\u00edt\u00e1sokn\u00e1l.<br \/>\n<img decoding=\"async\" loading=\"lazy\" alt=\"MPC HomeCinema friss\u00edt\u00e9s\" src=\"\/\/cuccokhalomban.csillagpor.hu\/pict\/mpc-home-cinema-screenshot-2a.jpg\" width=\"484\" height=\"330\" \/>\n<\/p>\n<p>F\u00e1jl, mappa, eszk\u00f6z, DVD megnyit\u00e1sa, felirat keres\u00e9se, bet\u00f6lt\u00e9se, ment\u00e9se.<br \/>\n<img decoding=\"async\" loading=\"lazy\" alt=\"MPC HomeCinema f\u00e1jl\" src=\"\/\/cuccokhalomban.csillagpor.hu\/pict\/mpc-home-cinema-screenshot-3a.jpg\" width=\"407\" height=\"453\" \/>\n<\/p>\n<p>Itt kiv\u00e1laszthatjuk a program milyen paneljei jelenjenek meg, pl: elrejthetj\u00fck a men\u00fct, megjelen\u00edthetj\u00fck a keres\u0151s\u00e1vot, vez\u00e9rl\u0151ket, inform\u00e1ci\u00f3t, statisztik\u00e1t, \u00e1llapotsort, felirat id\u0151z\u00edt\u0151t, lej\u00e1tsz\u00e1si list\u00e1t, r\u00f6gz\u00edt\u00e9st, \u00e1rny\u00e9kol\u00f3 szerkeszt\u0151t, navig\u00e1ci\u00f3t, v\u00e1lthatunk nyelvet, stb&#8230;<br \/>\n<img decoding=\"async\" loading=\"lazy\" alt=\"MPC HomeCinema n\u00e9zet\" src=\"\/\/cuccokhalomban.csillagpor.hu\/pict\/mpc-home-cinema-screenshot-4a.jpg\" width=\"409\" height=\"500\" \/>\n<\/p>\n<p>A megjelen\u00edt\u00e9s lehet\u0151s\u00e9gei, D3D teljes k\u00e9perny\u0151s m\u00f3d, 10 bites RGB kimenet, ilyesmik&#8230;<br \/>\n<img decoding=\"async\" loading=\"lazy\" alt=\"MPC HomeCinema megjelen\u00edt\u00e9s\" src=\"\/\/cuccokhalomban.csillagpor.hu\/pict\/mpc-home-cinema-screenshot-5a.jpg\" width=\"469\" height=\"500\" \/>\n<\/p>\n<p>Vide\u00f3 \u00e1talak\u00edt\u00f3 be\u00e1ll\u00edt\u00e1sok<br \/>\n<img decoding=\"async\" loading=\"lazy\" alt=\"MPC HomeCinema vide\u00f3 \u00e1talak\u00edt\u00f3\" src=\"\/\/cuccokhalomban.csillagpor.hu\/pict\/mpc-home-cinema-screenshot-6a.jpg\" width=\"505\" height=\"500\" \/>\n<\/p>\n<p>Lej\u00e1tsz\u00e1s ut\u00e1n bez\u00e1r, k\u00e9szenl\u00e9ti m\u00f3dba \u00e1ll\u00edt\u00e1s, hibern\u00e1l\u00e1s, kil\u00e9p\u00e9s a rendszerb\u0151l, kijelentkez\u00e9s, z\u00e1rol\u00e1s.<br \/>\n<img decoding=\"async\" loading=\"lazy\" alt=\"MPC HomeCinema k\u00e9sz\" src=\"\/\/cuccokhalomban.csillagpor.hu\/pict\/mpc-home-cinema-screenshot-7a.jpg\" width=\"504\" height=\"500\" \/>\n<\/p>\n<p>Itt \u00e1ll\u00edthatjuk be, hogy milyen f\u00e1jl kiterjeszt\u00e9seket j\u00e1tsszon le az MPC HC.<br \/>\n<img decoding=\"async\" loading=\"lazy\" alt=\"MPC HomeCinema f\u00e1jlok\" src=\"\/\/cuccokhalomban.csillagpor.hu\/pict\/mpc-home-cinema-screenshot-8a.jpg\" width=\"650\" height=\"489\" \/>\n<\/p>\n<p>Billenty\u0171parancsok konfigur\u00e1l\u00e1sa.<br \/>\n<img decoding=\"async\" loading=\"lazy\" alt=\"MPC HomeCinema billenty\u0171\" src=\"\/\/cuccokhalomban.csillagpor.hu\/pict\/mpc-home-cinema-screenshot-9a.jpg\" width=\"650\" height=\"489\" \/>\n<\/p>\n<p>DVD\/OGM be\u00e1ll\u00edt\u00e1sok, \u00e1t\u00e1ll\u00edthat\u00f3 a DVD VIDEO_TS mapp\u00e1ja is.<br \/>\n<img decoding=\"async\" loading=\"lazy\" alt=\"MPC HomeCinema DVD\" src=\"\/\/cuccokhalomban.csillagpor.hu\/pict\/mpc-home-cinema-screenshot-10a.jpg\" width=\"650\" height=\"489\" \/>\n<\/p>\n<p>Teljes k\u00e9perny\u0151s lej\u00e1tsz\u00e1s be\u00e1ll\u00edt\u00e1sai.<br \/>\n<img decoding=\"async\" loading=\"lazy\" alt=\"MPC HomeCinema teljes k\u00e9perny\u0151\" src=\"\/\/cuccokhalomban.csillagpor.hu\/pict\/mpc-home-cinema-screenshot-11a.jpg\" width=\"650\" height=\"489\" \/>\n<\/p>\n<p>Bels\u0151 forr\u00e1s \u00e9s dek\u00f3dol\u00f3 sz\u0171r\u0151k.<br \/>\n<img decoding=\"async\" loading=\"lazy\" alt=\"MPC HomeCinema sz\u0171r\u0151\" src=\"\/\/cuccokhalomban.csillagpor.hu\/pict\/mpc-home-cinema-screenshot-12a.jpg\" width=\"732\" height=\"489\" \/>\n<\/p>\n<p>Vil\u00e1goss\u00e1g, \u00e9less\u00e9g \u00e9s sz\u00edn\u00e1rnyalat, tel\u00edtetts\u00e9g be\u00e1ll\u00edt\u00e1sok, friss\u00edt\u00e9s ellen\u0151rz\u00e9s 7 naponta, be\u00e1ll\u00edt\u00e1s export\u00e1l\u00e1s \u00e9s vissza\u00e1ll\u00edt\u00e1s.<br \/>\n<img decoding=\"async\" loading=\"lazy\" alt=\"MPC HomeCinema \" src=\"\/\/cuccokhalomban.csillagpor.hu\/pict\/mpc-home-cinema-screenshot-13a.jpg\" width=\"650\" height=\"489\" \/>\n<\/p>\n<p>R\u00e9gebbi verzi\u00f3 Windows XP-n.<\/p>\n<p>Norm\u00e1l n\u00e9zet<br \/>\n<img decoding=\"async\" loading=\"lazy\" alt=\"MPC HomeCinema norm\u00e1l n\u00e9zet\" src=\"\/\/cuccokhalomban.csillagpor.hu\/pict\/mpc-homecinema-screenshot.jpg\" width=\"318\" height=\"318\" \/>\n<\/p>\n<p>T\u00f6m\u00f6r\u00edtett n\u00e9zet<br \/>\n<img decoding=\"async\" loading=\"lazy\" alt=\"MPC HomeCinema t\u00f6m\u00f6r\u00edtett n\u00e9zet\" src=\"\/\/cuccokhalomban.csillagpor.hu\/pict\/mpc-homecinema-screenshot-1.jpg\" width=\"318\" height=\"236\" \/>\n<\/p>\n<p>Minim\u00e1lis n\u00e9zet<br \/>\n<img decoding=\"async\" loading=\"lazy\" alt=\"MPC HomeCinema minim\u00e1lis n\u00e9zet\" src=\"\/\/cuccokhalomban.csillagpor.hu\/pict\/mpc-homecinema-screenshot-2.jpg\" width=\"318\" height=\"200\" \/>\n<\/p>\n<p>Vide\u00f3 lej\u00e1tsz\u00e1s<br \/>\n<img decoding=\"async\" loading=\"lazy\" alt=\"MPC HomeCinema lej\u00e1tsz\u00e1s\" src=\"\/\/cuccokhalomban.csillagpor.hu\/pict\/mpc-homecinema-screenshot-3.jpg\" width=\"648\" height=\"390\" \/>\n<\/p>\n<p>Be\u00e1ll\u00edt\u00e1sok &#8211; Lej\u00e1tsz\u00e1s &#8211; DVD\/OGM, DVD vagy VIDEO_TS mappa lej\u00e1tsz\u00e1s.<br \/>\n<img decoding=\"async\" loading=\"lazy\" alt=\"MPC HomeCinema DVD lej\u00e1tsz\u00e1s\" src=\"\/\/cuccokhalomban.csillagpor.hu\/pict\/mpc-homecinema-screenshot-4.jpg\" width=\"650\" height=\"486\" \/>\n<\/p>\n<p>Be\u00e1ll\u00edt\u00e1sok &#8211; Kimenet &#8211; DirectShow, RealMedia \u00e9s QuickTime vide\u00f3.<br \/>\n<img decoding=\"async\" loading=\"lazy\" alt=\"MPC HomeCinema vide\u00f3 kimenet\" src=\"\/\/cuccokhalomban.csillagpor.hu\/pict\/mpc-homecinema-screenshot-5.jpg\" width=\"650\" height=\"486\" \/>\n<\/p>\n<p>Be\u00e1ll\u00edt\u00e1sok &#8211; Bels\u0151 sz\u0171r\u0151k &#8211; Forr\u00e1s \u00e1s Dek\u00f3dol\u00f3 sz\u0171r\u0151k.<br \/>\n<img decoding=\"async\" loading=\"lazy\" alt=\"MPC HomeCinema sz\u0171r\u0151k\" src=\"\/\/cuccokhalomban.csillagpor.hu\/pict\/mpc-homecinema-screenshot-6.jpg\" width=\"650\" height=\"486\" \/>\n<\/p>\n<p>Be\u00e1ll\u00edt\u00e1sok &#8211; Lej\u00e1tsz\u00f3 &#8211; Form\u00e1tumok &#8211; F\u00e1jlkiterjeszt\u00e9sek<br \/>\n<img decoding=\"async\" loading=\"lazy\" alt=\"MPC HomeCinema form\u00e1tumok\" src=\"\/\/cuccokhalomban.csillagpor.hu\/pict\/mpc-homecinema-screenshot-7.jpg\" width=\"650\" height=\"486\" \/><\/p>\n","protected":false},"excerpt":{"rendered":"<p>Az MPC HomeCinema m\u00e9dialej\u00e1tsz\u00f3 telep\u00edt\u00e9sekor tegy\u00fck fel az ikon gy\u0171jtem\u00e9nyt \u00e9s a ford\u00edt\u00e1sokat is! Szeretn\u00e9nk e rendszeresen friss\u00edteni? Ez k\u00e9s\u0151bb m\u00f3dos\u00edthat\u00f3 a be\u00e1ll\u00edt\u00e1sokn\u00e1l.&#46;&#46;&#46;<\/p>\n","protected":false},"author":1,"featured_media":0,"parent":0,"menu_order":0,"comment_status":"closed","ping_status":"closed","template":"","meta":{"footnotes":""},"_links":{"self":[{"href":"https:\/\/csillagpor.hu\/remek\/programok\/wp-json\/wp\/v2\/pages\/732"}],"collection":[{"href":"https:\/\/csillagpor.hu\/remek\/programok\/wp-json\/wp\/v2\/pages"}],"about":[{"href":"https:\/\/csillagpor.hu\/remek\/programok\/wp-json\/wp\/v2\/types\/page"}],"author":[{"embeddable":true,"href":"https:\/\/csillagpor.hu\/remek\/programok\/wp-json\/wp\/v2\/users\/1"}],"replies":[{"embeddable":true,"href":"https:\/\/csillagpor.hu\/remek\/programok\/wp-json\/wp\/v2\/comments?post=732"}],"version-history":[{"count":0,"href":"https:\/\/csillagpor.hu\/remek\/programok\/wp-json\/wp\/v2\/pages\/732\/revisions"}],"wp:attachment":[{"href":"https:\/\/csillagpor.hu\/remek\/programok\/wp-json\/wp\/v2\/media?parent=732"}],"curies":[{"name":"wp","href":"https:\/\/api.w.org\/{rel}","templated":true}]}}