{"id":778,"date":"2011-11-07T22:15:25","date_gmt":"2011-11-07T21:15:25","guid":{"rendered":"http:\/\/csillagpor.hu\/remek\/programok\/?page_id=778"},"modified":"2022-06-30T17:42:22","modified_gmt":"2022-06-30T15:42:22","slug":"transmute-screenshot","status":"publish","type":"page","link":"https:\/\/csillagpor.hu\/remek\/programok\/transmute-screenshot","title":{"rendered":"Transmute k\u00e9perny\u0151k\u00e9pek"},"content":{"rendered":"<p><a target=\"_blank\" title=\"transmute\" href=\"\/\/csillagpor.hu\/remek\/programok\/transmute-letoltese\" rel=\"noopener noreferrer\">A Transmute b\u00f6ng\u00e9sz\u0151 k\u00f6nyvjelz\u0151 \u00e1talak\u00edt\u00f3<\/a>, Google Chrome k\u00f6nyvjelz\u0151i Firefoxba \u00e1talak\u00edtva.<br \/>\n<img decoding=\"async\" loading=\"lazy\" alt=\"Transmute k\u00f6nyvjelz\u0151k\" src=\"\/\/cuccokhalomban.csillagpor.hu\/pict\/transmute-screenshot.jpg\" width=\"681\" height=\"397\" \/>\n<\/p>\n<p>Az ismert b\u00f6ng\u00e9sz\u0151k \u00e9s form\u00e1tumok &#8230; Avant, Chrome, Chromium, Firefox, Flock, Internet Explorer, K-Meleon, Konqueror, Opera, Safari, SeaMonkex, XBEL, Json &#8230;<br \/>\n<img decoding=\"async\" loading=\"lazy\" alt=\"Transmute form\u00e1tumok\" src=\"\/\/cuccokhalomban.csillagpor.hu\/pict\/transmute-screenshot-1.jpg\" width=\"680\" height=\"450\" \/><\/p>\n","protected":false},"excerpt":{"rendered":"<p>A Transmute b\u00f6ng\u00e9sz\u0151 k\u00f6nyvjelz\u0151 \u00e1talak\u00edt\u00f3, Google Chrome k\u00f6nyvjelz\u0151i Firefoxba \u00e1talak\u00edtva. Az ismert b\u00f6ng\u00e9sz\u0151k \u00e9s form\u00e1tumok &#8230; Avant, Chrome, Chromium, Firefox, Flock, Internet Explorer,&#46;&#46;&#46;<\/p>\n","protected":false},"author":1,"featured_media":0,"parent":0,"menu_order":0,"comment_status":"closed","ping_status":"closed","template":"","meta":{"footnotes":""},"_links":{"self":[{"href":"https:\/\/csillagpor.hu\/remek\/programok\/wp-json\/wp\/v2\/pages\/778"}],"collection":[{"href":"https:\/\/csillagpor.hu\/remek\/programok\/wp-json\/wp\/v2\/pages"}],"about":[{"href":"https:\/\/csillagpor.hu\/remek\/programok\/wp-json\/wp\/v2\/types\/page"}],"author":[{"embeddable":true,"href":"https:\/\/csillagpor.hu\/remek\/programok\/wp-json\/wp\/v2\/users\/1"}],"replies":[{"embeddable":true,"href":"https:\/\/csillagpor.hu\/remek\/programok\/wp-json\/wp\/v2\/comments?post=778"}],"version-history":[{"count":0,"href":"https:\/\/csillagpor.hu\/remek\/programok\/wp-json\/wp\/v2\/pages\/778\/revisions"}],"wp:attachment":[{"href":"https:\/\/csillagpor.hu\/remek\/programok\/wp-json\/wp\/v2\/media?parent=778"}],"curies":[{"name":"wp","href":"https:\/\/api.w.org\/{rel}","templated":true}]}}