{"id":815,"date":"2011-11-29T17:57:30","date_gmt":"2011-11-29T16:57:30","guid":{"rendered":"http:\/\/csillagpor.hu\/remek\/programok\/?page_id=815"},"modified":"2022-06-30T18:10:56","modified_gmt":"2022-06-30T16:10:56","slug":"maxthon-screenshot","status":"publish","type":"page","link":"https:\/\/csillagpor.hu\/remek\/programok\/maxthon-screenshot","title":{"rendered":"Maxthon k\u00e9perny\u0151k\u00e9pek"},"content":{"rendered":"<p>&rarr; <a target=\"_blank\" title=\"Maxthon 5\" href=\"\/\/csillagpor.hu\/remek\/programok\/maxthon-5-bongeszo-kepernyokepek\" rel=\"noopener noreferrer\">A Maxthon 5-\u00f6s verzi\u00f3 vagy \u00fajabb k\u00e9perny\u0151k\u00e9pei<\/a><\/p>\n<p><a target=\"_blank\" title=\"maxthon b\u00f6ng\u00e9sz\u0151\" href=\"\/\/csillagpor.hu\/remek\/programok\/maxthon-bongeszo\" rel=\"noopener noreferrer\">A Maxthon Cloud Browser 4 b\u00f6ng\u00e9sz\u0151<\/a> letisztultabb fel\u00fclettel jelentkezett. A men\u00fc baloldalon, be\u00e1ll\u00edt\u00e1sok a fogasker\u00e9kre kattintva.<br \/>\n<img decoding=\"async\" loading=\"lazy\" alt=\"Maxthon men\u00fc\" src=\"\/\/cuccokhalomban.csillagpor.hu\/pict\/maxthon-cloudbrowser-3.jpg\" width=\"730\" height=\"431\" \/>\n<\/p>\n<p>Keres\u00e9s, eszk\u00f6z\u00f6k: \u0171rlapkit\u00f6lt\u0151, f\u00e1jlszimatol\u00f3, k\u00e9plop\u00f3, ford\u00edt\u00e1s, k\u00fcls\u0151 eszk\u00f6z\u00f6k, el\u0151zm\u00e9nyek t\u00f6rl\u00e9se, fejleszt\u0151 eszk\u00f6z\u00f6k, \u00e9jszakai m\u00f3d.<br \/>\n<img decoding=\"async\" loading=\"lazy\" alt=\"Maxthon eszk\u00f6z\u00f6k\" src=\"\/\/cuccokhalomban.csillagpor.hu\/pict\/maxthon-cloudbrowser-2.jpg\" width=\"730\" height=\"431\" \/>\n<\/p>\n<p>Maxthon SkyNote, biztosabb, stabilabb.<br \/>\n<img decoding=\"async\" loading=\"lazy\" alt=\"Maxthon notesz\" src=\"\/\/cuccokhalomban.csillagpor.hu\/pict\/maxthon-cloudbrowser-1.jpg\" width=\"730\" height=\"433\" \/>\n<\/p>\n<p>Az ablakgombok csak akkor bukkannak fel, ha f\u00f6l\u00e9j\u00fck vissz\u00fck az egeret. Itt pl. a bez\u00e1r\u00e1s&#8230;<br \/>\n<img decoding=\"async\" loading=\"lazy\" alt=\"Maxthon bez\u00e1r\u00e1s\" src=\"\/\/cuccokhalomban.csillagpor.hu\/pict\/maxthon-cloudbrowser-4.jpg\" width=\"730\" height=\"431\" \/>\n<\/p>\n<p><a target=\"_blank\" title=\"maxthon\" href=\"\/\/csillagpor.hu\/remek\/programok\/maxthon-bongeszo\" rel=\"noopener noreferrer\">Maxthon b\u00f6ng\u00e9sz\u0151<\/a> Men\u00fc &#8211; Bel\u00e9p\u00e9s a Maxthon fi\u00f3kba, \u00e9s minden m\u00e1s el\u00e9rhet\u0151 innen.<br \/>\n<img decoding=\"async\" loading=\"lazy\" alt=\"Maxthon men\u00fc\" src=\"\/\/cuccokhalomban.csillagpor.hu\/pict\/maxthon-screenshot.jpg\" width=\"717\" height=\"500\" \/>\n<\/p>\n<p>Osztott k\u00e9perny\u0151, itt \u00e9ppen a <a target=\"_blank\" title=\"maxthon\" href=\"\/\/csillagpor.hu\/remek\/programok\/maxthon-bongeszo\" rel=\"noopener noreferrer\">Maxthon<\/a> oldala, \u00e9s a Google keres\u0151 a gyorsind\u00edt\u00f3val.<br \/>\n<img decoding=\"async\" loading=\"lazy\" alt=\"Maxthon osztott k\u00e9perny\u0151\" src=\"\/\/cuccokhalomban.csillagpor.hu\/pict\/maxthon-screenshot-1.jpg\" width=\"717\" height=\"500\" \/>\n<\/p>\n<p>A <a target=\"_blank\" title=\"internet b\u00f6ng\u00e9sz\u0151\" href=\"\/\/csillagpor.hu\/remek\/programok\/internet-bongeszo\" rel=\"noopener noreferrer\">b\u00f6ng\u00e9sz\u0151<\/a> RSS olvas\u00f3ja, a feed, a c\u00edmek \u00e9s a tartalom.<br \/>\n<img decoding=\"async\" loading=\"lazy\" alt=\"Maxthon Rss olvas\u00f3\" src=\"\/\/cuccokhalomban.csillagpor.hu\/pict\/maxthon-screenshot-2.jpg\" width=\"667\" height=\"500\" \/>\n<\/p>\n<p>Fejleszt\u0151eszk\u00f6z\u00f6k, elemek, szkriptek, sebess\u00e9g, h\u00e1l\u00f3zat, stb&#8230;<br \/>\n<img decoding=\"async\" loading=\"lazy\" alt=\"Maxthon fejleszt\u0151eszk\u00f6z\u00f6k\" src=\"\/\/cuccokhalomban.csillagpor.hu\/pict\/maxthon-screenshot-3.jpg\" width=\"667\" height=\"482\" \/>\n<\/p>\n<p>Megjelen\u00e9sek, a b\u00f6ng\u00e9sz\u0151 fel\u00fclet\u00e9t teljesen \u00e1tform\u00e1lhatj\u00e1k.<br \/>\n<img decoding=\"async\" loading=\"lazy\" alt=\"Maxthon megjelen\u00e9sek\" src=\"\/\/cuccokhalomban.csillagpor.hu\/pict\/maxthon-screenshot-4.jpg\" width=\"717\" height=\"500\" \/>\n<\/p>\n<p>Online jegyzett\u00f6mb.<br \/>\n<img decoding=\"async\" loading=\"lazy\" alt=\"Maxthon jegyzett\u00f6mb\" src=\"\/\/cuccokhalomban.csillagpor.hu\/pict\/maxthon-screenshot-5.jpg\" width=\"717\" height=\"500\" \/>\n<\/p>\n<p>Fel\u00fclet testreszab\u00e1sa, itt csak a keres\u0151doboz fog megjelenni.<br \/>\n<img decoding=\"async\" loading=\"lazy\" alt=\"Maxthon f\u00fclek\" src=\"\/\/cuccokhalomban.csillagpor.hu\/pict\/maxthon-screenshot-6.jpg\" width=\"717\" height=\"500\" \/>\n<\/p>\n<p>Be\u00e1ll\u00edt\u00e1sok &#8211; URL navig\u00e1ci\u00f3, vagyis pl. be\u00edrjuk, hogy fb \u00e9s megjelenik a Facebook.<br \/>\n<img decoding=\"async\" loading=\"lazy\" alt=\"Maxthon URL navig\u00e1ci\u00f3\" src=\"\/\/cuccokhalomban.csillagpor.hu\/pict\/maxthon-screenshot-7.jpg\" width=\"697\" height=\"500\" \/>\n<\/p>\n<p>Be\u00e1ll\u00edt\u00e1sok &#8211; Testre szabott eg\u00e9rmozdulatok.<br \/>\n<img decoding=\"async\" loading=\"lazy\" alt=\"Maxthon eg\u00e9rmozdulatok\" src=\"\/\/cuccokhalomban.csillagpor.hu\/pict\/maxthon-screenshot-8.jpg\" width=\"697\" height=\"500\" \/><\/p>\n","protected":false},"excerpt":{"rendered":"<p><a target=\"_blank\" title=\"maxthon\" href=\"\/\/csillagpor.hu\/remek\/programok\/maxthon-screenshot\" rel=\"noopener noreferrer\"><img decoding=\"async\" loading=\"lazy\" alt=\"Maxthon\" src=\"\/\/cuccokhalomban.csillagpor.hu\/pict\/maxthon-kicsi.jpg\" width=\"100\" height=\"105\" class=\"flr\" \/><\/a>A Maxthon Cloud Browser 4 b\u00f6ng\u00e9sz\u0151 letisztultabb fel\u00fclettel jelentkezett. Keres\u00e9s, eszk\u00f6z\u00f6k: \u0171rlapkit\u00f6lt\u0151, f\u00e1jlszimatol\u00f3, k\u00e9plop\u00f3, ford\u00edt\u00e1s, k\u00fcls\u0151 eszk\u00f6z\u00f6k, el\u0151zm\u00e9nyek t\u00f6rl\u00e9se, fejleszt\u0151 eszk\u00f6z\u00f6k, \u00e9jszakai m\u00f3d. Maxthon SkyNote, biztosabb, stabilabb. Bel\u00e9p\u00e9s a Maxthon fi\u00f3kba, \u00e9s minden m\u00e1s el\u00e9rhet\u0151 innen&#8230;<\/p>\n","protected":false},"author":1,"featured_media":0,"parent":0,"menu_order":0,"comment_status":"closed","ping_status":"closed","template":"","meta":{"footnotes":""},"_links":{"self":[{"href":"https:\/\/csillagpor.hu\/remek\/programok\/wp-json\/wp\/v2\/pages\/815"}],"collection":[{"href":"https:\/\/csillagpor.hu\/remek\/programok\/wp-json\/wp\/v2\/pages"}],"about":[{"href":"https:\/\/csillagpor.hu\/remek\/programok\/wp-json\/wp\/v2\/types\/page"}],"author":[{"embeddable":true,"href":"https:\/\/csillagpor.hu\/remek\/programok\/wp-json\/wp\/v2\/users\/1"}],"replies":[{"embeddable":true,"href":"https:\/\/csillagpor.hu\/remek\/programok\/wp-json\/wp\/v2\/comments?post=815"}],"version-history":[{"count":0,"href":"https:\/\/csillagpor.hu\/remek\/programok\/wp-json\/wp\/v2\/pages\/815\/revisions"}],"wp:attachment":[{"href":"https:\/\/csillagpor.hu\/remek\/programok\/wp-json\/wp\/v2\/media?parent=815"}],"curies":[{"name":"wp","href":"https:\/\/api.w.org\/{rel}","templated":true}]}}