{"id":876,"date":"2012-01-08T22:25:31","date_gmt":"2012-01-08T21:25:31","guid":{"rendered":"http:\/\/csillagpor.hu\/remek\/programok\/?page_id=876"},"modified":"2022-06-30T18:01:52","modified_gmt":"2022-06-30T16:01:52","slug":"realplayer-screenshot","status":"publish","type":"page","link":"https:\/\/csillagpor.hu\/remek\/programok\/realplayer-screenshot","title":{"rendered":"RealPlayer k\u00e9perny\u0151k\u00e9pek"},"content":{"rendered":"<p>Telep\u00edt\u00e9skor a <a target=\"_blank\" title=\"realplayer\" href=\"\/\/csillagpor.hu\/remek\/programok\/realplayer-sp-letoltese\" rel=\"noopener noreferrer\">Basic RealPlayert<\/a> kell v\u00e1lasztani az ingyeneshez.<br \/>\n<img decoding=\"async\" loading=\"lazy\" alt=\"Basic RealPlayer\" src=\"\/\/cuccokhalomban.csillagpor.hu\/pict\/realplayer-screenshot-1.jpg\" width=\"493\" height=\"479\" \/>\n<\/p>\n<p>Nem sz\u00fcks\u00e9ges regisztr\u00e1lni, a Cancelre kell kattintani.<br \/>\n<img decoding=\"async\" loading=\"lazy\" alt=\"RealPlayer nem kell regisztr\u00e1lni\" src=\"\/\/cuccokhalomban.csillagpor.hu\/pict\/realplayer-screenshot-2.jpg\" width=\"493\" height=\"480\" \/>\n<\/p>\n<p><a target=\"_blank\" title=\"zenelej\u00e1tsz\u00f3\" href=\"\/\/csillagpor.hu\/remek\/programok\/zenelejatszo-katalogizalo-dj-szoftverek\" rel=\"noopener noreferrer\">A zenelej\u00e1tsz\u00f3<\/a>, telep\u00edt\u00e9s ut\u00e1ni k\u00e9p.<br \/>\n<img decoding=\"async\" loading=\"lazy\" alt=\"RealPlayer\" src=\"\/\/cuccokhalomban.csillagpor.hu\/pict\/realplayer-screenshot-3.jpg\" width=\"762\" height=\"500\" \/>\n<\/p>\n<p>Let\u00f6lt\u00e9s \u00e9s felv\u00e9tel, a <a target=\"_blank\" title=\"realplayer video\" href=\"\/\/csillagpor.hu\/remek\/programok\/realplayer-video-letoltes-beallitasa\" rel=\"noopener noreferrer\">vide\u00f3 let\u00f6lt\u0151 gomb be\u00e1ll\u00edt\u00e1sai<\/a>.<br \/>\n<img decoding=\"async\" loading=\"lazy\" alt=\"RealPlayer let\u00f6lt\u00e9s, felv\u00e9tel\" src=\"\/\/cuccokhalomban.csillagpor.hu\/pict\/realplayer-screenshot-4.jpg\" width=\"761\" height=\"500\" \/>\n<\/p>\n<p>M\u00e9dia t\u00edpusok.<br \/>\n<img decoding=\"async\" loading=\"lazy\" alt=\"RealPlayer m\u00e9di\u00e1k\" src=\"\/\/cuccokhalomban.csillagpor.hu\/pict\/realplayer-screenshot-5.jpg\" width=\"762\" height=\"500\" \/>\n<\/p>\n<p>Bejelentkez\u00e9s ut\u00e1n Facebook vide\u00f3kat j\u00e1tszhatunk le.<br \/>\n<img decoding=\"async\" loading=\"lazy\" alt=\"RealPlayer Facebook vide\u00f3k\" src=\"\/\/cuccokhalomban.csillagpor.hu\/pict\/realplayer-screenshot-6.jpg\" width=\"762\" height=\"500\" \/>\n<\/p>\n<p>Lej\u00e1tsz\u00e1s k\u00f6zben le is t\u00f6lthetj\u00fck.<br \/>\n<img decoding=\"async\" loading=\"lazy\" alt=\"RealPlayer let\u00f6lt\u00e9s\" src=\"\/\/cuccokhalomban.csillagpor.hu\/pict\/realplayer-screenshot-7.jpg\" width=\"762\" height=\"500\" \/><\/p>\n","protected":false},"excerpt":{"rendered":"<p>Telep\u00edt\u00e9skor a Basic RealPlayert kell v\u00e1lasztani az ingyeneshez. Nem sz\u00fcks\u00e9ges regisztr\u00e1lni, a Cancelre kell kattintani. A zenelej\u00e1tsz\u00f3, telep\u00edt\u00e9s ut\u00e1ni k\u00e9p. Let\u00f6lt\u00e9s \u00e9s felv\u00e9tel,&#46;&#46;&#46;<\/p>\n","protected":false},"author":1,"featured_media":0,"parent":0,"menu_order":0,"comment_status":"closed","ping_status":"closed","template":"","meta":{"footnotes":""},"_links":{"self":[{"href":"https:\/\/csillagpor.hu\/remek\/programok\/wp-json\/wp\/v2\/pages\/876"}],"collection":[{"href":"https:\/\/csillagpor.hu\/remek\/programok\/wp-json\/wp\/v2\/pages"}],"about":[{"href":"https:\/\/csillagpor.hu\/remek\/programok\/wp-json\/wp\/v2\/types\/page"}],"author":[{"embeddable":true,"href":"https:\/\/csillagpor.hu\/remek\/programok\/wp-json\/wp\/v2\/users\/1"}],"replies":[{"embeddable":true,"href":"https:\/\/csillagpor.hu\/remek\/programok\/wp-json\/wp\/v2\/comments?post=876"}],"version-history":[{"count":0,"href":"https:\/\/csillagpor.hu\/remek\/programok\/wp-json\/wp\/v2\/pages\/876\/revisions"}],"wp:attachment":[{"href":"https:\/\/csillagpor.hu\/remek\/programok\/wp-json\/wp\/v2\/media?parent=876"}],"curies":[{"name":"wp","href":"https:\/\/api.w.org\/{rel}","templated":true}]}}