{"id":879,"date":"2012-01-09T17:52:18","date_gmt":"2012-01-09T16:52:18","guid":{"rendered":"http:\/\/csillagpor.hu\/remek\/programok\/?page_id=879"},"modified":"2022-06-30T18:11:41","modified_gmt":"2022-06-30T16:11:41","slug":"lotus-symphony-screenshot","status":"publish","type":"page","link":"https:\/\/csillagpor.hu\/remek\/programok\/lotus-symphony-screenshot","title":{"rendered":"Lotus Symphony k\u00e9perny\u0151k\u00e9pek"},"content":{"rendered":"<p><a target=\"_blank\" title=\"lotus symphony office\" href=\"\/\/csillagpor.hu\/remek\/programok\/lotus-symphony-office\" rel=\"noopener noreferrer\">IBM Lotus Symphony Office program<\/a>. Telep\u00edt\u00e9skor az alapvet\u0151 f\u00e1jlt\u00edpus hozz\u00e1rendel\u00e9sek be\u00e1ll\u00edt\u00e1sai..<br \/>\n<img decoding=\"async\" loading=\"lazy\" alt=\"Lotus Symphony f\u00e1jlt\u00edpus\" src=\"\/\/cuccokhalomban.csillagpor.hu\/pict\/lotus-symphony-screenshot-1.jpg\" width=\"640\" height=\"477\" \/>\n<\/p>\n<p>K\u00e9rem v\u00e1rjon&#8230; telep\u00fcl\u00f6k.<br \/>\n<img decoding=\"async\" loading=\"lazy\" alt=\"Lotus Symphony telep\u00edt\u00e9s\" src=\"\/\/cuccokhalomban.csillagpor.hu\/pict\/lotus-symphony-screenshot-2.jpg\" width=\"641\" height=\"477\" \/>\n<\/p>\n<p>Kezd\u0151lap, programind\u00edt\u00f3, bedolgoz\u00f3 let\u00f6lt\u0151, f\u00f3rum&#8230;<br \/>\n<img decoding=\"async\" loading=\"lazy\" alt=\"Lotus Symphony programind\u00edt\u00f3\" src=\"\/\/cuccokhalomban.csillagpor.hu\/pict\/lotus-symphony-screenshot-3.jpg\" width=\"800\" height=\"500\" \/>\n<\/p>\n<p>A sz\u00f6vegszerkeszt\u0151.<br \/>\n<img decoding=\"async\" loading=\"lazy\" alt=\"Lotus Symphony sz\u00f6vegszerkeszt\u0151\" src=\"\/\/cuccokhalomban.csillagpor.hu\/pict\/lotus-symphony-screenshot-4.jpg\" width=\"800\" height=\"500\" \/>\n<\/p>\n<p>A PDF-be export\u00e1l\u00e1s be\u00e1ll\u00edt\u00e1sai.<br \/>\n<img decoding=\"async\" loading=\"lazy\" alt=\"Lotus Symphony PDF export\u00e1l\u00e1s\" src=\"\/\/cuccokhalomban.csillagpor.hu\/pict\/lotus-symphony-screenshot-5.jpg\" width=\"802\" height=\"500\" \/>\n<\/p>\n<p>Bemutat\u00f3 k\u00e9sz\u00edt\u0151<br \/>\n<img decoding=\"async\" loading=\"lazy\" alt=\"Lotus Symphony bemutat\u00f3\" src=\"\/\/cuccokhalomban.csillagpor.hu\/pict\/lotus-symphony-screenshot-6.jpg\" width=\"800\" height=\"500\" \/>\n<\/p>\n<p>T\u00e1bl\u00e1zatkezel\u0151<br \/>\n<img decoding=\"async\" loading=\"lazy\" alt=\"Lotus Symphony t\u00e1bl\u00e1zatkezel\u0151\" src=\"\/\/cuccokhalomban.csillagpor.hu\/pict\/lotus-symphony-screenshot-7.jpg\" width=\"802\" height=\"500\" \/>\n<\/p>\n<p>T\u00e1bl\u00e1zat \u00e9s f\u00fcggv\u00e9nyek.<br \/>\n<img decoding=\"async\" loading=\"lazy\" alt=\"Lotus Symphony t\u00e1bl\u00e1zat\" src=\"\/\/cuccokhalomban.csillagpor.hu\/pict\/lotus-symphony-screenshot-8.jpg\" width=\"800\" height=\"500\" \/>\n<\/p>\n<p>Az IBM plugin let\u00f6lt\u0151 oldala.<br \/>\n<img decoding=\"async\" loading=\"lazy\" alt=\"Lotus Symphony pluginek\" src=\"\/\/cuccokhalomban.csillagpor.hu\/pict\/lotus-symphony-screenshot-9.jpg\" width=\"803\" height=\"500\" \/><\/p>\n","protected":false},"excerpt":{"rendered":"<p>IBM Lotus Symphony Office program. Telep\u00edt\u00e9skor az alapvet\u0151 f\u00e1jlt\u00edpus hozz\u00e1rendel\u00e9sek be\u00e1ll\u00edt\u00e1sai.. K\u00e9rem v\u00e1rjon&#8230; telep\u00fcl\u00f6k. Kezd\u0151lap, programind\u00edt\u00f3, bedolgoz\u00f3 let\u00f6lt\u0151, f\u00f3rum&#8230; A sz\u00f6vegszerkeszt\u0151. A PDF-be&#46;&#46;&#46;<\/p>\n","protected":false},"author":1,"featured_media":0,"parent":0,"menu_order":0,"comment_status":"closed","ping_status":"closed","template":"","meta":{"footnotes":""},"_links":{"self":[{"href":"https:\/\/csillagpor.hu\/remek\/programok\/wp-json\/wp\/v2\/pages\/879"}],"collection":[{"href":"https:\/\/csillagpor.hu\/remek\/programok\/wp-json\/wp\/v2\/pages"}],"about":[{"href":"https:\/\/csillagpor.hu\/remek\/programok\/wp-json\/wp\/v2\/types\/page"}],"author":[{"embeddable":true,"href":"https:\/\/csillagpor.hu\/remek\/programok\/wp-json\/wp\/v2\/users\/1"}],"replies":[{"embeddable":true,"href":"https:\/\/csillagpor.hu\/remek\/programok\/wp-json\/wp\/v2\/comments?post=879"}],"version-history":[{"count":0,"href":"https:\/\/csillagpor.hu\/remek\/programok\/wp-json\/wp\/v2\/pages\/879\/revisions"}],"wp:attachment":[{"href":"https:\/\/csillagpor.hu\/remek\/programok\/wp-json\/wp\/v2\/media?parent=879"}],"curies":[{"name":"wp","href":"https:\/\/api.w.org\/{rel}","templated":true}]}}