{"id":880,"date":"2012-01-10T12:46:43","date_gmt":"2012-01-10T11:46:43","guid":{"rendered":"http:\/\/csillagpor.hu\/remek\/programok\/?page_id=880"},"modified":"2022-06-30T18:11:28","modified_gmt":"2022-06-30T16:11:28","slug":"magix-xtreme-photo-designer-screenshot","status":"publish","type":"page","link":"https:\/\/csillagpor.hu\/remek\/programok\/magix-xtreme-photo-designer-screenshot","title":{"rendered":"MAGIX Xtreme Photo Designer k\u00e9perny\u0151k\u00e9pek"},"content":{"rendered":"<p><a target=\"_blank\" title=\"magix xtreme photo designer\" href=\"\/\/csillagpor.hu\/remek\/programok\/magix-xtreme-photo-designer-letoltes\" rel=\"noopener noreferrer\">A MAGIX Xtreme Photo Designer<\/a> <a target=\"_blank\" href=\"\/\/csillagpor.hu\/remek\/programok\/kepszerkeszto-programok\" rel=\"noopener noreferrer\">f\u00e9nyk\u00e9p jav\u00edt\u00f3 \u00e9s szerkeszt\u0151 program<\/a> kezd\u0151 oldala. Nyissuk meg egy f\u00e9nyk\u00e9p\u00fcket!<br \/>\n<img decoding=\"async\" loading=\"lazy\" alt=\"MAGIX Xtreme Photo Designer f\u00e9nyk\u00e9p szerkeszt\u0151\" src=\"\/\/cuccokhalomban.csillagpor.hu\/pict\/magix-xtreme-photo-designer-screenshot-1.jpg\" width=\"822\" height=\"500\" \/>\n<\/p>\n<p>Egy kijel\u00f6lt ter\u00fcleten vil\u00e1gos\u00edt\u00e1s \u00e9s annak vil\u00e1gos\u00edt\u00e1s, gamma \u00e9s kontraszt be\u00e1ll\u00edt\u00e1sai.<br \/>\n<img decoding=\"async\" loading=\"lazy\" alt=\"MAGIX Xtreme Photo Designer vil\u00e1gos\u00edt\u00e1s\" src=\"\/\/cuccokhalomban.csillagpor.hu\/pict\/magix-xtreme-photo-designer-screenshot-2.jpg\" width=\"823\" height=\"500\" \/>\n<\/p>\n<p>Sz\u00f6veg hozz\u00e1ad\u00e1sa a f\u00e9nyk\u00e9phez.<br \/>\n<img decoding=\"async\" loading=\"lazy\" alt=\"MAGIX Xtreme Photo Designer sz\u00f6veg\" src=\"\/\/cuccokhalomban.csillagpor.hu\/pict\/magix-xtreme-photo-designer-screenshot-3.jpg\" width=\"822\" height=\"500\" \/>\n<\/p>\n<p>Internetre ment\u00e9s a be\u00e1ll\u00edtott k\u00e9pmin\u0151s\u00e9ggel p\u00e1ros\u00edtott let\u00f6lt\u00e9si sebess\u00e9gekkel.<br \/>\n<img decoding=\"async\" loading=\"lazy\" alt=\"MAGIX Xtreme Photo Designer ment\u00e9s\" src=\"\/\/cuccokhalomban.csillagpor.hu\/pict\/magix-xtreme-photo-designer-screenshot-4.jpg\" width=\"822\" height=\"500\" \/>\n<\/p>\n<p>K\u00e9pf\u00e1jl t\u00edpusok amikbe menthet\u00fcnk: bmp, ico, gif \u00e9s jpg, mxb, pcx \u00e9s png, tov\u00e1bb\u00e1 psd, tif \u00e9s t\u00e1rsai.<br \/>\n<img decoding=\"async\" loading=\"lazy\" alt=\"MAGIX Xtreme Photo Designer k\u00e9p t\u00edpusok\" src=\"\/\/cuccokhalomban.csillagpor.hu\/pict\/magix-xtreme-photo-designer-screenshot-5.jpg\" width=\"822\" height=\"500\" \/><\/p>\n","protected":false},"excerpt":{"rendered":"<p>A MAGIX Xtreme Photo Designer f\u00e9nyk\u00e9p jav\u00edt\u00f3 \u00e9s szerkeszt\u0151 program kezd\u0151 oldala. Nyissuk meg egy f\u00e9nyk\u00e9p\u00fcket! Egy kijel\u00f6lt ter\u00fcleten vil\u00e1gos\u00edt\u00e1s \u00e9s annak vil\u00e1gos\u00edt\u00e1s,&#46;&#46;&#46;<\/p>\n","protected":false},"author":1,"featured_media":0,"parent":0,"menu_order":0,"comment_status":"closed","ping_status":"closed","template":"","meta":{"footnotes":""},"_links":{"self":[{"href":"https:\/\/csillagpor.hu\/remek\/programok\/wp-json\/wp\/v2\/pages\/880"}],"collection":[{"href":"https:\/\/csillagpor.hu\/remek\/programok\/wp-json\/wp\/v2\/pages"}],"about":[{"href":"https:\/\/csillagpor.hu\/remek\/programok\/wp-json\/wp\/v2\/types\/page"}],"author":[{"embeddable":true,"href":"https:\/\/csillagpor.hu\/remek\/programok\/wp-json\/wp\/v2\/users\/1"}],"replies":[{"embeddable":true,"href":"https:\/\/csillagpor.hu\/remek\/programok\/wp-json\/wp\/v2\/comments?post=880"}],"version-history":[{"count":0,"href":"https:\/\/csillagpor.hu\/remek\/programok\/wp-json\/wp\/v2\/pages\/880\/revisions"}],"wp:attachment":[{"href":"https:\/\/csillagpor.hu\/remek\/programok\/wp-json\/wp\/v2\/media?parent=880"}],"curies":[{"name":"wp","href":"https:\/\/api.w.org\/{rel}","templated":true}]}}