{"id":929,"date":"2012-01-28T17:12:09","date_gmt":"2012-01-28T16:12:09","guid":{"rendered":"http:\/\/csillagpor.hu\/remek\/programok\/?page_id=929"},"modified":"2022-06-30T18:02:58","modified_gmt":"2022-06-30T16:02:58","slug":"picasa-screenshot","status":"publish","type":"page","link":"https:\/\/csillagpor.hu\/remek\/programok\/picasa-screenshot","title":{"rendered":"Picasa k\u00e9perny\u0151k\u00e9pek"},"content":{"rendered":"<p><a target=\"_blank\" title=\"picasa\" href=\"\/\/csillagpor.hu\/remek\/programok\/picasa-letoltese\" rel=\"noopener noreferrer\">A Picasa<\/a> <a target=\"_blank\" title=\"k\u00e9pn\u00e9zeget\u0151\" href=\"\/\/csillagpor.hu\/remek\/programok\/kepnezegeto-programok\" rel=\"noopener noreferrer\">k\u00e9pn\u00e9zeget\u0151, k\u00e9p katalogiz\u00e1l\u00f3<\/a> telep\u00edt\u00e9se v\u00e9g\u00e9n megjelen\u0151 opci\u00f3k.<br \/>\n<img decoding=\"async\" loading=\"lazy\" alt=\"Picasa v\u00e9ge a telep\u00edt\u00e9snek\" src=\"\/\/cuccokhalomban.csillagpor.hu\/pict\/picasa-screenshot-1.jpg\" width=\"502\" height=\"389\" \/>\n<\/p>\n<p>Az \u00f6sszes k\u00e9pet megkeresi a sz\u00e1m\u00edt\u00f3g\u00e9pen, ha akarjuk.<br \/>\n<img decoding=\"async\" loading=\"lazy\" alt=\"Picasa keres\u00e9s\" src=\"\/\/cuccokhalomban.csillagpor.hu\/pict\/picasa-screenshot-2.jpg\" width=\"645\" height=\"489\" \/>\n<\/p>\n<p>Fot\u00f3megjelen\u00edt\u0151 hozz\u00e1rendel\u00e9sek, a jpg, bmp, gif, png, tga, tif, webp, raw k\u00e9peket jelen\u00edti meg ha szeretn\u00e9nk.<br \/>\n<img decoding=\"async\" loading=\"lazy\" alt=\"Picasa fot\u00f3megjelen\u00edt\u0151\" src=\"\/\/cuccokhalomban.csillagpor.hu\/pict\/picasa-screenshot-3.jpg\" width=\"803\" height=\"500\" \/>\n<\/p>\n<p>A k\u00e9pb\u00f6ng\u00e9sz\u0151, emberek, mapp\u00e1k, id\u0151pontok alapj\u00e1n rendszerezi a k\u00e9peket, melyeket b\u00e9lyegk\u00e9pekben v\u00e1logathatunk.<br \/>\n<img decoding=\"async\" loading=\"lazy\" alt=\"Picasa k\u00e9pb\u00f6ng\u00e9sz\u0151\" src=\"\/\/cuccokhalomban.csillagpor.hu\/pict\/picasa-screenshot-4.jpg\" width=\"803\" height=\"500\" \/>\n<\/p>\n<p>M\u00e1r k\u00f6zvetlen\u00fcl a programb\u00f3l oszthatjuk meg k\u00e9peinket a Google+-on.<br \/>\n<img decoding=\"async\" loading=\"lazy\" alt=\"Picasa megoszt\u00e1s\" src=\"\/\/cuccokhalomban.csillagpor.hu\/pict\/picasa-screenshot-5.jpg\" width=\"803\" height=\"500\" \/>\n<\/p>\n<p>Effektezz\u00fcnk egy kuty\u00e1t!<br \/>\n<img decoding=\"async\" loading=\"lazy\" alt=\"Picasa effekt\" src=\"\/\/cuccokhalomban.csillagpor.hu\/pict\/picasa-screenshot-6.jpg\" width=\"803\" height=\"500\" \/>\n<\/p>\n<p>Sz\u00edn \u00e1rnyal\u00e1s hat\u00e1s.<br \/>\n<img decoding=\"async\" loading=\"lazy\" alt=\"Picasa \u00e1rnyal\u00e1s\" src=\"\/\/cuccokhalomban.csillagpor.hu\/pict\/picasa-screenshot-7.jpg\" width=\"804\" height=\"500\" \/>\n<\/p>\n<p>Koll\u00e1zst is k\u00e9sz\u00edthet\u00fcnk, ez lehet v\u00e9letlenszer\u0171 vagy mi is szerkeszthetj\u00fck.<br \/>\n<img decoding=\"async\" loading=\"lazy\" alt=\"Picasa koll\u00e1zs\" src=\"\/\/cuccokhalomban.csillagpor.hu\/pict\/picasa-screenshot-8.jpg\" width=\"803\" height=\"500\" \/>\n<\/p>\n<p>Be\u00e1ll\u00edt\u00e1sok &#8211; Arcfelismer\u00e9s bekapcsol\u00e1sa, javaslatok enged\u00e9lyez\u00e9se.<br \/>\n<img decoding=\"async\" loading=\"lazy\" alt=\"Picasa arcfelismer\u00e9s\" src=\"\/\/cuccokhalomban.csillagpor.hu\/pict\/picasa-screenshot-9.jpg\" width=\"803\" height=\"500\" \/>\n<\/p>\n<p>F\u00e9nyk\u00e9p tulajdons\u00e1gok, pl. m\u00e9ret, d\u00e1tum, min\u0151s\u00e9g, szerz\u0151i jog, k\u00e9pfelirat.<br \/>\n<img decoding=\"async\" loading=\"lazy\" alt=\"Picasa tulajdons\u00e1gok\" src=\"\/\/cuccokhalomban.csillagpor.hu\/pict\/picasa-screenshot-10.jpg\" width=\"804\" height=\"500\" \/><\/p>\n","protected":false},"excerpt":{"rendered":"<p>A Picasa k\u00e9pn\u00e9zeget\u0151, k\u00e9p katalogiz\u00e1l\u00f3 telep\u00edt\u00e9se v\u00e9g\u00e9n megjelen\u0151 opci\u00f3k. Az \u00f6sszes k\u00e9pet megkeresi a sz\u00e1m\u00edt\u00f3g\u00e9pen, ha akarjuk. Fot\u00f3megjelen\u00edt\u0151 hozz\u00e1rendel\u00e9sek, a jpg, bmp, gif,&#46;&#46;&#46;<\/p>\n","protected":false},"author":1,"featured_media":0,"parent":0,"menu_order":0,"comment_status":"closed","ping_status":"closed","template":"","meta":{"footnotes":""},"_links":{"self":[{"href":"https:\/\/csillagpor.hu\/remek\/programok\/wp-json\/wp\/v2\/pages\/929"}],"collection":[{"href":"https:\/\/csillagpor.hu\/remek\/programok\/wp-json\/wp\/v2\/pages"}],"about":[{"href":"https:\/\/csillagpor.hu\/remek\/programok\/wp-json\/wp\/v2\/types\/page"}],"author":[{"embeddable":true,"href":"https:\/\/csillagpor.hu\/remek\/programok\/wp-json\/wp\/v2\/users\/1"}],"replies":[{"embeddable":true,"href":"https:\/\/csillagpor.hu\/remek\/programok\/wp-json\/wp\/v2\/comments?post=929"}],"version-history":[{"count":0,"href":"https:\/\/csillagpor.hu\/remek\/programok\/wp-json\/wp\/v2\/pages\/929\/revisions"}],"wp:attachment":[{"href":"https:\/\/csillagpor.hu\/remek\/programok\/wp-json\/wp\/v2\/media?parent=929"}],"curies":[{"name":"wp","href":"https:\/\/api.w.org\/{rel}","templated":true}]}}