{"id":937,"date":"2012-02-01T13:57:47","date_gmt":"2012-02-01T12:57:47","guid":{"rendered":"http:\/\/csillagpor.hu\/remek\/programok\/?page_id=937"},"modified":"2022-06-30T18:02:40","modified_gmt":"2022-06-30T16:02:40","slug":"power-data-recovery-free-edition-screenshot","status":"publish","type":"page","link":"https:\/\/csillagpor.hu\/remek\/programok\/power-data-recovery-free-edition-screenshot","title":{"rendered":"Power Data Recovery Free Edition k\u00e9perny\u0151k\u00e9pek"},"content":{"rendered":"<p>A <a target=\"_blank\" title=\"power data recovery free\" href=\"\/\/csillagpor.hu\/remek\/programok\/power-data-recovery-free\" rel=\"noopener noreferrer\">Power Data Recovery Free Edition f\u00e1jl \u00e9s part\u00edci\u00f3 helyre\u00e1ll\u00edt\u00f3<\/a> 7-es verzi\u00f3ja Windows 10-en.<br \/>\n<img decoding=\"async\" loading=\"lazy\" alt=\"Power Data Recovery Windows 10\" src=\"\/\/cuccokhalomban.csillagpor.hu\/pict\/minitool-power-data-recovery-kepernyokep-1.jpg\" width=\"825\" height=\"637\" \/>\n<\/p>\n<p>V\u00e1lasszunk mit szeretn\u00e9nk: t\u00f6r\u00f6lt f\u00e1jlokat, elveszett vagy s\u00e9r\u00fclt part\u00edci\u00f3t, CD\\DVD vagy digit\u00e1lis m\u00e9dia adatokat vissza\u00e1ll\u00edtani.<br \/>\n<img decoding=\"async\" loading=\"lazy\" alt=\"Power Data Recovery lehet\u0151s\u00e9gek\" src=\"\/\/cuccokhalomban.csillagpor.hu\/pict\/minitool-power-data-recovery-kepernyokep-2.jpg\" width=\"825\" height=\"638\" \/>\n<\/p>\n<p>V\u00e1lasszuk ki a meghajt\u00f3t &#8230;<br \/>\n<img decoding=\"async\" loading=\"lazy\" alt=\"Power Data Recovery lemezek\" src=\"\/\/cuccokhalomban.csillagpor.hu\/pict\/minitool-power-data-recovery-kepernyokep-3.jpg\" width=\"824\" height=\"638\" \/>\n<\/p>\n<p>Keress\u00fcnk, majd \u00e1ll\u00edtsuk vissza amiket szeretn\u00e9nk, k\u00e9s\u0151bb megadhatjuk hov\u00e1 mentse.<br \/>\n<img decoding=\"async\" loading=\"lazy\" alt=\"Power Data Recovery tal\u00e1lt f\u00e1jlok\" src=\"\/\/cuccokhalomban.csillagpor.hu\/pict\/minitool-power-data-recovery-kepernyokep-4.jpg\" width=\"825\" height=\"618\" \/>\n<\/p>\n<p>R\u00e9gebbi verzi\u00f3k:<\/p>\n<p>Power Data Recovery Free Edition f\u00e1jl \u00e9s part\u00edci\u00f3 helyre\u00e1ll\u00edt\u00f3. Figyelmeztet, hogy ne arra a meghajt\u00f3ra telep\u00edts\u00fck, ahonnan adatokat szeretn\u00e9nk visszanyerni.<br \/>\n<img decoding=\"async\" loading=\"lazy\" alt=\"Power Data Recovery figyelmeztet\u00e9s\" src=\"\/\/cuccokhalomban.csillagpor.hu\/pict\/minitool-power-data-recovery-screenshot-1.jpg\" width=\"502\" height=\"388\" \/>\n<\/p>\n<p>V\u00e1lasszunk honnan szeretn\u00e9nk f\u00e1jlokat vissza\u00e1ll\u00edtani! T\u00f6r\u00f6lt f\u00e1jl vissza\u00e1ll\u00edt\u00e1s, s\u00e9r\u00fclt part\u00edci\u00f3, elveszett part\u00edci\u00f3, digit\u00e1lis m\u00e9dia, CD, DVD&#8230;<br \/>\n<img decoding=\"async\" loading=\"lazy\" alt=\"Power Data Recovery f\u00e1jlok\" src=\"\/\/cuccokhalomban.csillagpor.hu\/pict\/minitool-power-data-recovery-screenshot-2.jpg\" width=\"637\" height=\"500\" \/>\n<\/p>\n<p>S\u00e9r\u00fclt meghajt\u00f3r\u00f3l f\u00e1jl visszanyer\u00e9s, f\u00e1jlt\u00edpusok alapj\u00e1n. Feljebb be\u00e1ll\u00edthat\u00f3, hogy milyen f\u00e1jlrendszeren keressen &#8230; vagy szerint\u00fcnk milyen volt.<br \/>\n<img decoding=\"async\" loading=\"lazy\" alt=\"Power Data Recovery f\u00e1jlt\u00edpusok\" src=\"\/\/cuccokhalomban.csillagpor.hu\/pict\/minitool-power-data-recovery-screenshot-3.jpg\" width=\"638\" height=\"500\" \/>\n<\/p>\n<p>T\u00f6r\u00f6lt f\u00e1jlok vissza\u00e1ll\u00edt\u00e1sa&#8230; itt a C:\/ meghajt\u00f3r\u00f3l.<br \/>\n<img decoding=\"async\" loading=\"lazy\" alt=\"Power Data Recovery t\u00f6r\u00f6lt f\u00e1jlok\" src=\"\/\/cuccokhalomban.csillagpor.hu\/pict\/minitool-power-data-recovery-screenshot-4.jpg\" width=\"638\" height=\"500\" \/>\n<\/p>\n<p>V\u00e1lasszuk ki a k\u00f6nyvt\u00e1rakat, \u00e1ll\u00edtsuk be a sz\u0171r\u0151t, n\u00e9zz\u00fck meg a f\u00e1jlokat!<br \/>\n<img decoding=\"async\" loading=\"lazy\" alt=\"Power Data Recovery sz\u0171r\u00e9s\" src=\"\/\/cuccokhalomban.csillagpor.hu\/pict\/minitool-power-data-recovery-screenshot-5.jpg\" width=\"638\" height=\"500\" \/>\n<\/p>\n<p>Elveszett part\u00edci\u00f3 helyre\u00e1ll\u00edt\u00e1s, ki kell v\u00e1lasztani a fizikai lemezt &#8230; itt egy van.<br \/>\n<img decoding=\"async\" loading=\"lazy\" alt=\"Power Data Recovery part\u00edci\u00f3\" src=\"\/\/cuccokhalomban.csillagpor.hu\/pict\/minitool-power-data-recovery-screenshot-6.jpg\" width=\"637\" height=\"500\" \/><\/p>\n","protected":false},"excerpt":{"rendered":"<p><a target=\"_blank\" title=\"Power Data Recovery Free Edition k\u00e9perny\u0151k\u00e9pek\" href=\"\/\/csillagpor.hu\/remek\/programok\/power-data-recovery-free-edition-screenshot\" rel=\"noopener noreferrer\"><img decoding=\"async\" loading=\"lazy\" alt=\"Power Data Recovery Free Edition\" src=\"\/\/cuccokhalomban.csillagpor.hu\/pict\/power-data-recovery-free-kicsi.jpg\" width=\"120\" height=\"93\" class=\"flr\" \/><\/a>A Power Data Recovery Free Edition f\u00e1jl \u00e9s part\u00edci\u00f3 helyre\u00e1ll\u00edt\u00f3 7-es verzi\u00f3ja Windows 10-en. V\u00e1lasszunk mit szeretn\u00e9nk: t\u00f6r\u00f6lt f\u00e1jlokat, elveszett vagy s\u00e9r\u00fclt part\u00edci\u00f3t, CD\\DVD vagy digit\u00e1lis m\u00e9dia adatokat vissza\u00e1ll\u00edtani. V\u00e1lasszuk ki a meghajt\u00f3t &#8230; Keress\u00fcnk, majd \u00e1ll\u00edtsuk vissza amiket szeretn\u00e9nk, k\u00e9s\u0151bb megadhatjuk hov\u00e1 mentse&#8230;<\/p>\n","protected":false},"author":1,"featured_media":0,"parent":0,"menu_order":0,"comment_status":"closed","ping_status":"closed","template":"","meta":{"footnotes":""},"_links":{"self":[{"href":"https:\/\/csillagpor.hu\/remek\/programok\/wp-json\/wp\/v2\/pages\/937"}],"collection":[{"href":"https:\/\/csillagpor.hu\/remek\/programok\/wp-json\/wp\/v2\/pages"}],"about":[{"href":"https:\/\/csillagpor.hu\/remek\/programok\/wp-json\/wp\/v2\/types\/page"}],"author":[{"embeddable":true,"href":"https:\/\/csillagpor.hu\/remek\/programok\/wp-json\/wp\/v2\/users\/1"}],"replies":[{"embeddable":true,"href":"https:\/\/csillagpor.hu\/remek\/programok\/wp-json\/wp\/v2\/comments?post=937"}],"version-history":[{"count":0,"href":"https:\/\/csillagpor.hu\/remek\/programok\/wp-json\/wp\/v2\/pages\/937\/revisions"}],"wp:attachment":[{"href":"https:\/\/csillagpor.hu\/remek\/programok\/wp-json\/wp\/v2\/media?parent=937"}],"curies":[{"name":"wp","href":"https:\/\/api.w.org\/{rel}","templated":true}]}}

Power Data Recovery Free Edition képernyőképek

<p>A <a target="_blank" title="power data recovery free" href="//csillagpor.hu/remek/programok/power-data-recovery-free" rel="noopener noreferrer">Power Data Recovery Free Edition fájl és partíció helyreállító</a> 7-es verziója Windows 10-en.<br />
<img decoding="async" loading="lazy" alt="Power Data Recovery Windows 10" src="//cuccokhalomban.csillagpor.hu/pict/minitool-power-data-recovery-kepernyokep-1.jpg" width="825" height="637" />
</p>
<p>Válasszunk mit szeretnénk: törölt fájlokat, elveszett vagy sérült partíciót, CD\DVD vagy digitális média adatokat visszaállítani.<br />
<img decoding="async" loading="lazy" alt="Power Data Recovery lehetőségek" src="//cuccokhalomban.csillagpor.hu/pict/minitool-power-data-recovery-kepernyokep-2.jpg" width="825" height="638" />
</p>
<p>Válasszuk ki a meghajtót &#8230;<br />
<img decoding="async" loading="lazy" alt="Power Data Recovery lemezek" src="//cuccokhalomban.csillagpor.hu/pict/minitool-power-data-recovery-kepernyokep-3.jpg" width="824" height="638" />
</p>
<p>Keressünk, majd állítsuk vissza amiket szeretnénk, később megadhatjuk hová mentse.<br />
<img decoding="async" loading="lazy" alt="Power Data Recovery talált fájlok" src="//cuccokhalomban.csillagpor.hu/pict/minitool-power-data-recovery-kepernyokep-4.jpg" width="825" height="618" />
</p>
<p>Régebbi verziók:</p>
<p>Power Data Recovery Free Edition fájl és partíció helyreállító. Figyelmeztet, hogy ne arra a meghajtóra telepítsük, ahonnan adatokat szeretnénk visszanyerni.<br />
<img decoding="async" loading="lazy" alt="Power Data Recovery figyelmeztetés" src="//cuccokhalomban.csillagpor.hu/pict/minitool-power-data-recovery-screenshot-1.jpg" width="502" height="388" />
</p>
<p>Válasszunk honnan szeretnénk fájlokat visszaállítani! Törölt fájl visszaállítás, sérült partíció, elveszett partíció, digitális média, CD, DVD&#8230;<br />
<img decoding="async" loading="lazy" alt="Power Data Recovery fájlok" src="//cuccokhalomban.csillagpor.hu/pict/minitool-power-data-recovery-screenshot-2.jpg" width="637" height="500" />
</p>
<p>Sérült meghajtóról fájl visszanyerés, fájltípusok alapján. Feljebb beállítható, hogy milyen fájlrendszeren keressen &#8230; vagy szerintünk milyen volt.<br />
<img decoding="async" loading="lazy" alt="Power Data Recovery fájltípusok" src="//cuccokhalomban.csillagpor.hu/pict/minitool-power-data-recovery-screenshot-3.jpg" width="638" height="500" />
</p>
<p>Törölt fájlok visszaállítása&#8230; itt a C:/ meghajtóról.<br />
<img decoding="async" loading="lazy" alt="Power Data Recovery törölt fájlok" src="//cuccokhalomban.csillagpor.hu/pict/minitool-power-data-recovery-screenshot-4.jpg" width="638" height="500" />
</p>
<p>Válasszuk ki a könyvtárakat, állítsuk be a szűrőt, nézzük meg a fájlokat!<br />
<img decoding="async" loading="lazy" alt="Power Data Recovery szűrés" src="//cuccokhalomban.csillagpor.hu/pict/minitool-power-data-recovery-screenshot-5.jpg" width="638" height="500" />
</p>
<p>Elveszett partíció helyreállítás, ki kell választani a fizikai lemezt &#8230; itt egy van.<br />
<img decoding="async" loading="lazy" alt="Power Data Recovery partíció" src="//cuccokhalomban.csillagpor.hu/pict/minitool-power-data-recovery-screenshot-6.jpg" width="637" height="500" /></p>

<p><a target="_blank" title="Power Data Recovery Free Edition képernyőképek" href="//csillagpor.hu/remek/programok/power-data-recovery-free-edition-screenshot" rel="noopener noreferrer"><img decoding="async" loading="lazy" alt="Power Data Recovery Free Edition" src="//cuccokhalomban.csillagpor.hu/pict/power-data-recovery-free-kicsi.jpg" width="120" height="93" class="flr" /></a>A Power Data Recovery Free Edition fájl és partíció helyreállító 7-es verziója Windows 10-en. Válasszunk mit szeretnénk: törölt fájlokat, elveszett vagy sérült partíciót, CD\DVD vagy digitális média adatokat visszaállítani. Válasszuk ki a meghajtót &#8230; Keressünk, majd állítsuk vissza amiket szeretnénk, később megadhatjuk hová mentse&#8230;</p>
