{"id":966,"date":"2012-02-20T13:44:06","date_gmt":"2012-02-20T12:44:06","guid":{"rendered":"http:\/\/csillagpor.hu\/remek\/programok\/?page_id=966"},"modified":"2022-06-30T18:03:45","modified_gmt":"2022-06-30T16:03:45","slug":"pdfcreator-screenshot","status":"publish","type":"page","link":"https:\/\/csillagpor.hu\/remek\/programok\/pdfcreator-screenshot","title":{"rendered":"PDFCreator k\u00e9perny\u0151k\u00e9pek"},"content":{"rendered":"<p>&rarr; <a target=\"_blank\" title=\"pdfcreator k\u00e9perny\u0151k\u00e9pek\" href=\"\/\/csillagpor.hu\/remek\/programok\/pdfcreator-kepernyokepek\" rel=\"noopener noreferrer\">Az \u00fajabb PDFCreator k\u00e9pei<\/a><\/p>\n<p><a target=\"_blank\" title=\"pdfcreator\" href=\"\/\/csillagpor.hu\/remek\/programok\/pdfcreator-letoltese\" rel=\"noopener noreferrer\">PDFCreator PDF nyomtat\u00f3.<\/a> A telep\u00edt\u00e9s elej\u00e9n v\u00e1laszthatunk norm\u00e1l \u00e9s h\u00e1l\u00f3zati telep\u00edt\u00e9s k\u00f6z\u00fcl.<br \/>\n<img decoding=\"async\" loading=\"lazy\" alt=\"PDFCreator 1\" src=\"\/\/cuccokhalomban.csillagpor.hu\/pict\/pdfcreator-screenshot-1.jpg\" width=\"503\" height=\"388\" \/>\n<\/p>\n<p>Innen vegy\u00fck ki mindk\u00e9t pip\u00e1t, ne telep\u00edts\u00fck a Yahoo eszk\u00f6zt\u00e1rt.<br \/>\n<img decoding=\"async\" loading=\"lazy\" alt=\"PDFCreator 2\" src=\"\/\/cuccokhalomban.csillagpor.hu\/pict\/pdfcreator-screenshot-2.jpg\" width=\"502\" height=\"387\" \/>\n<\/p>\n<p>\u00d6sszetev\u0151k kiv\u00e1laszt\u00e1sa.<br \/>\n<img decoding=\"async\" loading=\"lazy\" alt=\"PDFCreator 3\" src=\"\/\/cuccokhalomban.csillagpor.hu\/pict\/pdfcreator-screenshot-3.jpg\" width=\"502\" height=\"388\" \/>\n<\/p>\n<p>PDF nyomtat\u00f3sor figyel\u0151, ez ind\u00edthat\u00f3 a Start men\u00fcb\u0151l.<br \/>\n<img decoding=\"async\" loading=\"lazy\" alt=\"PDFCreator 4\" src=\"\/\/cuccokhalomban.csillagpor.hu\/pict\/pdfcreator-screenshot-4.jpg\" width=\"650\" height=\"309\" \/>\n<\/p>\n<p>Be\u00e1ll\u00edt\u00e1sok, tesztoldal nyomtat\u00e1sa.<br \/>\n<img decoding=\"async\" loading=\"lazy\" alt=\"PDFCreator 5\" src=\"\/\/cuccokhalomban.csillagpor.hu\/pict\/pdfcreator-screenshot-5.jpg\" width=\"511\" height=\"500\" \/>\n<\/p>\n<p>Ment\u00e9s be\u00e1ll\u00edt\u00e1sai, a PDF-en k\u00edv\u00fcl m\u00e9g sok m\u00e1s f\u00e1jl form\u00e1tumba is nyomtathatunk.<br \/>\n<img decoding=\"async\" loading=\"lazy\" alt=\"PDFCreator 6\" src=\"\/\/cuccokhalomban.csillagpor.hu\/pict\/pdfcreator-screenshot-6.jpg\" width=\"510\" height=\"500\" \/>\n<\/p>\n<p>Form\u00e1tum be\u00e1ll\u00edt\u00e1s, Adobe PDF form\u00e1tum.<br \/>\n<img decoding=\"async\" loading=\"lazy\" alt=\"PDFCreator 7\" src=\"\/\/cuccokhalomban.csillagpor.hu\/pict\/pdfcreator-screenshot-7.jpg\" width=\"510\" height=\"500\" \/>\n<\/p>\n<p>Alap\u00e9rtelmezett nyomtat\u00f3v\u00e1 tehetj\u00fck.<br \/>\n<img decoding=\"async\" loading=\"lazy\" alt=\"PDFCreator 8\" src=\"\/\/cuccokhalomban.csillagpor.hu\/pict\/pdfcreator-screenshot-8.jpg\" width=\"487\" height=\"156\" \/><\/p>\n","protected":false},"excerpt":{"rendered":"<p><a target=\"_blank\" title=\"PDFCreator k\u00e9perny\u0151k\u00e9pek\" href=\"\/\/csillagpor.hu\/remek\/programok\/pdfcreator-screenshot\" rel=\"noopener noreferrer\"><img decoding=\"async\" loading=\"lazy\" alt=\"PDFCreator\" src=\"\/\/cuccokhalomban.csillagpor.hu\/pict\/pdfcreator.jpg\" width=\"100\" height=\"78\" class=\"flr\" \/><\/a>PDFCreator PDF nyomtat\u00f3. A telep\u00edt\u00e9s elej\u00e9n v\u00e1laszthatunk norm\u00e1l \u00e9s h\u00e1l\u00f3zati telep\u00edt\u00e9s k\u00f6z\u00fcl. Innen vegy\u00fck ki mindk\u00e9t pip\u00e1t, ne telep\u00edts\u00fck a Yahoo eszk\u00f6zt\u00e1rt. \u00d6sszetev\u0151k kiv\u00e1laszt\u00e1sa. PDF nyomtat\u00f3sor figyel\u0151, ez ind\u00edthat\u00f3 a Start men\u00fcb\u0151l. Be\u00e1ll\u00edt\u00e1sok, tesztoldal nyomtat\u00e1sa&#8230;<\/p>\n","protected":false},"author":1,"featured_media":0,"parent":0,"menu_order":0,"comment_status":"closed","ping_status":"closed","template":"","meta":{"footnotes":""},"_links":{"self":[{"href":"https:\/\/csillagpor.hu\/remek\/programok\/wp-json\/wp\/v2\/pages\/966"}],"collection":[{"href":"https:\/\/csillagpor.hu\/remek\/programok\/wp-json\/wp\/v2\/pages"}],"about":[{"href":"https:\/\/csillagpor.hu\/remek\/programok\/wp-json\/wp\/v2\/types\/page"}],"author":[{"embeddable":true,"href":"https:\/\/csillagpor.hu\/remek\/programok\/wp-json\/wp\/v2\/users\/1"}],"replies":[{"embeddable":true,"href":"https:\/\/csillagpor.hu\/remek\/programok\/wp-json\/wp\/v2\/comments?post=966"}],"version-history":[{"count":0,"href":"https:\/\/csillagpor.hu\/remek\/programok\/wp-json\/wp\/v2\/pages\/966\/revisions"}],"wp:attachment":[{"href":"https:\/\/csillagpor.hu\/remek\/programok\/wp-json\/wp\/v2\/media?parent=966"}],"curies":[{"name":"wp","href":"https:\/\/api.w.org\/{rel}","templated":true}]}}