{"id":978,"date":"2012-02-26T21:10:29","date_gmt":"2012-02-26T20:10:29","guid":{"rendered":"http:\/\/csillagpor.hu\/remek\/programok\/?page_id=978"},"modified":"2022-06-30T17:37:25","modified_gmt":"2022-06-30T15:37:25","slug":"wincontig-screenshot","status":"publish","type":"page","link":"https:\/\/csillagpor.hu\/remek\/programok\/wincontig-screenshot","title":{"rendered":"WinContig k\u00e9perny\u0151k\u00e9pek"},"content":{"rendered":"<p><a target=\"_blank\" title=\"wincontig\" href=\"\/\/csillagpor.hu\/remek\/programok\/wincontig\" rel=\"noopener noreferrer\">WinContig t\u00f6redezetts\u00e9gmentes\u00edt\u0151 program<\/a>. F\u00e1jl &#8211; Objektum hozz\u00e1ad\u00e1sa &#8211; Mappa &#8230;<br \/>\n<img decoding=\"async\" loading=\"lazy\" alt=\"WinContig objektum hozz\u00e1ad\u00e1sa\" src=\"\/\/cuccokhalomban.csillagpor.hu\/pict\/wincontig-screenshot-1.jpg\" width=\"584\" height=\"500\" \/>\n<\/p>\n<p>&#8230; \u00e9s \u00edgy kell hozz\u00e1adni pl. a C: meghajt\u00f3t is.<br \/>\n<img decoding=\"async\" loading=\"lazy\" alt=\"WinContig, c: meghajt\u00f3\" src=\"\/\/cuccokhalomban.csillagpor.hu\/pict\/wincontig-screenshot-2.jpg\" width=\"583\" height=\"500\" \/>\n<\/p>\n<p>Elemz\u00e9s, t\u00f6redezett f\u00e1jlok.<br \/>\n<img decoding=\"async\" loading=\"lazy\" alt=\"WinContig t\u00f6redezett f\u00e1jlok\" src=\"\/\/cuccokhalomban.csillagpor.hu\/pict\/wincontig-screenshot-3.jpg\" width=\"583\" height=\"500\" \/>\n<\/p>\n<p>Egy kijel\u00f6lt f\u00e1jl t\u00f6red\u00e9kei a szektorokban.<br \/>\n<img decoding=\"async\" loading=\"lazy\" alt=\"WinContig szektorok\" src=\"\/\/cuccokhalomban.csillagpor.hu\/pict\/wincontig-screenshot-4.jpg\" width=\"583\" height=\"500\" \/>\n<\/p>\n<p>Optimaliz\u00e1l\u00e1si profil ment\u00e9se, bet\u00f6lt\u00e9se.<br \/>\n<img decoding=\"async\" loading=\"lazy\" alt=\"WinContig profil\" src=\"\/\/cuccokhalomban.csillagpor.hu\/pict\/wincontig-screenshot-5.jpg\" width=\"583\" height=\"500\" \/>\n<\/p>\n<p>Opci\u00f3k, pl. t\u00f6redezetts\u00e9gmentes\u00edt\u00e9si strat\u00e9gia.<br \/>\n<img decoding=\"async\" loading=\"lazy\" alt=\"WinContig strat\u00e9gia\" src=\"\/\/cuccokhalomban.csillagpor.hu\/pict\/wincontig-screenshot-6.jpg\" width=\"583\" height=\"500\" \/>\n<\/p>\n<p>Lemez hibaellen\u0151rz\u00e9s folyamatban.<br \/>\n<img decoding=\"async\" loading=\"lazy\" alt=\"WinContig hibaellen\u0151rz\u00e9s\" src=\"\/\/cuccokhalomban.csillagpor.hu\/pict\/wincontig-screenshot-7.jpg\" width=\"675\" height=\"500\" \/>\n<\/p>\n<p>Lemezkarbantart\u00f3 &#8211; Ideiglenes f\u00e1jlok t\u00f6rl\u00e9se a WinContig seg\u00edts\u00e9g\u00e9vel.<br \/>\n<img decoding=\"async\" loading=\"lazy\" alt=\"WinContig lemezkarbantart\u00f3\" src=\"\/\/cuccokhalomban.csillagpor.hu\/pict\/wincontig-screenshot-8.jpg\" width=\"583\" height=\"500\" \/>\n<\/p>\n<p>Optimaliz\u00e1l\u00e1s folyamatban.<br \/>\n<img decoding=\"async\" loading=\"lazy\" alt=\"WinContig optimaliz\u00e1l\u00e1s\" src=\"\/\/cuccokhalomban.csillagpor.hu\/pict\/wincontig-screenshot-9.jpg\" width=\"584\" height=\"500\" \/>\n<\/p>\n<p>T\u00f6redezetts\u00e9gmentes\u00edt\u00e9si jelent\u00e9s.<br \/>\n<img decoding=\"async\" loading=\"lazy\" alt=\"WinContig jelent\u00e9s\" src=\"\/\/cuccokhalomban.csillagpor.hu\/pict\/wincontig-screenshot-10.jpg\" width=\"584\" height=\"500\" \/><\/p>\n","protected":false},"excerpt":{"rendered":"<p>WinContig t\u00f6redezetts\u00e9gmentes\u00edt\u0151 program. F\u00e1jl &#8211; Objektum hozz\u00e1ad\u00e1sa &#8211; Mappa &#8230; &#8230; \u00e9s \u00edgy kell hozz\u00e1adni pl. a C: meghajt\u00f3t is. Elemz\u00e9s, t\u00f6redezett f\u00e1jlok.&#46;&#46;&#46;<\/p>\n","protected":false},"author":1,"featured_media":0,"parent":0,"menu_order":0,"comment_status":"closed","ping_status":"closed","template":"","meta":{"footnotes":""},"_links":{"self":[{"href":"https:\/\/csillagpor.hu\/remek\/programok\/wp-json\/wp\/v2\/pages\/978"}],"collection":[{"href":"https:\/\/csillagpor.hu\/remek\/programok\/wp-json\/wp\/v2\/pages"}],"about":[{"href":"https:\/\/csillagpor.hu\/remek\/programok\/wp-json\/wp\/v2\/types\/page"}],"author":[{"embeddable":true,"href":"https:\/\/csillagpor.hu\/remek\/programok\/wp-json\/wp\/v2\/users\/1"}],"replies":[{"embeddable":true,"href":"https:\/\/csillagpor.hu\/remek\/programok\/wp-json\/wp\/v2\/comments?post=978"}],"version-history":[{"count":0,"href":"https:\/\/csillagpor.hu\/remek\/programok\/wp-json\/wp\/v2\/pages\/978\/revisions"}],"wp:attachment":[{"href":"https:\/\/csillagpor.hu\/remek\/programok\/wp-json\/wp\/v2\/media?parent=978"}],"curies":[{"name":"wp","href":"https:\/\/api.w.org\/{rel}","templated":true}]}}