{"id":987,"date":"2012-02-29T21:55:53","date_gmt":"2012-02-29T20:55:53","guid":{"rendered":"http:\/\/csillagpor.hu\/remek\/programok\/?page_id=987"},"modified":"2022-06-30T18:13:03","modified_gmt":"2022-06-30T16:13:03","slug":"klite-codec-pack-64bit-screenshot","status":"publish","type":"page","link":"https:\/\/csillagpor.hu\/remek\/programok\/klite-codec-pack-64bit-screenshot","title":{"rendered":"K-Lite Codec Pack 64-bit k\u00e9perny\u0151k\u00e9pek"},"content":{"rendered":"<p><a target=\"_blank\" title=\"k-lite mega codec pack k\u00e9perny\u0151k\u00e9pek\" href=\"\/\/csillagpor.hu\/remek\/programok\/k-lite-mega-codec-pack-screenshot\" rel=\"noopener noreferrer\">A 10-es verzi\u00f3t\u00f3l egyben van a 32 \u00e9s 64 bites csomag, ezt nem fejlesztik tov\u00e1bb!<\/a><\/p>\n<p><a target=\"_blank\" title=\"klite codec\" href=\"\/\/csillagpor.hu\/remek\/programok\/klite-codec-pack-64bit\" rel=\"noopener noreferrer\">A K-Lite Codec Pack 64-bit codec csomag<\/a>, 64 bites rendszerekre k\u00e9sz\u00edtett <a target=\"_blank\" title=\"codec\" href=\"\/\/csillagpor.hu\/remek\/programok\/codec-kodek\" rel=\"noopener noreferrer\">fontos kodekek<\/a> telep\u00edt\u00e9se indul, kiv\u00e1laszthatjuk mennyire szeretn\u00e9k konfigur\u00e1lni a csomagok feltelep\u00edt\u00e9s\u00e9t, be\u00e1ll\u00edt\u00e1sait.<br \/>\n<img decoding=\"async\" loading=\"lazy\" alt=\"K-Lite Codec Pack 64-bit\" src=\"\/\/cuccokhalomban.csillagpor.hu\/pict\/klite-codec-pack-64bit-screenshot-1.jpg\" width=\"502\" height=\"425\" \/>\n<\/p>\n<p>Milyen codeceket, sz\u0171r\u0151ket, eszk\u00f6z\u00f6ket szeretn\u00e9nk feltelep\u00edteni.<br \/>\n<img decoding=\"async\" loading=\"lazy\" alt=\"K-Lite Codec Pack 64-bit codecek, sz\u0171r\u0151k\" src=\"\/\/cuccokhalomban.csillagpor.hu\/pict\/klite-codec-pack-64bit-screenshot-2.jpg\" width=\"503\" height=\"425\" \/>\n<\/p>\n<p>K\u00fcl\u00f6nf\u00e9le be\u00e1ll\u00edt\u00e1sok, \u00e9s az alap\u00e9rtelmez\u00e9seket is itt \u00e1ll\u00edthatjuk vissza.<br \/>\n<img decoding=\"async\" loading=\"lazy\" alt=\"K-Lite Codec Pack 64-bit be\u00e1ll\u00edt\u00e1sok\" src=\"\/\/cuccokhalomban.csillagpor.hu\/pict\/klite-codec-pack-64bit-screenshot-3.jpg\" width=\"502\" height=\"425\" \/>\n<\/p>\n<p>V\u00e1lasszuk ki melyik f\u00e1jl kiterjeszt\u00e9shez gener\u00e1ljon a Windows miniat\u0171r el\u0151n\u00e9zeti k\u00e9pet.<br \/>\n<img decoding=\"async\" loading=\"lazy\" alt=\"K-Lite Codec Pack 64-bit el\u0151n\u00e9zet\" src=\"\/\/cuccokhalomban.csillagpor.hu\/pict\/klite-codec-pack-64bit-screenshot-4.jpg\" width=\"502\" height=\"425\" \/>\n<\/p>\n<p>Hangsz\u00f3r\u00f3 be\u00e1ll\u00edt\u00e1sok.<br \/>\n<img decoding=\"async\" loading=\"lazy\" alt=\"K-Lite Codec Pack 64-bit hangsz\u00f3r\u00f3\" src=\"\/\/cuccokhalomban.csillagpor.hu\/pict\/klite-codec-pack-64bit-screenshot-5.jpg\" width=\"502\" height=\"425\" \/>\n<\/p>\n<p>ffdshow audio \u00e9s video decoder be\u00e1ll\u00edt\u00e1sok, ha akarjuk&#8230;<br \/>\n<img decoding=\"async\" loading=\"lazy\" alt=\"K-Lite Codec Pack 64-bit ffdshow\" src=\"\/\/cuccokhalomban.csillagpor.hu\/pict\/klite-codec-pack-64bit-screenshot-6.jpg\" width=\"502\" height=\"424\" \/><\/p>\n","protected":false},"excerpt":{"rendered":"<p><a target=\"_blank\" title=\"screenshot\" href=\"\/\/csillagpor.hu\/remek\/programok\/klite-codec-pack-64bit-screenshot\" rel=\"noopener noreferrer\"><img decoding=\"async\" loading=\"lazy\" alt=\"K-Lite\" src=\"\/\/cuccokhalomban.csillagpor.hu\/pict\/k-lite-mega-codec-pack-kicsi.jpg\" width=\"100\" height=\"85\" class=\"flr\" \/><\/a>A 10-es verzi\u00f3t\u00f3l egyben van a 32 \u00e9s 64 bites csomag, ezt nem fejlesztik tov\u00e1bb!  &#8230;.. A K-Lite Codec Pack 64-bit codec csomag, 64 bites rendszerekre k\u00e9sz\u00edtett fontos kodekek &#8230;<\/p>\n","protected":false},"author":1,"featured_media":0,"parent":0,"menu_order":0,"comment_status":"closed","ping_status":"closed","template":"","meta":{"footnotes":""},"_links":{"self":[{"href":"https:\/\/csillagpor.hu\/remek\/programok\/wp-json\/wp\/v2\/pages\/987"}],"collection":[{"href":"https:\/\/csillagpor.hu\/remek\/programok\/wp-json\/wp\/v2\/pages"}],"about":[{"href":"https:\/\/csillagpor.hu\/remek\/programok\/wp-json\/wp\/v2\/types\/page"}],"author":[{"embeddable":true,"href":"https:\/\/csillagpor.hu\/remek\/programok\/wp-json\/wp\/v2\/users\/1"}],"replies":[{"embeddable":true,"href":"https:\/\/csillagpor.hu\/remek\/programok\/wp-json\/wp\/v2\/comments?post=987"}],"version-history":[{"count":0,"href":"https:\/\/csillagpor.hu\/remek\/programok\/wp-json\/wp\/v2\/pages\/987\/revisions"}],"wp:attachment":[{"href":"https:\/\/csillagpor.hu\/remek\/programok\/wp-json\/wp\/v2\/media?parent=987"}],"curies":[{"name":"wp","href":"https:\/\/api.w.org\/{rel}","templated":true}]}}